[Mon Apr 28 00:06:09.836622 2025] [core:alert] [pid 2788573:tid 2788611] [client 154.81.156.0:58088] /kunden/pages/39/46/d0010572/home/htdocs/gdb-bonn.com/.htaccess: Expected before end of configuration
[Mon Apr 28 00:09:25.909782 2025] [core:alert] [pid 2788573:tid 2788624] [client 45.156.128.0:46879] /kunden/pages/39/46/d0010572/home/htdocs/gdb-bonn.com/.htaccess: Expected before end of configuration
[Mon Apr 28 00:10:08.566454 2025] [core:alert] [pid 2788323:tid 2788485] [client 154.81.156.0:55612] /kunden/pages/39/46/d0010572/home/htdocs/gdb-bonn.com/.htaccess: Expected before end of configuration
[Mon Apr 28 00:24:12.275841 2025] [core:alert] [pid 2788323:tid 2788467] [client 185.218.86.0:48018] /kunden/pages/39/46/d0010572/home/htdocs/gdb-bonn.com/.htaccess: Expected before end of configuration
[Mon Apr 28 00:41:49.439099 2025] [core:alert] [pid 2788573:tid 2788613] [client 154.81.156.0:43570] /kunden/pages/39/46/d0010572/home/htdocs/gdb-bonn.com/.htaccess: Expected before end of configuration
[Mon Apr 28 01:17:45.801104 2025] [core:alert] [pid 2788323:tid 2788490] [client 154.81.156.0:38102] /kunden/pages/39/46/d0010572/home/htdocs/gdb-bonn.com/.htaccess: Expected before end of configuration
[Mon Apr 28 01:18:01.669626 2025] [core:alert] [pid 2788323:tid 2788468] [client 143.110.145.0:43748] /kunden/pages/39/46/d0010572/home/htdocs/gdb-bonn.com/.htaccess: Expected before end of configuration
[Mon Apr 28 01:40:15.580429 2025] [cgid:error] [pid 2788324:tid 2788454] [client 147.185.132.0:49583] AH01215: stderr from /var/www/cgi-bin/error404.cgi: Fehler: Kann ENV HTTP_HOST nicht auslesen
[Mon Apr 28 01:40:15.580446 2025] [cgid:error] [pid 2788324:tid 2788454] [client 147.185.132.0:49583] End of script output before headers: error404.cgi
[Mon Apr 28 01:59:16.695580 2025] [core:alert] [pid 2788573:tid 2788614] [client 154.81.156.0:41434] /kunden/pages/39/46/d0010572/home/htdocs/gdb-bonn.com/.htaccess: Expected before end of configuration
[Mon Apr 28 02:00:41.790310 2025] [core:alert] [pid 2788573:tid 2788601] [client 154.81.156.0:44094] /kunden/pages/39/46/d0010572/home/htdocs/gdb-bonn.com/.htaccess: Expected before end of configuration
[Mon Apr 28 02:11:00.510193 2025] [core:alert] [pid 2788573:tid 2788604] [client 154.81.156.0:49984] /kunden/pages/39/46/d0010572/home/htdocs/gdb-bonn.com/.htaccess: Expected before end of configuration
[Mon Apr 28 02:19:28.005988 2025] [core:alert] [pid 2788323:tid 2788493] [client 185.218.84.0:35720] /kunden/pages/39/46/d0010572/home/htdocs/gdb-bonn.com/.htaccess: Expected before end of configuration
[Mon Apr 28 02:39:57.116092 2025] [core:alert] [pid 2788322:tid 2788456] [client 154.81.156.0:52634] /kunden/pages/39/46/d0010572/home/htdocs/gdb-bonn.com/.htaccess: Expected before end of configuration
[Mon Apr 28 02:53:09.158761 2025] [cgid:error] [pid 2788573:tid 2788603] [client 93.174.93.0:60000] AH01215: stderr from /var/www/cgi-bin/error404.cgi: Fehler: Kann ENV HTTP_HOST nicht auslesen
[Mon Apr 28 02:53:09.158783 2025] [cgid:error] [pid 2788573:tid 2788603] [client 93.174.93.0:60000] End of script output before headers: error404.cgi
[Mon Apr 28 02:58:16.142054 2025] [core:alert] [pid 2788573:tid 2788608] [client 185.218.86.0:39536] /kunden/pages/39/46/d0010572/home/htdocs/gdb-bonn.com/.htaccess: Expected before end of configuration
[Mon Apr 28 03:18:55.947092 2025] [core:alert] [pid 2788573:tid 2788614] [client 89.248.172.0:40780] /kunden/pages/39/46/d0010572/home/htdocs/gdb-bonn.com/.htaccess: Expected before end of configuration
[Mon Apr 28 03:18:56.608575 2025] [core:alert] [pid 2788324:tid 2788460] [client 89.248.172.0:40828] /kunden/pages/39/46/d0010572/home/htdocs/gdb-bonn.com/.htaccess: Expected before end of configuration
[Mon Apr 28 03:18:56.931830 2025] [autoindex:error] [pid 2788322:tid 2788446] [client 89.248.172.0:40874] AH01276: Cannot serve directory /kunden/pages/39/46/d0010572/home/htdocs/industrie/: No matching DirectoryIndex (index.html,index.cgi,index.php,index.php3,index.php4,index.shtml,index.html,index.htm,index.wml,home.cgi,home.php,home.php3,home.php4,home.shtml,home.html,home.htm,home.wml,Index.htm) found, and server-generated directory index forbidden by Options directive
[Mon Apr 28 03:18:57.041544 2025] [fcgid:warn] [pid 2788573:tid 2788609] [client 89.248.172.0:40884] mod_fcgid: stderr: PHP Fatal error: Array and string offset access syntax with curly braces is no longer supported in /pages/39/46/d0010572/home/htdocs/masom-industriemontage.com/libraries/joomla/database/driver.php on line 1573
[Mon Apr 28 03:18:57.096410 2025] [autoindex:error] [pid 2788322:tid 2788380] [client 89.248.172.0:40886] AH01276: Cannot serve directory /kunden/pages/39/46/d0010572/home/htdocs/masom.de-typo3-11.5.16/: No matching DirectoryIndex (index.html,index.cgi,index.php,index.php3,index.php4,index.shtml,index.html,index.htm,index.wml,home.cgi,home.php,home.php3,home.php4,home.shtml,home.html,home.htm,home.wml,Index.htm) found, and server-generated directory index forbidden by Options directive
[Mon Apr 28 03:18:57.217879 2025] [fcgid:warn] [pid 2788323:tid 2788471] [client 89.248.172.0:40906] mod_fcgid: stderr: PHP Fatal error: Uncaught Error: Call to undefined function get_magic_quotes_gpc() in /pages/39/46/d0010572/home/htdocs/prestsh/config/defines.inc.php:143
[Mon Apr 28 03:18:57.217888 2025] [fcgid:warn] [pid 2788323:tid 2788471] [client 89.248.172.0:40906] mod_fcgid: stderr: Stack trace:
[Mon Apr 28 03:18:57.217890 2025] [fcgid:warn] [pid 2788323:tid 2788471] [client 89.248.172.0:40906] mod_fcgid: stderr: #0 /pages/39/46/d0010572/home/htdocs/prestsh/config/config.inc.php(33): require_once()
[Mon Apr 28 03:18:57.217893 2025] [fcgid:warn] [pid 2788323:tid 2788471] [client 89.248.172.0:40906] mod_fcgid: stderr: #1 /pages/39/46/d0010572/home/htdocs/prestsh/index.php(27): require('/pages/39/46/d0...')
[Mon Apr 28 03:18:57.217898 2025] [fcgid:warn] [pid 2788323:tid 2788471] [client 89.248.172.0:40906] mod_fcgid: stderr: #2 {main}
[Mon Apr 28 03:18:57.217901 2025] [fcgid:warn] [pid 2788323:tid 2788471] [client 89.248.172.0:40906] mod_fcgid: stderr: thrown in /pages/39/46/d0010572/home/htdocs/prestsh/config/defines.inc.php on line 143
[Mon Apr 28 03:18:57.319469 2025] [fcgid:warn] [pid 2788322:tid 2788415] [client 89.248.172.0:40916] mod_fcgid: stderr: PHP Fatal error: Uncaught Error: Call to undefined function get_magic_quotes_gpc() in /pages/39/46/d0010572/home/htdocs/verkauf/includes/functions/compatibility.php:46
[Mon Apr 28 03:18:57.319479 2025] [fcgid:warn] [pid 2788322:tid 2788415] [client 89.248.172.0:40916] mod_fcgid: stderr: Stack trace:
[Mon Apr 28 03:18:57.319481 2025] [fcgid:warn] [pid 2788322:tid 2788415] [client 89.248.172.0:40916] mod_fcgid: stderr: #0 /pages/39/46/d0010572/home/htdocs/verkauf/includes/application_top.php(41): require()
[Mon Apr 28 03:18:57.319483 2025] [fcgid:warn] [pid 2788322:tid 2788415] [client 89.248.172.0:40916] mod_fcgid: stderr: #1 /pages/39/46/d0010572/home/htdocs/verkauf/index.php(13): require('/pages/39/46/d0...')
[Mon Apr 28 03:18:57.319484 2025] [fcgid:warn] [pid 2788322:tid 2788415] [client 89.248.172.0:40916] mod_fcgid: stderr: #2 {main}
[Mon Apr 28 03:18:57.319486 2025] [fcgid:warn] [pid 2788322:tid 2788415] [client 89.248.172.0:40916] mod_fcgid: stderr: thrown in /pages/39/46/d0010572/home/htdocs/verkauf/includes/functions/compatibility.php on line 46
[Mon Apr 28 03:18:57.366497 2025] [autoindex:error] [pid 2788322:tid 2788392] [client 89.248.172.0:40926] AH01276: Cannot serve directory /kunden/pages/39/46/d0010572/home/htdocs/warenhandel.gebaeudetechnik/: No matching DirectoryIndex (index.html,index.cgi,index.php,index.php3,index.php4,index.shtml,index.html,index.htm,index.wml,home.cgi,home.php,home.php3,home.php4,home.shtml,home.html,home.htm,home.wml,Index.htm) found, and server-generated directory index forbidden by Options directive
[Mon Apr 28 03:21:23.982063 2025] [core:alert] [pid 2788573:tid 2788622] [client 154.81.156.0:44058] /kunden/pages/39/46/d0010572/home/htdocs/gdb-bonn.com/.htaccess: Expected before end of configuration
[Mon Apr 28 03:31:56.666387 2025] [core:alert] [pid 2788573:tid 2788608] [client 175.205.169.0:63971] /kunden/pages/39/46/d0010572/home/htdocs/gdb-bonn.com/.htaccess: Expected before end of configuration
[Mon Apr 28 03:41:45.934779 2025] [core:alert] [pid 2788323:tid 2788467] [client 185.242.226.0:49871] /kunden/pages/39/46/d0010572/home/htdocs/gdb-bonn.com/.htaccess: Expected before end of configuration
[Mon Apr 28 03:58:40.641093 2025] [core:alert] [pid 2788322:tid 2788425] [client 154.81.156.0:49428] /kunden/pages/39/46/d0010572/home/htdocs/gdb-bonn.com/.htaccess: Expected before end of configuration
[Mon Apr 28 03:58:59.568112 2025] [cgid:error] [pid 2788322:tid 2788442] [client 141.98.11.0:22427] End of script output before headers: error404.cgi
[Mon Apr 28 04:07:18.006199 2025] [cgid:error] [pid 2788573:tid 2788607] [client ::] End of script output before headers: error404.cgi
[Mon Apr 28 04:16:23.669089 2025] [core:alert] [pid 2788322:tid 2788439] [client 83.219.248.0:49358] /kunden/pages/39/46/d0010572/home/htdocs/gdb-bonn.com/.htaccess: Expected before end of configuration
[Mon Apr 28 04:26:59.482416 2025] [authz_core:error] [pid 2788573:tid 2788624] [client 194.50.16.0:47922] AH01630: client denied by server configuration: /kunden/pages/39/46/d0010572/home/htdocs/masom.de-typo3-11.5.16/typo3_src-11.5.16/README.md
[Mon Apr 28 04:26:59.482811 2025] [authz_core:error] [pid 2788573:tid 2788624] [client 194.50.16.0:47922] AH01630: client denied by server configuration: /kunden/pages/39/46/d0010572/home/htdocs/masom.de-typo3-11.5.16/typo3_src-11.5.16/README.md
[Mon Apr 28 04:27:43.946236 2025] [core:alert] [pid 2788323:tid 2788495] [client ::] /kunden/pages/39/46/d0010572/home/htdocs/gdb-bonn.com/.htaccess: Expected before end of configuration
[Mon Apr 28 04:27:55.584966 2025] [core:alert] [pid 2788323:tid 2788498] [client ::] /kunden/pages/39/46/d0010572/home/htdocs/gdb-bonn.com/.htaccess: Expected before end of configuration
[Mon Apr 28 04:27:57.699092 2025] [autoindex:error] [pid 2788323:tid 2788496] [client ::] AH01276: Cannot serve directory /kunden/pages/39/46/d0010572/home/htdocs/warenhandel.gebaeudetechnik/: No matching DirectoryIndex (index.html,index.cgi,index.php,index.php3,index.php4,index.shtml,index.html,index.htm,index.wml,home.cgi,home.php,home.php3,home.php4,home.shtml,home.html,home.htm,home.wml,Index.htm) found, and server-generated directory index forbidden by Options directive, referer: http://[2a01:238:43f8:5f00:80fc:430b:3654:ac43]:80/warenhandel.gebaeudetechnik
[Mon Apr 28 04:27:59.841151 2025] [fcgid:warn] [pid 2788323:tid 2788475] [client ::] mod_fcgid: stderr: PHP Fatal error: Uncaught Error: Call to undefined function get_magic_quotes_gpc() in /pages/39/46/d0010572/home/htdocs/prestsh/config/defines.inc.php:143, referer: http://[2a01:238:43f8:5f00:80fc:430b:3654:ac43]:80/prestsh
[Mon Apr 28 04:27:59.841163 2025] [fcgid:warn] [pid 2788323:tid 2788475] [client ::] mod_fcgid: stderr: Stack trace:, referer: http://[2a01:238:43f8:5f00:80fc:430b:3654:ac43]:80/prestsh
[Mon Apr 28 04:27:59.841165 2025] [fcgid:warn] [pid 2788323:tid 2788475] [client ::] mod_fcgid: stderr: #0 /pages/39/46/d0010572/home/htdocs/prestsh/config/config.inc.php(33): require_once(), referer: http://[2a01:238:43f8:5f00:80fc:430b:3654:ac43]:80/prestsh
[Mon Apr 28 04:27:59.841168 2025] [fcgid:warn] [pid 2788323:tid 2788475] [client ::] mod_fcgid: stderr: #1 /pages/39/46/d0010572/home/htdocs/prestsh/index.php(27): require('/pages/39/46/d0...'), referer: http://[2a01:238:43f8:5f00:80fc:430b:3654:ac43]:80/prestsh
[Mon Apr 28 04:27:59.841170 2025] [fcgid:warn] [pid 2788323:tid 2788475] [client ::] mod_fcgid: stderr: #2 {main}, referer: http://[2a01:238:43f8:5f00:80fc:430b:3654:ac43]:80/prestsh
[Mon Apr 28 04:27:59.841172 2025] [fcgid:warn] [pid 2788323:tid 2788475] [client ::] mod_fcgid: stderr: thrown in /pages/39/46/d0010572/home/htdocs/prestsh/config/defines.inc.php on line 143, referer: http://[2a01:238:43f8:5f00:80fc:430b:3654:ac43]:80/prestsh
[Mon Apr 28 04:28:05.373013 2025] [fcgid:warn] [pid 2788323:tid 2788478] [client ::] mod_fcgid: stderr: PHP Fatal error: Array and string offset access syntax with curly braces is no longer supported in /pages/39/46/d0010572/home/htdocs/masom-industriemontage.com/libraries/joomla/database/driver.php on line 1573, referer: http://[2a01:238:43f8:5f00:80fc:430b:3654:ac43]:80/masom-industriemontage.com
[Mon Apr 28 04:28:13.199219 2025] [autoindex:error] [pid 2788323:tid 2788477] [client ::] AH01276: Cannot serve directory /kunden/pages/39/46/d0010572/home/htdocs/industrie/: No matching DirectoryIndex (index.html,index.cgi,index.php,index.php3,index.php4,index.shtml,index.html,index.htm,index.wml,home.cgi,home.php,home.php3,home.php4,home.shtml,home.html,home.htm,home.wml,Index.htm) found, and server-generated directory index forbidden by Options directive, referer: http://[2a01:238:43f8:5f00:80fc:430b:3654:ac43]:80/industrie
[Mon Apr 28 04:28:17.241383 2025] [autoindex:error] [pid 2788323:tid 2788489] [client ::] AH01276: Cannot serve directory /kunden/pages/39/46/d0010572/home/htdocs/masom.de-typo3-11.5.16/: No matching DirectoryIndex (index.html,index.cgi,index.php,index.php3,index.php4,index.shtml,index.html,index.htm,index.wml,home.cgi,home.php,home.php3,home.php4,home.shtml,home.html,home.htm,home.wml,Index.htm) found, and server-generated directory index forbidden by Options directive, referer: http://[2a01:238:43f8:5f00:80fc:430b:3654:ac43]:80/masom.de-typo3-11.5.16
[Mon Apr 28 04:32:00.971934 2025] [core:alert] [pid 2788323:tid 2788475] [client 154.81.156.0:41932] /kunden/pages/39/46/d0010572/home/htdocs/gdb-bonn.com/.htaccess: Expected before end of configuration
[Mon Apr 28 04:33:18.772096 2025] [authz_core:error] [pid 2788573:tid 2788620] [client 194.50.16.0:39000] AH01630: client denied by server configuration: /kunden/pages/39/46/d0010572/home/htdocs/masom.de-typo3-11.5.16/typo3_src-11.5.16/README.md
[Mon Apr 28 04:33:18.772507 2025] [authz_core:error] [pid 2788573:tid 2788620] [client 194.50.16.0:39000] AH01630: client denied by server configuration: /kunden/pages/39/46/d0010572/home/htdocs/masom.de-typo3-11.5.16/typo3_src-11.5.16/README.md
[Mon Apr 28 04:42:06.699503 2025] [core:alert] [pid 2788324:tid 2788443] [client 154.81.156.0:40830] /kunden/pages/39/46/d0010572/home/htdocs/gdb-bonn.com/.htaccess: Expected before end of configuration
[Mon Apr 28 04:42:17.851760 2025] [core:alert] [pid 2788573:tid 2788607] [client 216.218.206.0:48674] /kunden/pages/39/46/d0010572/home/htdocs/gdb-bonn.com/.htaccess: Expected before end of configuration
[Mon Apr 28 04:53:20.163922 2025] [fcgid:warn] [pid 2788324:tid 2788447] [client 66.249.74.0:39637] mod_fcgid: stderr: PHP Fatal error: Trait "Symfony\\Component\\DependencyInjection\\ContainerAwareTrait" not found in /pages/39/46/d0010572/home/htdocs/contao/vendor/contao/installation-bundle/src/Controller/InstallationController.php on line 37
[Mon Apr 28 05:04:15.608718 2025] [core:alert] [pid 2788324:tid 2788470] [client 154.81.156.0:53438] /kunden/pages/39/46/d0010572/home/htdocs/gdb-bonn.com/.htaccess: Expected before end of configuration
[Mon Apr 28 05:11:20.048138 2025] [fcgid:warn] [pid 2788573:tid 2788617] [client 66.249.74.0:42605] mod_fcgid: stderr: PHP Fatal error: Uncaught Error: Class "Symfony\\Component\\HttpKernel\\DependencyInjection\\Extension" not found in /pages/39/46/d0010572/home/htdocs/contao/vendor/contao/installation-bundle/src/DependencyInjection/ContaoInstallationExtension.php:20
[Mon Apr 28 05:11:20.048148 2025] [fcgid:warn] [pid 2788573:tid 2788617] [client 66.249.74.0:42605] mod_fcgid: stderr: Stack trace:
[Mon Apr 28 05:11:20.048150 2025] [fcgid:warn] [pid 2788573:tid 2788617] [client 66.249.74.0:42605] mod_fcgid: stderr: #0 {main}
[Mon Apr 28 05:11:20.048153 2025] [fcgid:warn] [pid 2788573:tid 2788617] [client 66.249.74.0:42605] mod_fcgid: stderr: thrown in /pages/39/46/d0010572/home/htdocs/contao/vendor/contao/installation-bundle/src/DependencyInjection/ContaoInstallationExtension.php on line 20
[Mon Apr 28 05:30:42.831372 2025] [core:alert] [pid 2788573:tid 2788606] [client 185.218.84.0:36246] /kunden/pages/39/46/d0010572/home/htdocs/gdb-bonn.com/.htaccess: Expected before end of configuration
[Mon Apr 28 05:40:23.955899 2025] [core:alert] [pid 2788573:tid 2788611] [client 154.81.156.0:60570] /kunden/pages/39/46/d0010572/home/htdocs/gdb-bonn.com/.htaccess: Expected before end of configuration
[Mon Apr 28 05:40:31.338666 2025] [core:alert] [pid 2788573:tid 2788613] [client 57.129.64.0:36354] /kunden/pages/39/46/d0010572/home/htdocs/gdb-bonn.com/.htaccess: Expected before end of configuration
[Mon Apr 28 06:01:57.183876 2025] [core:alert] [pid 2788573:tid 2788604] [client 38.25.241.0:48114] /kunden/pages/39/46/d0010572/home/htdocs/gdb-bonn.com/.htaccess: Expected before end of configuration
[Mon Apr 28 06:04:52.414500 2025] [cgid:error] [pid 2788322:tid 2788412] [client 2600:1900:0:4300::] End of script output before headers: error404.cgi
[Mon Apr 28 06:04:52.460682 2025] [cgid:error] [pid 2788324:tid 2788450] [client ::] End of script output before headers: error404.cgi
[Mon Apr 28 06:08:27.090200 2025] [core:alert] [pid 2788573:tid 2788602] [client 154.81.156.0:38904] /kunden/pages/39/46/d0010572/home/htdocs/gdb-bonn.com/.htaccess: Expected before end of configuration
[Mon Apr 28 06:08:38.695880 2025] [core:alert] [pid 2788573:tid 2788621] [client 103.203.56.0:45694] /kunden/pages/39/46/d0010572/home/htdocs/gdb-bonn.com/.htaccess: Expected before end of configuration
[Mon Apr 28 06:16:40.796652 2025] [core:alert] [pid 2788322:tid 2788418] [client 185.218.86.0:49456] /kunden/pages/39/46/d0010572/home/htdocs/gdb-bonn.com/.htaccess: Expected before end of configuration
[Mon Apr 28 06:22:16.468709 2025] [fcgid:warn] [pid 2788323:tid 2788493] [client 35.174.253.0:46635] mod_fcgid: stderr: PHP Fatal error: Uncaught Error: Class "PHPUnit_Framework_TestCase" not found in /pages/39/46/d0010572/home/htdocs/contao/vendor/codefog/contao-haste/tests/Haste/Test/Form/FormTest.php:16
[Mon Apr 28 06:22:16.468722 2025] [fcgid:warn] [pid 2788323:tid 2788493] [client 35.174.253.0:46635] mod_fcgid: stderr: Stack trace:
[Mon Apr 28 06:22:16.468724 2025] [fcgid:warn] [pid 2788323:tid 2788493] [client 35.174.253.0:46635] mod_fcgid: stderr: #0 {main}
[Mon Apr 28 06:22:16.468726 2025] [fcgid:warn] [pid 2788323:tid 2788493] [client 35.174.253.0:46635] mod_fcgid: stderr: thrown in /pages/39/46/d0010572/home/htdocs/contao/vendor/codefog/contao-haste/tests/Haste/Test/Form/FormTest.php on line 16
[Mon Apr 28 06:23:19.933353 2025] [fcgid:warn] [pid 2788573:tid 2788608] [client 66.249.74.0:48373] mod_fcgid: stderr: PHP Fatal error: Uncaught Error: Interface "Symfony\\Component\\Routing\\RouterInterface" not found in /pages/39/46/d0010572/home/htdocs/contao/vendor/symfony-cmf/routing/src/ChainedRouterInterface.php:19
[Mon Apr 28 06:23:19.933365 2025] [fcgid:warn] [pid 2788573:tid 2788608] [client 66.249.74.0:48373] mod_fcgid: stderr: Stack trace:
[Mon Apr 28 06:23:19.933368 2025] [fcgid:warn] [pid 2788573:tid 2788608] [client 66.249.74.0:48373] mod_fcgid: stderr: #0 {main}
[Mon Apr 28 06:23:19.933373 2025] [fcgid:warn] [pid 2788573:tid 2788608] [client 66.249.74.0:48373] mod_fcgid: stderr: thrown in /pages/39/46/d0010572/home/htdocs/contao/vendor/symfony-cmf/routing/src/ChainedRouterInterface.php on line 19
[Mon Apr 28 06:56:58.144484 2025] [core:alert] [pid 2788323:tid 2788490] [client 154.81.156.0:35728] /kunden/pages/39/46/d0010572/home/htdocs/gdb-bonn.com/.htaccess: Expected before end of configuration
[Mon Apr 28 07:01:55.339532 2025] [core:alert] [pid 2788323:tid 2788496] [client 154.81.156.0:34270] /kunden/pages/39/46/d0010572/home/htdocs/gdb-bonn.com/.htaccess: Expected before end of configuration
[Mon Apr 28 07:08:38.525842 2025] [core:alert] [pid 2788573:tid 2788613] [client 154.81.156.0:51024] /kunden/pages/39/46/d0010572/home/htdocs/gdb-bonn.com/.htaccess: Expected before end of configuration
[Mon Apr 28 07:17:22.616875 2025] [core:alert] [pid 2788573:tid 2788607] [client 154.81.156.0:59498] /kunden/pages/39/46/d0010572/home/htdocs/gdb-bonn.com/.htaccess: Expected before end of configuration
[Mon Apr 28 07:19:46.788843 2025] [core:alert] [pid 2788322:tid 2788380] [client 71.6.232.0:38532] /kunden/pages/39/46/d0010572/home/htdocs/gdb-bonn.com/.htaccess: Expected before end of configuration
[Mon Apr 28 07:20:59.067899 2025] [core:alert] [pid 2788573:tid 2788608] [client 119.148.102.0:52423] /kunden/pages/39/46/d0010572/home/htdocs/gdb-bonn.com/.htaccess: Expected before end of configuration