91.201.113.0 - - [15/Dec/2025:14:39:41 +0100] "GET /reports/usage_202511.html HTTP/1.0" 200 94062 "https://vykup-auto-prm.ru/" "Mozilla/5.0 (Windows NT 10.0; Win64; x64) AppleWebKit/537.36 (KHTML, like Gecko) Chrome/131.0.0.0 Safari/537.36 Avast/131.0.0.0"
2a0f:ca80:: - - [15/Dec/2025:14:39:42 +0100] "GET /wp-admin/index.php HTTP/1.1" 302 - "https://GEBAEUDETECHNIK.NRW/wp-login.php" "Mozilla/5.0 (Windows NT 10.0; Win64; x64; rv:119.0) Gecko/20100101 Firefox/119.0"
91.201.113.0 - - [15/Dec/2025:14:39:44 +0100] "GET /reports/usage_202511.html HTTP/1.0" 200 94062 "https://vykup-auto-prm.ru/" "Mozilla/5.0 (Windows NT 10.0; Win64; x64) AppleWebKit/537.36 (KHTML, like Gecko) Chrome/130.0.0.0 Safari/537.36 CCleaner/130.0.0.0"
2a01:238:43f8:5f00:: - - [15/Dec/2025:14:39:44 +0100] "POST /wp-cron.php?doing_wp_cron=1765805984.1594300270080566406250 HTTP/1.1" 200 - "-" "JQKIzGC6fe3U"
2a0f:ca80:: - - [15/Dec/2025:14:39:44 +0100] "GET /nicht-erlaubt/ HTTP/1.1" 200 - "https://GEBAEUDETECHNIK.NRW/wp-login.php" "Mozilla/5.0 (Windows NT 10.0; Win64; x64; rv:119.0) Gecko/20100101 Firefox/119.0"
2a0f:ca80:: - - [15/Dec/2025:14:39:44 +0100] "GET /kontaktformular/nicht-erlaubt/ HTTP/1.1" 200 44908 "https://GEBAEUDETECHNIK.NRW/wp-login.php" "Mozilla/5.0 (Windows NT 10.0; Win64; x64; rv:119.0) Gecko/20100101 Firefox/119.0"
3.216.13.0 - - [15/Dec/2025:14:39:45 +0100] "GET /contao/vendor/contao/news-bundle/src/Resources/contao/models/NewsModel.php HTTP/1.1" 500 - "-" "Mozilla/5.0 AppleWebKit/537.36 (KHTML, like Gecko; compatible; Amazonbot/0.1; +https://developer.amazon.com/support/amazonbot) Chrome/119.0.6045.214 Safari/537.36"
2a0f:ca80:: - - [15/Dec/2025:14:39:45 +0100] "GET /wp-admin/profile.php HTTP/1.1" 302 - "https://GEBAEUDETECHNIK.NRW/wp-login.php" "Mozilla/5.0 (Windows NT 10.0; Win64; x64; rv:119.0) Gecko/20100101 Firefox/119.0"
2a0f:ca80:: - - [15/Dec/2025:14:39:45 +0100] "GET /nicht-erlaubt/ HTTP/1.1" 200 - "https://GEBAEUDETECHNIK.NRW/wp-login.php" "Mozilla/5.0 (Windows NT 10.0; Win64; x64; rv:119.0) Gecko/20100101 Firefox/119.0"
2a0f:ca80:: - - [15/Dec/2025:14:39:46 +0100] "GET /kontaktformular/nicht-erlaubt/ HTTP/1.1" 200 44908 "https://GEBAEUDETECHNIK.NRW/wp-login.php" "Mozilla/5.0 (Windows NT 10.0; Win64; x64; rv:119.0) Gecko/20100101 Firefox/119.0"
91.201.113.0 - - [15/Dec/2025:14:39:46 +0100] "GET /reports/usage_202511.html HTTP/1.0" 200 94062 "https://vykup-auto-prm.ru/" "Mozilla/5.0 (Windows NT 10.0; Win64; x64) AppleWebKit/537.36 (KHTML, like Gecko) Chrome/130.0.0.0 Safari/537.36"
2a0f:ca80:: - - [15/Dec/2025:14:39:47 +0100] "GET /wp-admin/edit.php HTTP/1.1" 302 - "https://GEBAEUDETECHNIK.NRW/wp-login.php" "Mozilla/5.0 (Windows NT 10.0; Win64; x64; rv:119.0) Gecko/20100101 Firefox/119.0"
2a0f:ca80:: - - [15/Dec/2025:14:39:47 +0100] "GET /nicht-erlaubt/ HTTP/1.1" 200 - "https://GEBAEUDETECHNIK.NRW/wp-login.php" "Mozilla/5.0 (Windows NT 10.0; Win64; x64; rv:119.0) Gecko/20100101 Firefox/119.0"
2a0f:ca80:: - - [15/Dec/2025:14:39:47 +0100] "GET /kontaktformular/nicht-erlaubt/ HTTP/1.1" 200 44908 "https://GEBAEUDETECHNIK.NRW/wp-login.php" "Mozilla/5.0 (Windows NT 10.0; Win64; x64; rv:119.0) Gecko/20100101 Firefox/119.0"
2a0f:ca80:: - - [15/Dec/2025:14:39:48 +0100] "GET /wp-admin/plugins.php HTTP/1.1" 302 - "https://GEBAEUDETECHNIK.NRW/wp-login.php" "Mozilla/5.0 (Windows NT 10.0; Win64; x64; rv:119.0) Gecko/20100101 Firefox/119.0"
2a0f:ca80:: - - [15/Dec/2025:14:39:49 +0100] "GET /nicht-erlaubt/ HTTP/1.1" 200 - "https://GEBAEUDETECHNIK.NRW/wp-login.php" "Mozilla/5.0 (Windows NT 10.0; Win64; x64; rv:119.0) Gecko/20100101 Firefox/119.0"
2a0f:ca80:: - - [15/Dec/2025:14:39:49 +0100] "GET /kontaktformular/nicht-erlaubt/ HTTP/1.1" 200 44908 "https://GEBAEUDETECHNIK.NRW/wp-login.php" "Mozilla/5.0 (Windows NT 10.0; Win64; x64; rv:119.0) Gecko/20100101 Firefox/119.0"
54.157.99.0 - - [15/Dec/2025:14:39:49 +0100] "GET /contao/vendor/contao/core-bundle/src/Resources/contao/forms/FormFieldsetStart.php HTTP/1.1" 500 - "-" "Mozilla/5.0 AppleWebKit/537.36 (KHTML, like Gecko; compatible; Amazonbot/0.1; +https://developer.amazon.com/support/amazonbot) Chrome/119.0.6045.214 Safari/537.36"
2a0f:ca80:: - - [15/Dec/2025:14:39:50 +0100] "POST /wp-login.php HTTP/1.1" 404 43884 "https://GEBAEUDETECHNIK.NRW/wp-login.php" "Mozilla/5.0 (X11; Ubuntu; Linux x86_64) AppleWebKit/537.36 (KHTML, like Gecko) Chrome/119.0.0.0 Safari/537.36"
2a0f:ca80:: - - [15/Dec/2025:14:39:52 +0100] "GET /wp-admin/index.php HTTP/1.1" 302 - "https://GEBAEUDETECHNIK.NRW/wp-login.php" "Mozilla/5.0 (Macintosh; Intel Mac OS X 13_6_1; rv:120.0) Gecko/20100101 Firefox/120.0"
18.215.49.0 - - [15/Dec/2025:14:39:52 +0100] "GET /contao/vendor/contao/news-bundle/src/Resources/contao/models/NewsArchiveModel.php HTTP/1.1" 500 - "-" "Mozilla/5.0 AppleWebKit/537.36 (KHTML, like Gecko; compatible; Amazonbot/0.1; +https://developer.amazon.com/support/amazonbot) Chrome/119.0.6045.214 Safari/537.36"
2a0f:ca80:: - - [15/Dec/2025:14:39:53 +0100] "GET /nicht-erlaubt/ HTTP/1.1" 200 - "https://GEBAEUDETECHNIK.NRW/wp-login.php" "Mozilla/5.0 (Macintosh; Intel Mac OS X 13_6_1; rv:120.0) Gecko/20100101 Firefox/120.0"
2a0f:ca80:: - - [15/Dec/2025:14:39:53 +0100] "GET /kontaktformular/nicht-erlaubt/ HTTP/1.1" 200 44908 "https://GEBAEUDETECHNIK.NRW/wp-login.php" "Mozilla/5.0 (Macintosh; Intel Mac OS X 13_6_1; rv:120.0) Gecko/20100101 Firefox/120.0"
2a0f:ca80:: - - [15/Dec/2025:14:39:56 +0100] "GET /wp-admin/profile.php HTTP/1.1" 302 - "https://GEBAEUDETECHNIK.NRW/wp-login.php" "Mozilla/5.0 (Macintosh; Intel Mac OS X 13_6_1; rv:120.0) Gecko/20100101 Firefox/120.0"
2a0f:ca80:: - - [15/Dec/2025:14:39:57 +0100] "GET /nicht-erlaubt/ HTTP/1.1" 200 - "https://GEBAEUDETECHNIK.NRW/wp-login.php" "Mozilla/5.0 (Macintosh; Intel Mac OS X 13_6_1; rv:120.0) Gecko/20100101 Firefox/120.0"
54.85.109.0 - - [15/Dec/2025:14:39:57 +0100] "GET /contao/vendor/scssphp/scssphp/src/Formatter/?C=D;O%3DD HTTP/1.1" 200 544 "-" "Mozilla/5.0 AppleWebKit/537.36 (KHTML, like Gecko; compatible; Amazonbot/0.1; +https://developer.amazon.com/support/amazonbot) Chrome/119.0.6045.214 Safari/537.36"
2a0f:ca80:: - - [15/Dec/2025:14:39:57 +0100] "GET /kontaktformular/nicht-erlaubt/ HTTP/1.1" 200 44908 "https://GEBAEUDETECHNIK.NRW/wp-login.php" "Mozilla/5.0 (Macintosh; Intel Mac OS X 13_6_1; rv:120.0) Gecko/20100101 Firefox/120.0"
2a0f:ca80:: - - [15/Dec/2025:14:39:59 +0100] "GET /wp-admin/edit.php HTTP/1.1" 302 - "https://GEBAEUDETECHNIK.NRW/wp-login.php" "Mozilla/5.0 (Macintosh; Intel Mac OS X 13_6_1; rv:120.0) Gecko/20100101 Firefox/120.0"
2a0f:ca80:: - - [15/Dec/2025:14:39:59 +0100] "GET /nicht-erlaubt/ HTTP/1.1" 200 - "https://GEBAEUDETECHNIK.NRW/wp-login.php" "Mozilla/5.0 (Macintosh; Intel Mac OS X 13_6_1; rv:120.0) Gecko/20100101 Firefox/120.0"
2a0f:ca80:: - - [15/Dec/2025:14:40:00 +0100] "GET /kontaktformular/nicht-erlaubt/ HTTP/1.1" 200 44908 "https://GEBAEUDETECHNIK.NRW/wp-login.php" "Mozilla/5.0 (Macintosh; Intel Mac OS X 13_6_1; rv:120.0) Gecko/20100101 Firefox/120.0"
3.221.156.0 - - [15/Dec/2025:14:40:00 +0100] "GET /contao/vendor/swiftmailer/swiftmailer/lib/classes/Swift/Mime/ContentEncoder/NativeQpContentEncoder.php HTTP/1.1" 500 - "-" "Mozilla/5.0 AppleWebKit/537.36 (KHTML, like Gecko; compatible; Amazonbot/0.1; +https://developer.amazon.com/support/amazonbot) Chrome/119.0.6045.214 Safari/537.36"
2a0f:ca80:: - - [15/Dec/2025:14:40:01 +0100] "GET /wp-admin/plugins.php HTTP/1.1" 302 - "https://GEBAEUDETECHNIK.NRW/wp-login.php" "Mozilla/5.0 (Macintosh; Intel Mac OS X 13_6_1; rv:120.0) Gecko/20100101 Firefox/120.0"
2a0f:ca80:: - - [15/Dec/2025:14:40:01 +0100] "GET /nicht-erlaubt/ HTTP/1.1" 200 - "https://GEBAEUDETECHNIK.NRW/wp-login.php" "Mozilla/5.0 (Macintosh; Intel Mac OS X 13_6_1; rv:120.0) Gecko/20100101 Firefox/120.0"
2a0f:ca80:: - - [15/Dec/2025:14:40:01 +0100] "GET /kontaktformular/nicht-erlaubt/ HTTP/1.1" 200 44908 "https://GEBAEUDETECHNIK.NRW/wp-login.php" "Mozilla/5.0 (Macintosh; Intel Mac OS X 13_6_1; rv:120.0) Gecko/20100101 Firefox/120.0"
2a0f:ca80:: - - [15/Dec/2025:14:40:01 +0100] "POST /wp-login.php HTTP/1.1" 404 43884 "https://GEBAEUDETECHNIK.NRW/wp-login.php" "Mozilla/5.0 (Windows NT 10.0; Win64; x64; rv:121.0) Gecko/20100101 Firefox/121.0"
2a0f:ca80:: - - [15/Dec/2025:14:40:03 +0100] "GET /wp-admin/index.php HTTP/1.1" 302 - "https://GEBAEUDETECHNIK.NRW/wp-login.php" "Mozilla/5.0 (X11; Ubuntu; Linux x86_64) AppleWebKit/537.36 (KHTML, like Gecko) Chrome/121.0.0.0 Safari/537.36"
2a0f:ca80:: - - [15/Dec/2025:14:40:03 +0100] "GET /nicht-erlaubt/ HTTP/1.1" 200 - "https://GEBAEUDETECHNIK.NRW/wp-login.php" "Mozilla/5.0 (X11; Ubuntu; Linux x86_64) AppleWebKit/537.36 (KHTML, like Gecko) Chrome/121.0.0.0 Safari/537.36"
2a0f:ca80:: - - [15/Dec/2025:14:40:04 +0100] "GET /kontaktformular/nicht-erlaubt/ HTTP/1.1" 200 44908 "https://GEBAEUDETECHNIK.NRW/wp-login.php" "Mozilla/5.0 (X11; Ubuntu; Linux x86_64) AppleWebKit/537.36 (KHTML, like Gecko) Chrome/121.0.0.0 Safari/537.36"
2a0f:ca80:: - - [15/Dec/2025:14:40:04 +0100] "GET /wp-admin/profile.php HTTP/1.1" 302 - "https://GEBAEUDETECHNIK.NRW/wp-login.php" "Mozilla/5.0 (X11; Ubuntu; Linux x86_64) AppleWebKit/537.36 (KHTML, like Gecko) Chrome/121.0.0.0 Safari/537.36"
2a0f:ca80:: - - [15/Dec/2025:14:40:04 +0100] "GET /nicht-erlaubt/ HTTP/1.1" 200 - "https://GEBAEUDETECHNIK.NRW/wp-login.php" "Mozilla/5.0 (X11; Ubuntu; Linux x86_64) AppleWebKit/537.36 (KHTML, like Gecko) Chrome/121.0.0.0 Safari/537.36"
3.215.59.0 - - [15/Dec/2025:14:40:05 +0100] "GET /contao/vendor/scssphp/scssphp/src/Formatter/?C=S;O%3DD HTTP/1.1" 200 545 "-" "Mozilla/5.0 AppleWebKit/537.36 (KHTML, like Gecko; compatible; Amazonbot/0.1; +https://developer.amazon.com/support/amazonbot) Chrome/119.0.6045.214 Safari/537.36"
2a0f:ca80:: - - [15/Dec/2025:14:40:05 +0100] "GET /kontaktformular/nicht-erlaubt/ HTTP/1.1" 200 44908 "https://GEBAEUDETECHNIK.NRW/wp-login.php" "Mozilla/5.0 (X11; Ubuntu; Linux x86_64) AppleWebKit/537.36 (KHTML, like Gecko) Chrome/121.0.0.0 Safari/537.36"
2a0f:ca80:: - - [15/Dec/2025:14:40:06 +0100] "GET /wp-admin/edit.php HTTP/1.1" 302 - "https://GEBAEUDETECHNIK.NRW/wp-login.php" "Mozilla/5.0 (X11; Ubuntu; Linux x86_64) AppleWebKit/537.36 (KHTML, like Gecko) Chrome/121.0.0.0 Safari/537.36"
2a0f:ca80:: - - [15/Dec/2025:14:40:06 +0100] "GET /nicht-erlaubt/ HTTP/1.1" 200 - "https://GEBAEUDETECHNIK.NRW/wp-login.php" "Mozilla/5.0 (X11; Ubuntu; Linux x86_64) AppleWebKit/537.36 (KHTML, like Gecko) Chrome/121.0.0.0 Safari/537.36"
2a0f:ca80:: - - [15/Dec/2025:14:40:07 +0100] "GET /kontaktformular/nicht-erlaubt/ HTTP/1.1" 200 44908 "https://GEBAEUDETECHNIK.NRW/wp-login.php" "Mozilla/5.0 (X11; Ubuntu; Linux x86_64) AppleWebKit/537.36 (KHTML, like Gecko) Chrome/121.0.0.0 Safari/537.36"
2a0f:ca80:: - - [15/Dec/2025:14:40:08 +0100] "GET /wp-admin/plugins.php HTTP/1.1" 302 - "https://GEBAEUDETECHNIK.NRW/wp-login.php" "Mozilla/5.0 (X11; Ubuntu; Linux x86_64) AppleWebKit/537.36 (KHTML, like Gecko) Chrome/121.0.0.0 Safari/537.36"
34.225.24.0 - - [15/Dec/2025:14:40:08 +0100] "GET /contao/vendor/codefog/contao-haste/tests/Haste/Test/Form/FormTest.php HTTP/1.1" 500 - "-" "Mozilla/5.0 AppleWebKit/537.36 (KHTML, like Gecko; compatible; Amazonbot/0.1; +https://developer.amazon.com/support/amazonbot) Chrome/119.0.6045.214 Safari/537.36"
2a0f:ca80:: - - [15/Dec/2025:14:40:09 +0100] "GET /nicht-erlaubt/ HTTP/1.1" 200 - "https://GEBAEUDETECHNIK.NRW/wp-login.php" "Mozilla/5.0 (X11; Ubuntu; Linux x86_64) AppleWebKit/537.36 (KHTML, like Gecko) Chrome/121.0.0.0 Safari/537.36"
2a0f:ca80:: - - [15/Dec/2025:14:40:10 +0100] "GET /kontaktformular/nicht-erlaubt/ HTTP/1.1" 200 44908 "https://GEBAEUDETECHNIK.NRW/wp-login.php" "Mozilla/5.0 (X11; Ubuntu; Linux x86_64) AppleWebKit/537.36 (KHTML, like Gecko) Chrome/121.0.0.0 Safari/537.36"
2a0f:ca80:: - - [15/Dec/2025:14:40:11 +0100] "POST /wp-login.php HTTP/1.1" 404 43884 "https://GEBAEUDETECHNIK.NRW/wp-login.php" "Mozilla/5.0 (Macintosh; Intel Mac OS X 13_6_1) AppleWebKit/537.36 (KHTML, like Gecko) Chrome/121.0.0.0 Safari/537.36"
2a0f:ca80:: - - [15/Dec/2025:14:40:12 +0100] "GET /wp-admin/index.php HTTP/1.1" 302 - "https://GEBAEUDETECHNIK.NRW/wp-login.php" "Mozilla/5.0 (Macintosh; Intel Mac OS X 10_15_7) AppleWebKit/605.1.15 (KHTML, like Gecko) Version/17.0 Safari/605.1.15"
2a0f:ca80:: - - [15/Dec/2025:14:40:12 +0100] "GET /nicht-erlaubt/ HTTP/1.1" 200 - "https://GEBAEUDETECHNIK.NRW/wp-login.php" "Mozilla/5.0 (Macintosh; Intel Mac OS X 10_15_7) AppleWebKit/605.1.15 (KHTML, like Gecko) Version/17.0 Safari/605.1.15"
54.83.56.0 - - [15/Dec/2025:14:40:13 +0100] "GET /contao/system/modules/pct_theme_installer/templates/?C=M;O%3DD HTTP/1.1" 200 499 "-" "Mozilla/5.0 AppleWebKit/537.36 (KHTML, like Gecko; compatible; Amazonbot/0.1; +https://developer.amazon.com/support/amazonbot) Chrome/119.0.6045.214 Safari/537.36"
2a0f:ca80:: - - [15/Dec/2025:14:40:13 +0100] "GET /kontaktformular/nicht-erlaubt/ HTTP/1.1" 200 44908 "https://GEBAEUDETECHNIK.NRW/wp-login.php" "Mozilla/5.0 (Macintosh; Intel Mac OS X 10_15_7) AppleWebKit/605.1.15 (KHTML, like Gecko) Version/17.0 Safari/605.1.15"
2a0f:ca80:: - - [15/Dec/2025:14:40:13 +0100] "GET /wp-admin/profile.php HTTP/1.1" 302 - "https://GEBAEUDETECHNIK.NRW/wp-login.php" "Mozilla/5.0 (Macintosh; Intel Mac OS X 10_15_7) AppleWebKit/605.1.15 (KHTML, like Gecko) Version/17.0 Safari/605.1.15"
2a0f:ca80:: - - [15/Dec/2025:14:40:13 +0100] "GET /nicht-erlaubt/ HTTP/1.1" 200 - "https://GEBAEUDETECHNIK.NRW/wp-login.php" "Mozilla/5.0 (Macintosh; Intel Mac OS X 10_15_7) AppleWebKit/605.1.15 (KHTML, like Gecko) Version/17.0 Safari/605.1.15"
2a0f:ca80:: - - [15/Dec/2025:14:40:14 +0100] "GET /kontaktformular/nicht-erlaubt/ HTTP/1.1" 200 44908 "https://GEBAEUDETECHNIK.NRW/wp-login.php" "Mozilla/5.0 (Macintosh; Intel Mac OS X 10_15_7) AppleWebKit/605.1.15 (KHTML, like Gecko) Version/17.0 Safari/605.1.15"
2a0f:ca80:: - - [15/Dec/2025:14:40:15 +0100] "GET /wp-admin/edit.php HTTP/1.1" 302 - "https://GEBAEUDETECHNIK.NRW/wp-login.php" "Mozilla/5.0 (Macintosh; Intel Mac OS X 10_15_7) AppleWebKit/605.1.15 (KHTML, like Gecko) Version/17.0 Safari/605.1.15"
2a0f:ca80:: - - [15/Dec/2025:14:40:15 +0100] "GET /nicht-erlaubt/ HTTP/1.1" 200 - "https://GEBAEUDETECHNIK.NRW/wp-login.php" "Mozilla/5.0 (Macintosh; Intel Mac OS X 10_15_7) AppleWebKit/605.1.15 (KHTML, like Gecko) Version/17.0 Safari/605.1.15"
2a0f:ca80:: - - [15/Dec/2025:14:40:16 +0100] "GET /kontaktformular/nicht-erlaubt/ HTTP/1.1" 200 44908 "https://GEBAEUDETECHNIK.NRW/wp-login.php" "Mozilla/5.0 (Macintosh; Intel Mac OS X 10_15_7) AppleWebKit/605.1.15 (KHTML, like Gecko) Version/17.0 Safari/605.1.15"
2a0f:ca80:: - - [15/Dec/2025:14:40:16 +0100] "GET /wp-admin/plugins.php HTTP/1.1" 302 - "https://GEBAEUDETECHNIK.NRW/wp-login.php" "Mozilla/5.0 (Macintosh; Intel Mac OS X 10_15_7) AppleWebKit/605.1.15 (KHTML, like Gecko) Version/17.0 Safari/605.1.15"
2a0f:ca80:: - - [15/Dec/2025:14:40:17 +0100] "GET /nicht-erlaubt/ HTTP/1.1" 200 - "https://GEBAEUDETECHNIK.NRW/wp-login.php" "Mozilla/5.0 (Macintosh; Intel Mac OS X 10_15_7) AppleWebKit/605.1.15 (KHTML, like Gecko) Version/17.0 Safari/605.1.15"
2a0f:ca80:: - - [15/Dec/2025:14:40:18 +0100] "GET /kontaktformular/nicht-erlaubt/ HTTP/1.1" 200 44908 "https://GEBAEUDETECHNIK.NRW/wp-login.php" "Mozilla/5.0 (Macintosh; Intel Mac OS X 10_15_7) AppleWebKit/605.1.15 (KHTML, like Gecko) Version/17.0 Safari/605.1.15"
3.94.199.0 - - [15/Dec/2025:14:40:19 +0100] "GET /contao/var/cache/prod/pools/w6EGq+SBrS/I/M/?C=M;O%3DD HTTP/1.1" 200 449 "-" "Mozilla/5.0 AppleWebKit/537.36 (KHTML, like Gecko; compatible; Amazonbot/0.1; +https://developer.amazon.com/support/amazonbot) Chrome/119.0.6045.214 Safari/537.36"
2a0f:ca80:: - - [15/Dec/2025:14:40:20 +0100] "POST /wp-login.php HTTP/1.1" 404 43884 "https://GEBAEUDETECHNIK.NRW/wp-login.php" "Mozilla/5.0 (Macintosh; Intel Mac OS X 13_6_1) AppleWebKit/605.1.15 (KHTML, like Gecko) Version/17.2 Safari/605.1.15"
44.223.116.0 - - [15/Dec/2025:14:40:21 +0100] "GET /contao/vendor/scheb/two-factor-bundle/Security/TwoFactor/Trusted/?C=M;O%3DA HTTP/1.1" 200 597 "-" "Mozilla/5.0 AppleWebKit/537.36 (KHTML, like Gecko; compatible; Amazonbot/0.1; +https://developer.amazon.com/support/amazonbot) Chrome/119.0.6045.214 Safari/537.36"
2a0f:ca80:: - - [15/Dec/2025:14:40:21 +0100] "GET /wp-admin/index.php HTTP/1.1" 302 - "https://GEBAEUDETECHNIK.NRW/wp-login.php" "Mozilla/5.0 (Macintosh; Intel Mac OS X 10_15_7; rv:121.0) Gecko/20100101 Firefox/121.0"
2a01:238:43f8:5f00:: - - [15/Dec/2025:14:40:21 +0100] "POST /wp-cron.php?doing_wp_cron=1765806021.8471488952636718750000 HTTP/1.1" 200 - "-" "wT7KUxOfCDY1"
2a0f:ca80:: - - [15/Dec/2025:14:40:21 +0100] "GET /nicht-erlaubt/ HTTP/1.1" 200 - "https://GEBAEUDETECHNIK.NRW/wp-login.php" "Mozilla/5.0 (Macintosh; Intel Mac OS X 10_15_7; rv:121.0) Gecko/20100101 Firefox/121.0"
2a0f:ca80:: - - [15/Dec/2025:14:40:23 +0100] "GET /kontaktformular/nicht-erlaubt/ HTTP/1.1" 200 44908 "https://GEBAEUDETECHNIK.NRW/wp-login.php" "Mozilla/5.0 (Macintosh; Intel Mac OS X 10_15_7; rv:121.0) Gecko/20100101 Firefox/121.0"
100.28.204.0 - - [15/Dec/2025:14:40:24 +0100] "GET /contao/vendor/swiftmailer/swiftmailer/lib/classes/Swift/Signers/?C=M;O%3DD HTTP/1.1" 200 531 "-" "Mozilla/5.0 AppleWebKit/537.36 (KHTML, like Gecko; compatible; Amazonbot/0.1; +https://developer.amazon.com/support/amazonbot) Chrome/119.0.6045.214 Safari/537.36"
2a0f:ca80:: - - [15/Dec/2025:14:40:25 +0100] "GET /wp-admin/profile.php HTTP/1.1" 302 - "https://GEBAEUDETECHNIK.NRW/wp-login.php" "Mozilla/5.0 (Macintosh; Intel Mac OS X 10_15_7; rv:121.0) Gecko/20100101 Firefox/121.0"
2a0f:ca80:: - - [15/Dec/2025:14:40:26 +0100] "GET /nicht-erlaubt/ HTTP/1.1" 200 - "https://GEBAEUDETECHNIK.NRW/wp-login.php" "Mozilla/5.0 (Macintosh; Intel Mac OS X 10_15_7; rv:121.0) Gecko/20100101 Firefox/121.0"
2a0f:ca80:: - - [15/Dec/2025:14:40:26 +0100] "GET /kontaktformular/nicht-erlaubt/ HTTP/1.1" 200 44908 "https://GEBAEUDETECHNIK.NRW/wp-login.php" "Mozilla/5.0 (Macintosh; Intel Mac OS X 10_15_7; rv:121.0) Gecko/20100101 Firefox/121.0"
2a0f:ca80:: - - [15/Dec/2025:14:40:26 +0100] "GET /wp-admin/edit.php HTTP/1.1" 302 - "https://GEBAEUDETECHNIK.NRW/wp-login.php" "Mozilla/5.0 (Macintosh; Intel Mac OS X 10_15_7; rv:121.0) Gecko/20100101 Firefox/121.0"
2a0f:ca80:: - - [15/Dec/2025:14:40:26 +0100] "GET /nicht-erlaubt/ HTTP/1.1" 200 - "https://GEBAEUDETECHNIK.NRW/wp-login.php" "Mozilla/5.0 (Macintosh; Intel Mac OS X 10_15_7; rv:121.0) Gecko/20100101 Firefox/121.0"
2a0f:ca80:: - - [15/Dec/2025:14:40:27 +0100] "GET /kontaktformular/nicht-erlaubt/ HTTP/1.1" 200 44908 "https://GEBAEUDETECHNIK.NRW/wp-login.php" "Mozilla/5.0 (Macintosh; Intel Mac OS X 10_15_7; rv:121.0) Gecko/20100101 Firefox/121.0"
2a0f:ca80:: - - [15/Dec/2025:14:40:28 +0100] "GET /wp-admin/plugins.php HTTP/1.1" 302 - "https://GEBAEUDETECHNIK.NRW/wp-login.php" "Mozilla/5.0 (Macintosh; Intel Mac OS X 10_15_7; rv:121.0) Gecko/20100101 Firefox/121.0"
2a0f:ca80:: - - [15/Dec/2025:14:40:28 +0100] "GET /nicht-erlaubt/ HTTP/1.1" 200 - "https://GEBAEUDETECHNIK.NRW/wp-login.php" "Mozilla/5.0 (Macintosh; Intel Mac OS X 10_15_7; rv:121.0) Gecko/20100101 Firefox/121.0"
2a0f:ca80:: - - [15/Dec/2025:14:40:28 +0100] "GET /kontaktformular/nicht-erlaubt/ HTTP/1.1" 200 44908 "https://GEBAEUDETECHNIK.NRW/wp-login.php" "Mozilla/5.0 (Macintosh; Intel Mac OS X 10_15_7; rv:121.0) Gecko/20100101 Firefox/121.0"
44.196.118.0 - - [15/Dec/2025:14:40:29 +0100] "GET /contao/vendor/ramsey/uuid/src/Builder/?C=D;O%3DD HTTP/1.1" 200 478 "-" "Mozilla/5.0 AppleWebKit/537.36 (KHTML, like Gecko; compatible; Amazonbot/0.1; +https://developer.amazon.com/support/amazonbot) Chrome/119.0.6045.214 Safari/537.36"
2a0f:ca80:: - - [15/Dec/2025:14:40:30 +0100] "POST /wp-login.php HTTP/1.1" 404 43884 "https://GEBAEUDETECHNIK.NRW/wp-login.php" "Mozilla/5.0 (Macintosh; Intel Mac OS X 10_15_7) AppleWebKit/537.36 (KHTML, like Gecko) Chrome/121.0.0.0 Safari/537.36"
2a0f:ca80:: - - [15/Dec/2025:14:40:30 +0100] "GET /wp-admin/index.php HTTP/1.1" 302 - "https://GEBAEUDETECHNIK.NRW/wp-login.php" "Mozilla/5.0 (X11; Ubuntu; Linux x86_64) AppleWebKit/537.36 (KHTML, like Gecko) Chrome/120.0.0.0 Safari/537.36"
2a0f:ca80:: - - [15/Dec/2025:14:40:31 +0100] "GET /nicht-erlaubt/ HTTP/1.1" 200 - "https://GEBAEUDETECHNIK.NRW/wp-login.php" "Mozilla/5.0 (X11; Ubuntu; Linux x86_64) AppleWebKit/537.36 (KHTML, like Gecko) Chrome/120.0.0.0 Safari/537.36"
2a0f:ca80:: - - [15/Dec/2025:14:40:31 +0100] "GET /kontaktformular/nicht-erlaubt/ HTTP/1.1" 200 44908 "https://GEBAEUDETECHNIK.NRW/wp-login.php" "Mozilla/5.0 (X11; Ubuntu; Linux x86_64) AppleWebKit/537.36 (KHTML, like Gecko) Chrome/120.0.0.0 Safari/537.36"
52.71.216.0 - - [15/Dec/2025:14:40:32 +0100] "GET /contao/var/cache/prod/ContainerKFBHRrE/getContao_Listener_Menu_BackendPreviewService.php HTTP/1.1" 500 - "-" "Mozilla/5.0 AppleWebKit/537.36 (KHTML, like Gecko; compatible; Amazonbot/0.1; +https://developer.amazon.com/support/amazonbot) Chrome/119.0.6045.214 Safari/537.36"
2a0f:ca80:: - - [15/Dec/2025:14:40:32 +0100] "GET /wp-admin/profile.php HTTP/1.1" 302 - "https://GEBAEUDETECHNIK.NRW/wp-login.php" "Mozilla/5.0 (X11; Ubuntu; Linux x86_64) AppleWebKit/537.36 (KHTML, like Gecko) Chrome/120.0.0.0 Safari/537.36"
2a0f:ca80:: - - [15/Dec/2025:14:40:32 +0100] "GET /nicht-erlaubt/ HTTP/1.1" 200 - "https://GEBAEUDETECHNIK.NRW/wp-login.php" "Mozilla/5.0 (X11; Ubuntu; Linux x86_64) AppleWebKit/537.36 (KHTML, like Gecko) Chrome/120.0.0.0 Safari/537.36"
2a0f:ca80:: - - [15/Dec/2025:14:40:33 +0100] "GET /kontaktformular/nicht-erlaubt/ HTTP/1.1" 200 44908 "https://GEBAEUDETECHNIK.NRW/wp-login.php" "Mozilla/5.0 (X11; Ubuntu; Linux x86_64) AppleWebKit/537.36 (KHTML, like Gecko) Chrome/120.0.0.0 Safari/537.36"
2a0f:ca80:: - - [15/Dec/2025:14:40:35 +0100] "GET /wp-admin/edit.php HTTP/1.1" 302 - "https://GEBAEUDETECHNIK.NRW/wp-login.php" "Mozilla/5.0 (X11; Ubuntu; Linux x86_64) AppleWebKit/537.36 (KHTML, like Gecko) Chrome/120.0.0.0 Safari/537.36"
2a0f:ca80:: - - [15/Dec/2025:14:40:36 +0100] "GET /nicht-erlaubt/ HTTP/1.1" 200 - "https://GEBAEUDETECHNIK.NRW/wp-login.php" "Mozilla/5.0 (X11; Ubuntu; Linux x86_64) AppleWebKit/537.36 (KHTML, like Gecko) Chrome/120.0.0.0 Safari/537.36"
2a0f:ca80:: - - [15/Dec/2025:14:40:36 +0100] "GET /kontaktformular/nicht-erlaubt/ HTTP/1.1" 200 44908 "https://GEBAEUDETECHNIK.NRW/wp-login.php" "Mozilla/5.0 (X11; Ubuntu; Linux x86_64) AppleWebKit/537.36 (KHTML, like Gecko) Chrome/120.0.0.0 Safari/537.36"
54.235.191.0 - - [15/Dec/2025:14:40:37 +0100] "GET /contao/vendor/ramsey/uuid/src/Converter/Time/?C=S;O%3DD HTTP/1.1" 200 486 "-" "Mozilla/5.0 AppleWebKit/537.36 (KHTML, like Gecko; compatible; Amazonbot/0.1; +https://developer.amazon.com/support/amazonbot) Chrome/119.0.6045.214 Safari/537.36"
2a0f:ca80:: - - [15/Dec/2025:14:40:37 +0100] "GET /wp-admin/plugins.php HTTP/1.1" 302 - "https://GEBAEUDETECHNIK.NRW/wp-login.php" "Mozilla/5.0 (X11; Ubuntu; Linux x86_64) AppleWebKit/537.36 (KHTML, like Gecko) Chrome/120.0.0.0 Safari/537.36"
2a0f:ca80:: - - [15/Dec/2025:14:40:37 +0100] "GET /nicht-erlaubt/ HTTP/1.1" 200 - "https://GEBAEUDETECHNIK.NRW/wp-login.php" "Mozilla/5.0 (X11; Ubuntu; Linux x86_64) AppleWebKit/537.36 (KHTML, like Gecko) Chrome/120.0.0.0 Safari/537.36"
2a0f:ca80:: - - [15/Dec/2025:14:40:37 +0100] "GET /kontaktformular/nicht-erlaubt/ HTTP/1.1" 200 44908 "https://GEBAEUDETECHNIK.NRW/wp-login.php" "Mozilla/5.0 (X11; Ubuntu; Linux x86_64) AppleWebKit/537.36 (KHTML, like Gecko) Chrome/120.0.0.0 Safari/537.36"
2a0f:ca80:: - - [15/Dec/2025:14:40:38 +0100] "POST /wp-login.php HTTP/1.1" 404 43884 "https://GEBAEUDETECHNIK.NRW/wp-login.php" "Mozilla/5.0 (X11; Ubuntu; Linux x86_64) AppleWebKit/537.36 (KHTML, like Gecko) Chrome/119.0.0.0 Safari/537.36"
2a0f:ca80:: - - [15/Dec/2025:14:40:39 +0100] "GET /wp-admin/index.php HTTP/1.1" 302 - "https://GEBAEUDETECHNIK.NRW/wp-login.php" "Mozilla/5.0 (Windows NT 11.0; Win64; x64; rv:119.0) Gecko/20100101 Firefox/119.0"
2a01:238:43f8:5f00:: - - [15/Dec/2025:14:40:39 +0100] "POST /wp-cron.php?doing_wp_cron=1765806039.7262771129608154296875 HTTP/1.1" 200 - "-" "UhNZguTuyLpm"
2a0f:ca80:: - - [15/Dec/2025:14:40:39 +0100] "GET /nicht-erlaubt/ HTTP/1.1" 200 - "https://GEBAEUDETECHNIK.NRW/wp-login.php" "Mozilla/5.0 (Windows NT 11.0; Win64; x64; rv:119.0) Gecko/20100101 Firefox/119.0"
2a0f:ca80:: - - [15/Dec/2025:14:40:40 +0100] "GET /kontaktformular/nicht-erlaubt/ HTTP/1.1" 200 44908 "https://GEBAEUDETECHNIK.NRW/wp-login.php" "Mozilla/5.0 (Windows NT 11.0; Win64; x64; rv:119.0) Gecko/20100101 Firefox/119.0"
2a0f:ca80:: - - [15/Dec/2025:14:40:40 +0100] "GET /wp-admin/profile.php HTTP/1.1" 302 - "https://GEBAEUDETECHNIK.NRW/wp-login.php" "Mozilla/5.0 (Windows NT 11.0; Win64; x64; rv:119.0) Gecko/20100101 Firefox/119.0"
2a0f:ca80:: - - [15/Dec/2025:14:40:40 +0100] "GET /nicht-erlaubt/ HTTP/1.1" 200 - "https://GEBAEUDETECHNIK.NRW/wp-login.php" "Mozilla/5.0 (Windows NT 11.0; Win64; x64; rv:119.0) Gecko/20100101 Firefox/119.0"
3.94.157.0 - - [15/Dec/2025:14:40:40 +0100] "GET /contao/vendor/ocramius/proxy-manager/src/ProxyManager/Generator/Util/?C=N;O%3DD HTTP/1.1" 200 545 "-" "Mozilla/5.0 AppleWebKit/537.36 (KHTML, like Gecko; compatible; Amazonbot/0.1; +https://developer.amazon.com/support/amazonbot) Chrome/119.0.6045.214 Safari/537.36"
2a0f:ca80:: - - [15/Dec/2025:14:40:41 +0100] "GET /kontaktformular/nicht-erlaubt/ HTTP/1.1" 200 44908 "https://GEBAEUDETECHNIK.NRW/wp-login.php" "Mozilla/5.0 (Windows NT 11.0; Win64; x64; rv:119.0) Gecko/20100101 Firefox/119.0"
2a0f:ca80:: - - [15/Dec/2025:14:40:41 +0100] "GET /wp-admin/edit.php HTTP/1.1" 302 - "https://GEBAEUDETECHNIK.NRW/wp-login.php" "Mozilla/5.0 (Windows NT 11.0; Win64; x64; rv:119.0) Gecko/20100101 Firefox/119.0"
2a0f:ca80:: - - [15/Dec/2025:14:40:42 +0100] "GET /nicht-erlaubt/ HTTP/1.1" 200 - "https://GEBAEUDETECHNIK.NRW/wp-login.php" "Mozilla/5.0 (Windows NT 11.0; Win64; x64; rv:119.0) Gecko/20100101 Firefox/119.0"
2a0f:ca80:: - - [15/Dec/2025:14:40:42 +0100] "GET /kontaktformular/nicht-erlaubt/ HTTP/1.1" 200 44908 "https://GEBAEUDETECHNIK.NRW/wp-login.php" "Mozilla/5.0 (Windows NT 11.0; Win64; x64; rv:119.0) Gecko/20100101 Firefox/119.0"
2a0f:ca80:: - - [15/Dec/2025:14:40:44 +0100] "GET /wp-admin/plugins.php HTTP/1.1" 302 - "https://GEBAEUDETECHNIK.NRW/wp-login.php" "Mozilla/5.0 (Windows NT 11.0; Win64; x64; rv:119.0) Gecko/20100101 Firefox/119.0"
18.213.240.0 - - [15/Dec/2025:14:40:45 +0100] "GET /contao/system/modules/pct_theme_installer/assets/css/?C=D;O%3DD HTTP/1.1" 200 444 "-" "Mozilla/5.0 AppleWebKit/537.36 (KHTML, like Gecko; compatible; Amazonbot/0.1; +https://developer.amazon.com/support/amazonbot) Chrome/119.0.6045.214 Safari/537.36"
2a0f:ca80:: - - [15/Dec/2025:14:40:45 +0100] "GET /nicht-erlaubt/ HTTP/1.1" 200 - "https://GEBAEUDETECHNIK.NRW/wp-login.php" "Mozilla/5.0 (Windows NT 11.0; Win64; x64; rv:119.0) Gecko/20100101 Firefox/119.0"
2a0f:ca80:: - - [15/Dec/2025:14:40:46 +0100] "GET /kontaktformular/nicht-erlaubt/ HTTP/1.1" 200 44908 "https://GEBAEUDETECHNIK.NRW/wp-login.php" "Mozilla/5.0 (Windows NT 11.0; Win64; x64; rv:119.0) Gecko/20100101 Firefox/119.0"
2a0f:ca80:: - - [15/Dec/2025:14:40:47 +0100] "POST /wp-login.php HTTP/1.1" 404 43884 "https://GEBAEUDETECHNIK.NRW/wp-login.php" "Mozilla/5.0 (Macintosh; Intel Mac OS X 10_15_7) AppleWebKit/537.36 (KHTML, like Gecko) Chrome/119.0.0.0 Safari/537.36"
2a0f:ca80:: - - [15/Dec/2025:14:40:47 +0100] "GET /wp-admin/index.php HTTP/1.1" 302 - "https://GEBAEUDETECHNIK.NRW/wp-login.php" "Mozilla/5.0 (Macintosh; Intel Mac OS X 10_15_7) AppleWebKit/537.36 (KHTML, like Gecko) Chrome/118.0.0.0 Safari/537.36"
2a0f:ca80:: - - [15/Dec/2025:14:40:47 +0100] "GET /nicht-erlaubt/ HTTP/1.1" 200 - "https://GEBAEUDETECHNIK.NRW/wp-login.php" "Mozilla/5.0 (Macintosh; Intel Mac OS X 10_15_7) AppleWebKit/537.36 (KHTML, like Gecko) Chrome/118.0.0.0 Safari/537.36"
2a0f:ca80:: - - [15/Dec/2025:14:40:48 +0100] "GET /kontaktformular/nicht-erlaubt/ HTTP/1.1" 200 44908 "https://GEBAEUDETECHNIK.NRW/wp-login.php" "Mozilla/5.0 (Macintosh; Intel Mac OS X 10_15_7) AppleWebKit/537.36 (KHTML, like Gecko) Chrome/118.0.0.0 Safari/537.36"
2a0f:ca80:: - - [15/Dec/2025:14:40:49 +0100] "GET /wp-admin/profile.php HTTP/1.1" 302 - "https://GEBAEUDETECHNIK.NRW/wp-login.php" "Mozilla/5.0 (Macintosh; Intel Mac OS X 10_15_7) AppleWebKit/537.36 (KHTML, like Gecko) Chrome/118.0.0.0 Safari/537.36"
2a0f:ca80:: - - [15/Dec/2025:14:40:49 +0100] "GET /nicht-erlaubt/ HTTP/1.1" 200 - "https://GEBAEUDETECHNIK.NRW/wp-login.php" "Mozilla/5.0 (Macintosh; Intel Mac OS X 10_15_7) AppleWebKit/537.36 (KHTML, like Gecko) Chrome/118.0.0.0 Safari/537.36"
2a0f:ca80:: - - [15/Dec/2025:14:40:49 +0100] "GET /kontaktformular/nicht-erlaubt/ HTTP/1.1" 200 44908 "https://GEBAEUDETECHNIK.NRW/wp-login.php" "Mozilla/5.0 (Macintosh; Intel Mac OS X 10_15_7) AppleWebKit/537.36 (KHTML, like Gecko) Chrome/118.0.0.0 Safari/537.36"
2a0f:ca80:: - - [15/Dec/2025:14:40:50 +0100] "GET /wp-admin/edit.php HTTP/1.1" 302 - "https://GEBAEUDETECHNIK.NRW/wp-login.php" "Mozilla/5.0 (Macintosh; Intel Mac OS X 10_15_7) AppleWebKit/537.36 (KHTML, like Gecko) Chrome/118.0.0.0 Safari/537.36"
2a0f:ca80:: - - [15/Dec/2025:14:40:50 +0100] "GET /nicht-erlaubt/ HTTP/1.1" 200 - "https://GEBAEUDETECHNIK.NRW/wp-login.php" "Mozilla/5.0 (Macintosh; Intel Mac OS X 10_15_7) AppleWebKit/537.36 (KHTML, like Gecko) Chrome/118.0.0.0 Safari/537.36"
98.83.72.0 - - [15/Dec/2025:14:40:51 +0100] "GET /contao/vendor/twig/twig/src/Node/Expression/Binary/EqualBinary.php HTTP/1.1" 500 - "-" "Mozilla/5.0 AppleWebKit/537.36 (KHTML, like Gecko; compatible; Amazonbot/0.1; +https://developer.amazon.com/support/amazonbot) Chrome/119.0.6045.214 Safari/537.36"
2a0f:ca80:: - - [15/Dec/2025:14:40:51 +0100] "GET /kontaktformular/nicht-erlaubt/ HTTP/1.1" 200 44908 "https://GEBAEUDETECHNIK.NRW/wp-login.php" "Mozilla/5.0 (Macintosh; Intel Mac OS X 10_15_7) AppleWebKit/537.36 (KHTML, like Gecko) Chrome/118.0.0.0 Safari/537.36"
2a0f:ca80:: - - [15/Dec/2025:14:40:51 +0100] "GET /wp-admin/plugins.php HTTP/1.1" 302 - "https://GEBAEUDETECHNIK.NRW/wp-login.php" "Mozilla/5.0 (Macintosh; Intel Mac OS X 10_15_7) AppleWebKit/537.36 (KHTML, like Gecko) Chrome/118.0.0.0 Safari/537.36"
2a0f:ca80:: - - [15/Dec/2025:14:40:52 +0100] "GET /nicht-erlaubt/ HTTP/1.1" 200 - "https://GEBAEUDETECHNIK.NRW/wp-login.php" "Mozilla/5.0 (Macintosh; Intel Mac OS X 10_15_7) AppleWebKit/537.36 (KHTML, like Gecko) Chrome/118.0.0.0 Safari/537.36"
2a0f:ca80:: - - [15/Dec/2025:14:40:53 +0100] "GET /kontaktformular/nicht-erlaubt/ HTTP/1.1" 200 44908 "https://GEBAEUDETECHNIK.NRW/wp-login.php" "Mozilla/5.0 (Macintosh; Intel Mac OS X 10_15_7) AppleWebKit/537.36 (KHTML, like Gecko) Chrome/118.0.0.0 Safari/537.36"
2a0f:ca80:: - - [15/Dec/2025:14:40:53 +0100] "POST /wp-login.php HTTP/1.1" 404 43884 "https://GEBAEUDETECHNIK.NRW/wp-login.php" "Mozilla/5.0 (X11; Ubuntu; Linux x86_64) AppleWebKit/537.36 (KHTML, like Gecko) Chrome/120.0.0.0 Safari/537.36"
2a0f:ca80:: - - [15/Dec/2025:14:40:54 +0100] "GET /wp-admin/index.php HTTP/1.1" 302 - "https://GEBAEUDETECHNIK.NRW/wp-login.php" "Mozilla/5.0 (Windows NT 11.0; Win64; x64; rv:118.0) Gecko/20100101 Firefox/118.0"
98.82.66.0 - - [15/Dec/2025:14:40:54 +0100] "GET /contao/vendor/knplabs/knp-menu/src/Knp/Menu/Factory/?C=N;O%3DD HTTP/1.1" 200 467 "-" "Mozilla/5.0 AppleWebKit/537.36 (KHTML, like Gecko; compatible; Amazonbot/0.1; +https://developer.amazon.com/support/amazonbot) Chrome/119.0.6045.214 Safari/537.36"
2a0f:ca80:: - - [15/Dec/2025:14:40:54 +0100] "GET /nicht-erlaubt/ HTTP/1.1" 200 - "https://GEBAEUDETECHNIK.NRW/wp-login.php" "Mozilla/5.0 (Windows NT 11.0; Win64; x64; rv:118.0) Gecko/20100101 Firefox/118.0"
2a0f:ca80:: - - [15/Dec/2025:14:40:55 +0100] "GET /kontaktformular/nicht-erlaubt/ HTTP/1.1" 200 44908 "https://GEBAEUDETECHNIK.NRW/wp-login.php" "Mozilla/5.0 (Windows NT 11.0; Win64; x64; rv:118.0) Gecko/20100101 Firefox/118.0"
2a0f:ca80:: - - [15/Dec/2025:14:40:56 +0100] "GET /wp-admin/profile.php HTTP/1.1" 302 - "https://GEBAEUDETECHNIK.NRW/wp-login.php" "Mozilla/5.0 (Windows NT 11.0; Win64; x64; rv:118.0) Gecko/20100101 Firefox/118.0"
2a0f:ca80:: - - [15/Dec/2025:14:40:58 +0100] "GET /nicht-erlaubt/ HTTP/1.1" 200 - "https://GEBAEUDETECHNIK.NRW/wp-login.php" "Mozilla/5.0 (Windows NT 11.0; Win64; x64; rv:118.0) Gecko/20100101 Firefox/118.0"
2a0f:ca80:: - - [15/Dec/2025:14:40:58 +0100] "GET /kontaktformular/nicht-erlaubt/ HTTP/1.1" 200 44908 "https://GEBAEUDETECHNIK.NRW/wp-login.php" "Mozilla/5.0 (Windows NT 11.0; Win64; x64; rv:118.0) Gecko/20100101 Firefox/118.0"
2a0f:ca80:: - - [15/Dec/2025:14:40:58 +0100] "GET /wp-admin/edit.php HTTP/1.1" 302 - "https://GEBAEUDETECHNIK.NRW/wp-login.php" "Mozilla/5.0 (Windows NT 11.0; Win64; x64; rv:118.0) Gecko/20100101 Firefox/118.0"
2a0f:ca80:: - - [15/Dec/2025:14:40:58 +0100] "GET /nicht-erlaubt/ HTTP/1.1" 200 - "https://GEBAEUDETECHNIK.NRW/wp-login.php" "Mozilla/5.0 (Windows NT 11.0; Win64; x64; rv:118.0) Gecko/20100101 Firefox/118.0"
50.19.221.0 - - [15/Dec/2025:14:40:59 +0100] "GET /contao/vendor/knplabs/knp-menu/src/Knp/Menu/Factory/?C=D;O%3DA HTTP/1.1" 200 467 "-" "Mozilla/5.0 AppleWebKit/537.36 (KHTML, like Gecko; compatible; Amazonbot/0.1; +https://developer.amazon.com/support/amazonbot) Chrome/119.0.6045.214 Safari/537.36"
2a0f:ca80:: - - [15/Dec/2025:14:40:59 +0100] "GET /kontaktformular/nicht-erlaubt/ HTTP/1.1" 200 44908 "https://GEBAEUDETECHNIK.NRW/wp-login.php" "Mozilla/5.0 (Windows NT 11.0; Win64; x64; rv:118.0) Gecko/20100101 Firefox/118.0"
2a0f:ca80:: - - [15/Dec/2025:14:41:00 +0100] "GET /wp-admin/plugins.php HTTP/1.1" 302 - "https://GEBAEUDETECHNIK.NRW/wp-login.php" "Mozilla/5.0 (Windows NT 11.0; Win64; x64; rv:118.0) Gecko/20100101 Firefox/118.0"
2a0f:ca80:: - - [15/Dec/2025:14:41:00 +0100] "GET /nicht-erlaubt/ HTTP/1.1" 200 - "https://GEBAEUDETECHNIK.NRW/wp-login.php" "Mozilla/5.0 (Windows NT 11.0; Win64; x64; rv:118.0) Gecko/20100101 Firefox/118.0"
2a0f:ca80:: - - [15/Dec/2025:14:41:01 +0100] "GET /kontaktformular/nicht-erlaubt/ HTTP/1.1" 200 44908 "https://GEBAEUDETECHNIK.NRW/wp-login.php" "Mozilla/5.0 (Windows NT 11.0; Win64; x64; rv:118.0) Gecko/20100101 Firefox/118.0"
34.233.114.0 - - [15/Dec/2025:14:41:01 +0100] "GET /contao/vendor/knplabs/knp-menu-bundle/src/Templating/Helper/?C=D;O%3DD HTTP/1.1" 200 448 "-" "Mozilla/5.0 AppleWebKit/537.36 (KHTML, like Gecko; compatible; Amazonbot/0.1; +https://developer.amazon.com/support/amazonbot) Chrome/119.0.6045.214 Safari/537.36"
2a0f:ca80:: - - [15/Dec/2025:14:41:03 +0100] "POST /wp-login.php HTTP/1.1" 404 43884 "https://GEBAEUDETECHNIK.NRW/wp-login.php" "Mozilla/5.0 (X11; Linux x86_64) AppleWebKit/537.36 (KHTML, like Gecko) Chrome/118.0.0.0 Safari/537.36"
54.144.185.0 - - [15/Dec/2025:14:41:05 +0100] "GET /contao/vendor/swiftmailer/swiftmailer/lib/classes/Swift/Events/?C=N;O%3DA HTTP/1.1" 200 683 "-" "Mozilla/5.0 AppleWebKit/537.36 (KHTML, like Gecko; compatible; Amazonbot/0.1; +https://developer.amazon.com/support/amazonbot) Chrome/119.0.6045.214 Safari/537.36"
2a0f:ca80:: - - [15/Dec/2025:14:41:07 +0100] "GET /wp-admin/index.php HTTP/1.1" 302 - "https://GEBAEUDETECHNIK.NRW/wp-login.php" "Mozilla/5.0 (Macintosh; Intel Mac OS X 13_6_1) AppleWebKit/537.36 (KHTML, like Gecko) Chrome/119.0.0.0 Safari/537.36"
54.147.182.0 - - [15/Dec/2025:14:41:09 +0100] "GET /contao/vendor/doctrine/orm/lib/Doctrine/ORM/Repository/?C=D;O%3DA HTTP/1.1" 200 469 "-" "Mozilla/5.0 AppleWebKit/537.36 (KHTML, like Gecko; compatible; Amazonbot/0.1; +https://developer.amazon.com/support/amazonbot) Chrome/119.0.6045.214 Safari/537.36"
2a0f:ca80:: - - [15/Dec/2025:14:41:11 +0100] "GET /nicht-erlaubt/ HTTP/1.1" 200 - "https://GEBAEUDETECHNIK.NRW/wp-login.php" "Mozilla/5.0 (Macintosh; Intel Mac OS X 13_6_1) AppleWebKit/537.36 (KHTML, like Gecko) Chrome/119.0.0.0 Safari/537.36"
2a0f:ca80:: - - [15/Dec/2025:14:41:12 +0100] "GET /kontaktformular/nicht-erlaubt/ HTTP/1.1" 200 44908 "https://GEBAEUDETECHNIK.NRW/wp-login.php" "Mozilla/5.0 (Macintosh; Intel Mac OS X 13_6_1) AppleWebKit/537.36 (KHTML, like Gecko) Chrome/119.0.0.0 Safari/537.36"
2a0f:ca80:: - - [15/Dec/2025:14:41:13 +0100] "GET /wp-admin/profile.php HTTP/1.1" 302 - "https://GEBAEUDETECHNIK.NRW/wp-login.php" "Mozilla/5.0 (Macintosh; Intel Mac OS X 13_6_1) AppleWebKit/537.36 (KHTML, like Gecko) Chrome/119.0.0.0 Safari/537.36"
34.225.24.0 - - [15/Dec/2025:14:41:13 +0100] "GET /contao/vendor/doctrine/collections/lib/Doctrine/Common/Collections/Collection.php HTTP/1.1" 200 - "-" "Mozilla/5.0 AppleWebKit/537.36 (KHTML, like Gecko; compatible; Amazonbot/0.1; +https://developer.amazon.com/support/amazonbot) Chrome/119.0.6045.214 Safari/537.36"
2a0f:ca80:: - - [15/Dec/2025:14:41:13 +0100] "GET /nicht-erlaubt/ HTTP/1.1" 200 - "https://GEBAEUDETECHNIK.NRW/wp-login.php" "Mozilla/5.0 (Macintosh; Intel Mac OS X 13_6_1) AppleWebKit/537.36 (KHTML, like Gecko) Chrome/119.0.0.0 Safari/537.36"
2a0f:ca80:: - - [15/Dec/2025:14:41:13 +0100] "GET /kontaktformular/nicht-erlaubt/ HTTP/1.1" 200 44908 "https://GEBAEUDETECHNIK.NRW/wp-login.php" "Mozilla/5.0 (Macintosh; Intel Mac OS X 13_6_1) AppleWebKit/537.36 (KHTML, like Gecko) Chrome/119.0.0.0 Safari/537.36"
2a0f:ca80:: - - [15/Dec/2025:14:41:14 +0100] "GET /wp-admin/edit.php HTTP/1.1" 302 - "https://GEBAEUDETECHNIK.NRW/wp-login.php" "Mozilla/5.0 (Macintosh; Intel Mac OS X 13_6_1) AppleWebKit/537.36 (KHTML, like Gecko) Chrome/119.0.0.0 Safari/537.36"
2a0f:ca80:: - - [15/Dec/2025:14:41:14 +0100] "GET /nicht-erlaubt/ HTTP/1.1" 200 - "https://GEBAEUDETECHNIK.NRW/wp-login.php" "Mozilla/5.0 (Macintosh; Intel Mac OS X 13_6_1) AppleWebKit/537.36 (KHTML, like Gecko) Chrome/119.0.0.0 Safari/537.36"
2a0f:ca80:: - - [15/Dec/2025:14:41:14 +0100] "GET /kontaktformular/nicht-erlaubt/ HTTP/1.1" 200 44908 "https://GEBAEUDETECHNIK.NRW/wp-login.php" "Mozilla/5.0 (Macintosh; Intel Mac OS X 13_6_1) AppleWebKit/537.36 (KHTML, like Gecko) Chrome/119.0.0.0 Safari/537.36"
2a0f:ca80:: - - [15/Dec/2025:14:41:15 +0100] "GET /wp-admin/plugins.php HTTP/1.1" 302 - "https://GEBAEUDETECHNIK.NRW/wp-login.php" "Mozilla/5.0 (Macintosh; Intel Mac OS X 13_6_1) AppleWebKit/537.36 (KHTML, like Gecko) Chrome/119.0.0.0 Safari/537.36"
2a0f:ca80:: - - [15/Dec/2025:14:41:15 +0100] "GET /nicht-erlaubt/ HTTP/1.1" 200 - "https://GEBAEUDETECHNIK.NRW/wp-login.php" "Mozilla/5.0 (Macintosh; Intel Mac OS X 13_6_1) AppleWebKit/537.36 (KHTML, like Gecko) Chrome/119.0.0.0 Safari/537.36"
2a0f:ca80:: - - [15/Dec/2025:14:41:16 +0100] "GET /kontaktformular/nicht-erlaubt/ HTTP/1.1" 200 44908 "https://GEBAEUDETECHNIK.NRW/wp-login.php" "Mozilla/5.0 (Macintosh; Intel Mac OS X 13_6_1) AppleWebKit/537.36 (KHTML, like Gecko) Chrome/119.0.0.0 Safari/537.36"
54.225.199.0 - - [15/Dec/2025:14:41:16 +0100] "GET /contao/vendor/codefog/contao-haste/library/Haste/IO/Writer/AbstractWriter.php HTTP/1.1" 500 - "-" "Mozilla/5.0 AppleWebKit/537.36 (KHTML, like Gecko; compatible; Amazonbot/0.1; +https://developer.amazon.com/support/amazonbot) Chrome/119.0.6045.214 Safari/537.36"
2a0f:ca80:: - - [15/Dec/2025:14:41:16 +0100] "POST /wp-login.php HTTP/1.1" 404 43884 "https://GEBAEUDETECHNIK.NRW/wp-login.php" "Mozilla/5.0 (Macintosh; Intel Mac OS X 13_6_1) AppleWebKit/605.1.15 (KHTML, like Gecko) Version/17.1 Safari/605.1.15"
2a0f:ca80:: - - [15/Dec/2025:14:41:16 +0100] "GET /wp-admin/index.php HTTP/1.1" 302 - "https://GEBAEUDETECHNIK.NRW/wp-login.php" "Mozilla/5.0 (Macintosh; Intel Mac OS X 10_15_7; rv:119.0) Gecko/20100101 Firefox/119.0"
2a0f:ca80:: - - [15/Dec/2025:14:41:17 +0100] "GET /nicht-erlaubt/ HTTP/1.1" 200 - "https://GEBAEUDETECHNIK.NRW/wp-login.php" "Mozilla/5.0 (Macintosh; Intel Mac OS X 10_15_7; rv:119.0) Gecko/20100101 Firefox/119.0"
2a0f:ca80:: - - [15/Dec/2025:14:41:17 +0100] "GET /kontaktformular/nicht-erlaubt/ HTTP/1.1" 200 44908 "https://GEBAEUDETECHNIK.NRW/wp-login.php" "Mozilla/5.0 (Macintosh; Intel Mac OS X 10_15_7; rv:119.0) Gecko/20100101 Firefox/119.0"
2a0f:ca80:: - - [15/Dec/2025:14:41:18 +0100] "GET /wp-admin/profile.php HTTP/1.1" 302 - "https://GEBAEUDETECHNIK.NRW/wp-login.php" "Mozilla/5.0 (Macintosh; Intel Mac OS X 10_15_7; rv:119.0) Gecko/20100101 Firefox/119.0"
2a0f:ca80:: - - [15/Dec/2025:14:41:18 +0100] "GET /nicht-erlaubt/ HTTP/1.1" 200 - "https://GEBAEUDETECHNIK.NRW/wp-login.php" "Mozilla/5.0 (Macintosh; Intel Mac OS X 10_15_7; rv:119.0) Gecko/20100101 Firefox/119.0"
2a0f:ca80:: - - [15/Dec/2025:14:41:19 +0100] "GET /kontaktformular/nicht-erlaubt/ HTTP/1.1" 200 44908 "https://GEBAEUDETECHNIK.NRW/wp-login.php" "Mozilla/5.0 (Macintosh; Intel Mac OS X 10_15_7; rv:119.0) Gecko/20100101 Firefox/119.0"
2a0f:ca80:: - - [15/Dec/2025:14:41:19 +0100] "GET /wp-admin/edit.php HTTP/1.1" 302 - "https://GEBAEUDETECHNIK.NRW/wp-login.php" "Mozilla/5.0 (Macintosh; Intel Mac OS X 10_15_7; rv:119.0) Gecko/20100101 Firefox/119.0"
2a0f:ca80:: - - [15/Dec/2025:14:41:19 +0100] "GET /nicht-erlaubt/ HTTP/1.1" 200 - "https://GEBAEUDETECHNIK.NRW/wp-login.php" "Mozilla/5.0 (Macintosh; Intel Mac OS X 10_15_7; rv:119.0) Gecko/20100101 Firefox/119.0"
2a0f:ca80:: - - [15/Dec/2025:14:41:19 +0100] "GET /kontaktformular/nicht-erlaubt/ HTTP/1.1" 200 44908 "https://GEBAEUDETECHNIK.NRW/wp-login.php" "Mozilla/5.0 (Macintosh; Intel Mac OS X 10_15_7; rv:119.0) Gecko/20100101 Firefox/119.0"
2a0f:ca80:: - - [15/Dec/2025:14:41:20 +0100] "GET /wp-admin/plugins.php HTTP/1.1" 302 - "https://GEBAEUDETECHNIK.NRW/wp-login.php" "Mozilla/5.0 (Macintosh; Intel Mac OS X 10_15_7; rv:119.0) Gecko/20100101 Firefox/119.0"
2a01:238:43f8:5f00:: - - [15/Dec/2025:14:41:20 +0100] "POST /wp-cron.php?doing_wp_cron=1765806080.3590130805969238281250 HTTP/1.1" 200 - "-" "cISv3uefqrkm"
2a0f:ca80:: - - [15/Dec/2025:14:41:20 +0100] "GET /nicht-erlaubt/ HTTP/1.1" 200 - "https://GEBAEUDETECHNIK.NRW/wp-login.php" "Mozilla/5.0 (Macintosh; Intel Mac OS X 10_15_7; rv:119.0) Gecko/20100101 Firefox/119.0"
2a0f:ca80:: - - [15/Dec/2025:14:41:21 +0100] "GET /kontaktformular/nicht-erlaubt/ HTTP/1.1" 200 44908 "https://GEBAEUDETECHNIK.NRW/wp-login.php" "Mozilla/5.0 (Macintosh; Intel Mac OS X 10_15_7; rv:119.0) Gecko/20100101 Firefox/119.0"
2a0f:ca80:: - - [15/Dec/2025:14:41:21 +0100] "POST /wp-login.php HTTP/1.1" 404 43884 "https://GEBAEUDETECHNIK.NRW/wp-login.php" "Mozilla/5.0 (Macintosh; Intel Mac OS X 10_15_7; rv:120.0) Gecko/20100101 Firefox/120.0"
34.206.193.0 - - [15/Dec/2025:14:41:22 +0100] "GET /contao/vendor/doctrine/doctrine-bundle/Resources/views/Collector/?C=D;O%3DD HTTP/1.1" 200 500 "-" "Mozilla/5.0 AppleWebKit/537.36 (KHTML, like Gecko; compatible; Amazonbot/0.1; +https://developer.amazon.com/support/amazonbot) Chrome/119.0.6045.214 Safari/537.36"
2a0f:ca80:: - - [15/Dec/2025:14:41:22 +0100] "GET /wp-admin/index.php HTTP/1.1" 302 - "https://GEBAEUDETECHNIK.NRW/wp-login.php" "Mozilla/5.0 (X11; Linux x86_64) AppleWebKit/537.36 (KHTML, like Gecko) Chrome/120.0.0.0 Safari/537.36"
2a0f:ca80:: - - [15/Dec/2025:14:41:22 +0100] "GET /nicht-erlaubt/ HTTP/1.1" 200 - "https://GEBAEUDETECHNIK.NRW/wp-login.php" "Mozilla/5.0 (X11; Linux x86_64) AppleWebKit/537.36 (KHTML, like Gecko) Chrome/120.0.0.0 Safari/537.36"
2a0f:ca80:: - - [15/Dec/2025:14:41:23 +0100] "GET /kontaktformular/nicht-erlaubt/ HTTP/1.1" 200 44908 "https://GEBAEUDETECHNIK.NRW/wp-login.php" "Mozilla/5.0 (X11; Linux x86_64) AppleWebKit/537.36 (KHTML, like Gecko) Chrome/120.0.0.0 Safari/537.36"
2a0f:ca80:: - - [15/Dec/2025:14:41:23 +0100] "GET /wp-admin/profile.php HTTP/1.1" 302 - "https://GEBAEUDETECHNIK.NRW/wp-login.php" "Mozilla/5.0 (X11; Linux x86_64) AppleWebKit/537.36 (KHTML, like Gecko) Chrome/120.0.0.0 Safari/537.36"
2a0f:ca80:: - - [15/Dec/2025:14:41:23 +0100] "GET /nicht-erlaubt/ HTTP/1.1" 200 - "https://GEBAEUDETECHNIK.NRW/wp-login.php" "Mozilla/5.0 (X11; Linux x86_64) AppleWebKit/537.36 (KHTML, like Gecko) Chrome/120.0.0.0 Safari/537.36"
2a0f:ca80:: - - [15/Dec/2025:14:41:24 +0100] "GET /kontaktformular/nicht-erlaubt/ HTTP/1.1" 200 44908 "https://GEBAEUDETECHNIK.NRW/wp-login.php" "Mozilla/5.0 (X11; Linux x86_64) AppleWebKit/537.36 (KHTML, like Gecko) Chrome/120.0.0.0 Safari/537.36"
2a0f:ca80:: - - [15/Dec/2025:14:41:24 +0100] "GET /wp-admin/edit.php HTTP/1.1" 302 - "https://GEBAEUDETECHNIK.NRW/wp-login.php" "Mozilla/5.0 (X11; Linux x86_64) AppleWebKit/537.36 (KHTML, like Gecko) Chrome/120.0.0.0 Safari/537.36"
2a0f:ca80:: - - [15/Dec/2025:14:41:24 +0100] "GET /nicht-erlaubt/ HTTP/1.1" 200 - "https://GEBAEUDETECHNIK.NRW/wp-login.php" "Mozilla/5.0 (X11; Linux x86_64) AppleWebKit/537.36 (KHTML, like Gecko) Chrome/120.0.0.0 Safari/537.36"
44.218.170.0 - - [15/Dec/2025:14:41:25 +0100] "GET /contao/vendor/ocramius/proxy-manager/src/ProxyManager/Exception/?C=N;O%3DA HTTP/1.1" 200 565 "-" "Mozilla/5.0 AppleWebKit/537.36 (KHTML, like Gecko; compatible; Amazonbot/0.1; +https://developer.amazon.com/support/amazonbot) Chrome/119.0.6045.214 Safari/537.36"
2a0f:ca80:: - - [15/Dec/2025:14:41:25 +0100] "GET /kontaktformular/nicht-erlaubt/ HTTP/1.1" 200 44908 "https://GEBAEUDETECHNIK.NRW/wp-login.php" "Mozilla/5.0 (X11; Linux x86_64) AppleWebKit/537.36 (KHTML, like Gecko) Chrome/120.0.0.0 Safari/537.36"
2a0f:ca80:: - - [15/Dec/2025:14:41:25 +0100] "GET /wp-admin/plugins.php HTTP/1.1" 302 - "https://GEBAEUDETECHNIK.NRW/wp-login.php" "Mozilla/5.0 (X11; Linux x86_64) AppleWebKit/537.36 (KHTML, like Gecko) Chrome/120.0.0.0 Safari/537.36"
2a0f:ca80:: - - [15/Dec/2025:14:41:25 +0100] "GET /nicht-erlaubt/ HTTP/1.1" 200 - "https://GEBAEUDETECHNIK.NRW/wp-login.php" "Mozilla/5.0 (X11; Linux x86_64) AppleWebKit/537.36 (KHTML, like Gecko) Chrome/120.0.0.0 Safari/537.36"
2a0f:ca80:: - - [15/Dec/2025:14:41:26 +0100] "GET /kontaktformular/nicht-erlaubt/ HTTP/1.1" 200 44908 "https://GEBAEUDETECHNIK.NRW/wp-login.php" "Mozilla/5.0 (X11; Linux x86_64) AppleWebKit/537.36 (KHTML, like Gecko) Chrome/120.0.0.0 Safari/537.36"
2a0f:ca80:: - - [15/Dec/2025:14:41:27 +0100] "POST /wp-login.php HTTP/1.1" 404 43884 "https://GEBAEUDETECHNIK.NRW/wp-login.php" "Mozilla/5.0 (Macintosh; Intel Mac OS X 10_15_7) AppleWebKit/605.1.15 (KHTML, like Gecko) Version/17.1 Safari/605.1.15"
50.19.221.0 - - [15/Dec/2025:14:41:28 +0100] "GET /contao/vendor/contao/manager-plugin/tests/Fixtures/Composer/null-vendor/autoload.php HTTP/1.1" 200 - "-" "Mozilla/5.0 AppleWebKit/537.36 (KHTML, like Gecko; compatible; Amazonbot/0.1; +https://developer.amazon.com/support/amazonbot) Chrome/119.0.6045.214 Safari/537.36"
2a0f:ca80:: - - [15/Dec/2025:14:41:28 +0100] "GET /wp-admin/index.php HTTP/1.1" 302 - "https://GEBAEUDETECHNIK.NRW/wp-login.php" "Mozilla/5.0 (Windows NT 11.0; Win64; x64; rv:120.0) Gecko/20100101 Firefox/120.0"
2a0f:ca80:: - - [15/Dec/2025:14:41:29 +0100] "GET /nicht-erlaubt/ HTTP/1.1" 200 - "https://GEBAEUDETECHNIK.NRW/wp-login.php" "Mozilla/5.0 (Windows NT 11.0; Win64; x64; rv:120.0) Gecko/20100101 Firefox/120.0"
2a0f:ca80:: - - [15/Dec/2025:14:41:29 +0100] "GET /kontaktformular/nicht-erlaubt/ HTTP/1.1" 200 44908 "https://GEBAEUDETECHNIK.NRW/wp-login.php" "Mozilla/5.0 (Windows NT 11.0; Win64; x64; rv:120.0) Gecko/20100101 Firefox/120.0"
2a0f:ca80:: - - [15/Dec/2025:14:41:29 +0100] "GET /wp-admin/profile.php HTTP/1.1" 302 - "https://GEBAEUDETECHNIK.NRW/wp-login.php" "Mozilla/5.0 (Windows NT 11.0; Win64; x64; rv:120.0) Gecko/20100101 Firefox/120.0"
2a0f:ca80:: - - [15/Dec/2025:14:41:29 +0100] "GET /nicht-erlaubt/ HTTP/1.1" 200 - "https://GEBAEUDETECHNIK.NRW/wp-login.php" "Mozilla/5.0 (Windows NT 11.0; Win64; x64; rv:120.0) Gecko/20100101 Firefox/120.0"
2a0f:ca80:: - - [15/Dec/2025:14:41:30 +0100] "GET /kontaktformular/nicht-erlaubt/ HTTP/1.1" 200 44908 "https://GEBAEUDETECHNIK.NRW/wp-login.php" "Mozilla/5.0 (Windows NT 11.0; Win64; x64; rv:120.0) Gecko/20100101 Firefox/120.0"
2a0f:ca80:: - - [15/Dec/2025:14:41:31 +0100] "GET /wp-admin/edit.php HTTP/1.1" 302 - "https://GEBAEUDETECHNIK.NRW/wp-login.php" "Mozilla/5.0 (Windows NT 11.0; Win64; x64; rv:120.0) Gecko/20100101 Firefox/120.0"
2a0f:ca80:: - - [15/Dec/2025:14:41:32 +0100] "GET /nicht-erlaubt/ HTTP/1.1" 200 - "https://GEBAEUDETECHNIK.NRW/wp-login.php" "Mozilla/5.0 (Windows NT 11.0; Win64; x64; rv:120.0) Gecko/20100101 Firefox/120.0"
2a0f:ca80:: - - [15/Dec/2025:14:41:32 +0100] "GET /kontaktformular/nicht-erlaubt/ HTTP/1.1" 200 44908 "https://GEBAEUDETECHNIK.NRW/wp-login.php" "Mozilla/5.0 (Windows NT 11.0; Win64; x64; rv:120.0) Gecko/20100101 Firefox/120.0"
2a0f:ca80:: - - [15/Dec/2025:14:41:33 +0100] "GET /wp-admin/plugins.php HTTP/1.1" 302 - "https://GEBAEUDETECHNIK.NRW/wp-login.php" "Mozilla/5.0 (Windows NT 11.0; Win64; x64; rv:120.0) Gecko/20100101 Firefox/120.0"
2a0f:ca80:: - - [15/Dec/2025:14:41:33 +0100] "GET /nicht-erlaubt/ HTTP/1.1" 200 - "https://GEBAEUDETECHNIK.NRW/wp-login.php" "Mozilla/5.0 (Windows NT 11.0; Win64; x64; rv:120.0) Gecko/20100101 Firefox/120.0"
2a0f:ca80:: - - [15/Dec/2025:14:41:33 +0100] "GET /kontaktformular/nicht-erlaubt/ HTTP/1.1" 200 44908 "https://GEBAEUDETECHNIK.NRW/wp-login.php" "Mozilla/5.0 (Windows NT 11.0; Win64; x64; rv:120.0) Gecko/20100101 Firefox/120.0"
3.89.176.0 - - [15/Dec/2025:14:41:33 +0100] "GET /contao/vendor/lcobucci/jwt/test/unit/Signer/Hmac/Sha512Test.php HTTP/1.1" 500 - "-" "Mozilla/5.0 AppleWebKit/537.36 (KHTML, like Gecko; compatible; Amazonbot/0.1; +https://developer.amazon.com/support/amazonbot) Chrome/119.0.6045.214 Safari/537.36"
2a0f:ca80:: - - [15/Dec/2025:14:41:34 +0100] "POST /wp-login.php HTTP/1.1" 404 43884 "https://GEBAEUDETECHNIK.NRW/wp-login.php" "Mozilla/5.0 (Windows NT 10.0; Win64; x64; rv:118.0) Gecko/20100101 Firefox/118.0"
2a0f:ca80:: - - [15/Dec/2025:14:41:34 +0100] "GET /wp-admin/index.php HTTP/1.1" 302 - "https://GEBAEUDETECHNIK.NRW/wp-login.php" "Mozilla/5.0 (Windows NT 10.0; Win64; x64) AppleWebKit/537.36 (KHTML, like Gecko) Chrome/118.0.0.0 Safari/537.36"
2a0f:ca80:: - - [15/Dec/2025:14:41:34 +0100] "GET /nicht-erlaubt/ HTTP/1.1" 200 - "https://GEBAEUDETECHNIK.NRW/wp-login.php" "Mozilla/5.0 (Windows NT 10.0; Win64; x64) AppleWebKit/537.36 (KHTML, like Gecko) Chrome/118.0.0.0 Safari/537.36"
