52.230.92.0 - - [15/Dec/2025:01:03:46 +0100] "GET /wp-includes/Text/Diff/Engine HTTP/1.1" 301 264 "https://www.bing.com/" "Mozilla/5.0 (iPhone; CPU iPhone OS 16_0 like Mac OS X) AppleWebKit/605.1.15 (KHTML, like Gecko) FxiOS/118.0 Mobile/15E148 Safari/605.1.15"
52.230.92.0 - - [15/Dec/2025:01:03:46 +0100] "GET /wp-includes/Text/Diff/Engine HTTP/1.1" 301 265 "https://www.bing.com/" "Mozilla/5.0 (iPhone; CPU iPhone OS 16_0 like Mac OS X) AppleWebKit/605.1.15 (KHTML, like Gecko) FxiOS/118.0 Mobile/15E148 Safari/605.1.15"
52.230.92.0 - - [15/Dec/2025:01:03:46 +0100] "GET /wp-includes/Text/Diff/Engine/ HTTP/1.1" 403 2596 "https://www.bing.com/" "Mozilla/5.0 (iPhone; CPU iPhone OS 16_0 like Mac OS X) AppleWebKit/605.1.15 (KHTML, like Gecko) FxiOS/118.0 Mobile/15E148 Safari/605.1.15"
52.230.92.0 - - [15/Dec/2025:01:03:46 +0100] "GET /wp-includes/block-bindings/index.php HTTP/1.1" 301 272 "https://www.google.com/" "Mozilla/5.0 (iPhone; CPU iPhone OS 17_0_3 like Mac OS X) AppleWebKit/605.1.15 (KHTML, like Gecko) Version/17.0.1 Mobile/15E148 Safari/604.1"
52.230.92.0 - - [15/Dec/2025:01:03:47 +0100] "GET /wp-includes/block-bindings/index.php HTTP/1.1" 200 - "https://www.google.com/" "Mozilla/5.0 (iPhone; CPU iPhone OS 17_0_3 like Mac OS X) AppleWebKit/605.1.15 (KHTML, like Gecko) Version/17.0.1 Mobile/15E148 Safari/604.1"
52.230.92.0 - - [15/Dec/2025:01:03:47 +0100] "GET /wp-includes/block-bindings/ HTTP/1.1" 403 2608 "https://www.google.com/" "Mozilla/5.0 (iPhone; CPU iPhone OS 17_0_3 like Mac OS X) AppleWebKit/605.1.15 (KHTML, like Gecko) Version/17.0.1 Mobile/15E148 Safari/604.1"
52.230.92.0 - - [15/Dec/2025:01:03:47 +0100] "GET /wp-includes/block-supports HTTP/1.1" 301 262 "https://www.bing.com/" "Mozilla/5.0 (Linux; Android 10; K) AppleWebKit/537.36 (KHTML, like Gecko) Chrome/117.0.0.0 Mobile Safari/537.36"
52.230.92.0 - - [15/Dec/2025:01:03:47 +0100] "GET /wp-includes/block-supports HTTP/1.1" 301 263 "https://www.bing.com/" "Mozilla/5.0 (Linux; Android 10; K) AppleWebKit/537.36 (KHTML, like Gecko) Chrome/117.0.0.0 Mobile Safari/537.36"
52.230.92.0 - - [15/Dec/2025:01:03:47 +0100] "GET /wp-includes/block-supports/ HTTP/1.1" 403 2596 "https://www.bing.com/" "Mozilla/5.0 (Linux; Android 10; K) AppleWebKit/537.36 (KHTML, like Gecko) Chrome/117.0.0.0 Mobile Safari/537.36"
52.230.92.0 - - [15/Dec/2025:01:03:48 +0100] "GET /wp-includes/blocks/code HTTP/1.1" 301 259 "https://www.bing.com/" "Mozilla/5.0 (iPhone; CPU iPhone OS 17_1_1 like Mac OS X) AppleWebKit/605.1.15 (KHTML, like Gecko) Version/17.1 Mobile/15E148 Safari/604.1"
52.230.92.0 - - [15/Dec/2025:01:03:48 +0100] "GET /wp-includes/blocks/code HTTP/1.1" 301 260 "https://www.bing.com/" "Mozilla/5.0 (iPhone; CPU iPhone OS 17_1_1 like Mac OS X) AppleWebKit/605.1.15 (KHTML, like Gecko) Version/17.1 Mobile/15E148 Safari/604.1"
52.230.92.0 - - [15/Dec/2025:01:03:48 +0100] "GET /wp-includes/blocks/code/ HTTP/1.1" 403 2596 "https://www.bing.com/" "Mozilla/5.0 (iPhone; CPU iPhone OS 17_1_1 like Mac OS X) AppleWebKit/605.1.15 (KHTML, like Gecko) Version/17.1 Mobile/15E148 Safari/604.1"
52.230.92.0 - - [15/Dec/2025:01:03:48 +0100] "GET /wp-includes/customize/chosen.php HTTP/1.1" 301 268 "https://www.google.co.uk/" "Mozilla/5.0 (iPhone; CPU iPhone OS 17_1 like Mac OS X) AppleWebKit/605.1.15 (KHTML, like Gecko) CriOS/119.0.6045.109 Mobile/15E148 Safari/604.1"
52.230.92.0 - - [15/Dec/2025:01:03:48 +0100] "GET /wp-includes/customize/chosen.php HTTP/1.1" 200 - "https://www.google.co.uk/" "Mozilla/5.0 (iPhone; CPU iPhone OS 17_1 like Mac OS X) AppleWebKit/605.1.15 (KHTML, like Gecko) CriOS/119.0.6045.109 Mobile/15E148 Safari/604.1"
185.111.111.0 - - [15/Dec/2025:01:03:49 +0100] "GET /wp-content/themes/busiprof-pro/print.css HTTP/1.1" 404 2655 "-" "WordPress/6.8.3; https://www.gebaeudetechnik.nrw"
52.230.92.0 - - [15/Dec/2025:01:03:49 +0100] "GET /wp-includes/customize/chosen.php HTTP/1.1" 200 237751 "https://www.google.co.uk/" "Mozilla/5.0 (iPhone; CPU iPhone OS 17_1 like Mac OS X) AppleWebKit/605.1.15 (KHTML, like Gecko) CriOS/119.0.6045.109 Mobile/15E148 Safari/604.1"
52.230.92.0 - - [15/Dec/2025:01:03:50 +0100] "GET /wp-includes/html-api/index.php HTTP/1.1" 301 266 "https://www.yahoo.com/" "Mozilla/5.0 (iPhone; CPU iPhone OS 17_1_1 like Mac OS X) AppleWebKit/605.1.15 (KHTML, like Gecko) Version/17.1 Mobile/15E148 Safari/604.1"
52.230.92.0 - - [15/Dec/2025:01:03:50 +0100] "GET /wp-includes/html-api/index.php HTTP/1.1" 200 - "https://www.yahoo.com/" "Mozilla/5.0 (iPhone; CPU iPhone OS 17_1_1 like Mac OS X) AppleWebKit/605.1.15 (KHTML, like Gecko) Version/17.1 Mobile/15E148 Safari/604.1"
52.230.92.0 - - [15/Dec/2025:01:03:50 +0100] "GET /wp-includes/html-api/ HTTP/1.1" 403 2606 "https://www.yahoo.com/" "Mozilla/5.0 (iPhone; CPU iPhone OS 17_1_1 like Mac OS X) AppleWebKit/605.1.15 (KHTML, like Gecko) Version/17.1 Mobile/15E148 Safari/604.1"
52.230.92.0 - - [15/Dec/2025:01:03:51 +0100] "GET /wp-includes/index.php HTTP/1.1" 301 257 "https://www.google.co.uk/" "Mozilla/5.0 (Linux; Android 13; SM-G991U) AppleWebKit/537.36 (KHTML, like Gecko) Chrome/117.0.0.0 Mobile Safari/537.36"
52.230.92.0 - - [15/Dec/2025:01:03:51 +0100] "GET /wp-includes/index.php HTTP/1.1" 403 2604 "https://www.google.co.uk/" "Mozilla/5.0 (Linux; Android 13; SM-G991U) AppleWebKit/537.36 (KHTML, like Gecko) Chrome/117.0.0.0 Mobile Safari/537.36"
52.230.92.0 - - [15/Dec/2025:01:03:51 +0100] "GET /wp-includes/js/dist/development/index.php HTTP/1.1" 301 277 "https://www.google.com/" "Mozilla/5.0 (Linux; Android 13; SM-G991U) AppleWebKit/537.36 (KHTML, like Gecko) Chrome/117.0.0.0 Mobile Safari/537.36"
52.230.92.0 - - [15/Dec/2025:01:03:51 +0100] "GET /wp-includes/js/dist/development/index.php HTTP/1.1" 200 - "https://www.google.com/" "Mozilla/5.0 (Linux; Android 13; SM-G991U) AppleWebKit/537.36 (KHTML, like Gecko) Chrome/117.0.0.0 Mobile Safari/537.36"
52.230.92.0 - - [15/Dec/2025:01:03:51 +0100] "GET /wp-includes/js/dist/development/ HTTP/1.1" 403 2608 "https://www.google.com/" "Mozilla/5.0 (Linux; Android 13; SM-G991U) AppleWebKit/537.36 (KHTML, like Gecko) Chrome/117.0.0.0 Mobile Safari/537.36"
52.230.92.0 - - [15/Dec/2025:01:03:52 +0100] "GET /wp-includes/pomo/index.php HTTP/1.1" 301 262 "https://www.yahoo.com/" "Mozilla/5.0 (Linux; Android 10; K) AppleWebKit/537.36 (KHTML, like Gecko) Chrome/117.0.0.0 Mobile Safari/537.36"
52.230.92.0 - - [15/Dec/2025:01:03:52 +0100] "GET /wp-includes/pomo/index.php HTTP/1.1" 200 - "https://www.yahoo.com/" "Mozilla/5.0 (Linux; Android 10; K) AppleWebKit/537.36 (KHTML, like Gecko) Chrome/117.0.0.0 Mobile Safari/537.36"
52.230.92.0 - - [15/Dec/2025:01:03:52 +0100] "GET /wp-includes/pomo/ HTTP/1.1" 403 2606 "https://www.yahoo.com/" "Mozilla/5.0 (Linux; Android 10; K) AppleWebKit/537.36 (KHTML, like Gecko) Chrome/117.0.0.0 Mobile Safari/537.36"
52.230.92.0 - - [15/Dec/2025:01:03:52 +0100] "GET /wp-includes/rest-api HTTP/1.1" 301 256 "https://www.google.com/" "Mozilla/5.0 (Linux; Android 11; CPH2251) AppleWebKit/537.36 (KHTML, like Gecko) Chrome/116.0.0.0 Mobile Safari/537.36"
52.230.92.0 - - [15/Dec/2025:01:03:52 +0100] "GET /wp-includes/rest-api HTTP/1.1" 301 257 "https://www.google.com/" "Mozilla/5.0 (Linux; Android 11; CPH2251) AppleWebKit/537.36 (KHTML, like Gecko) Chrome/116.0.0.0 Mobile Safari/537.36"
52.230.92.0 - - [15/Dec/2025:01:03:53 +0100] "GET /wp-includes/rest-api/ HTTP/1.1" 403 2600 "https://www.google.com/" "Mozilla/5.0 (Linux; Android 11; CPH2251) AppleWebKit/537.36 (KHTML, like Gecko) Chrome/116.0.0.0 Mobile Safari/537.36"
52.230.92.0 - - [15/Dec/2025:01:03:53 +0100] "GET /wp-includes/sitemaps/autoload_classmap.php HTTP/1.1" 301 278 "https://www.yahoo.com/" "Mozilla/5.0 (Linux; Android 13; M2101K6G) AppleWebKit/537.36 (KHTML, like Gecko) Chrome/116.0.0.0 Mobile Safari/537.36"
52.230.92.0 - - [15/Dec/2025:01:03:53 +0100] "GET /wp-includes/sitemaps/autoload_classmap.php HTTP/1.1" 200 - "https://www.yahoo.com/" "Mozilla/5.0 (Linux; Android 13; M2101K6G) AppleWebKit/537.36 (KHTML, like Gecko) Chrome/116.0.0.0 Mobile Safari/537.36"
185.111.111.0 - - [15/Dec/2025:01:03:53 +0100] "GET /wp-content/themes/busiprof-pro/print.css HTTP/1.1" 404 2655 "-" "WordPress/6.8.3; https://www.gebaeudetechnik.nrw"
52.230.92.0 - - [15/Dec/2025:01:03:53 +0100] "GET /wp-includes/sitemaps/autoload_classmap.php HTTP/1.1" 200 237751 "https://www.yahoo.com/" "Mozilla/5.0 (Linux; Android 13; M2101K6G) AppleWebKit/537.36 (KHTML, like Gecko) Chrome/116.0.0.0 Mobile Safari/537.36"
52.230.92.0 - - [15/Dec/2025:01:03:54 +0100] "GET /wp-includes/theme-compat HTTP/1.1" 301 260 "https://www.google.de/" "Mozilla/5.0 (iPhone; CPU iPhone OS 15_7_9 like Mac OS X) AppleWebKit/605.1.15 (KHTML, like Gecko) Version/15.6.5 Mobile/15E148 Safari/604.1"
52.230.92.0 - - [15/Dec/2025:01:03:54 +0100] "GET /wp-includes/theme-compat HTTP/1.1" 301 261 "https://www.google.de/" "Mozilla/5.0 (iPhone; CPU iPhone OS 15_7_9 like Mac OS X) AppleWebKit/605.1.15 (KHTML, like Gecko) Version/15.6.5 Mobile/15E148 Safari/604.1"
52.230.92.0 - - [15/Dec/2025:01:03:55 +0100] "GET /wp-includes/theme-compat/ HTTP/1.1" 403 2598 "https://www.google.de/" "Mozilla/5.0 (iPhone; CPU iPhone OS 15_7_9 like Mac OS X) AppleWebKit/605.1.15 (KHTML, like Gecko) Version/15.6.5 Mobile/15E148 Safari/604.1"
2001:470:1:c84:: - - [15/Dec/2025:01:05:51 +0100] "GET /favicon.ico HTTP/1.1" 404 2661 "-" "Mozilla/5.0 (X11; Linux x86_64; rv:108.0) Gecko/20100101 Firefox/108.0"
91.201.113.0 - - [15/Dec/2025:01:06:11 +0100] "GET /reports/usage_202511.html HTTP/1.0" 200 94062 "https://vykup-auto-prm.ru/" "Mozilla/5.0 (Windows NT 10.0; Win64; x64) AppleWebKit/537.36 (KHTML, like Gecko) Chrome/130.0.0.0 Safari/537.36 CCleaner/130.0.0.0"
91.201.113.0 - - [15/Dec/2025:01:06:13 +0100] "GET /reports/usage_202511.html HTTP/1.0" 200 94062 "https://vykup-auto-prm.ru/" "Mozilla/5.0 (Windows NT 10.0; Win64; x64) AppleWebKit/537.36 (KHTML, like Gecko) Chrome/129.0.0.0 Safari/537.36"
91.201.113.0 - - [15/Dec/2025:01:06:15 +0100] "GET /reports/usage_202511.html HTTP/1.0" 200 94062 "https://vykup-auto-prm.ru/" "Mozilla/5.0 (Windows NT 10.0; Win64; x64) AppleWebKit/537.36 (KHTML, like Gecko) Chrome/130.0.0.0 Safari/537.36"
185.247.137.0 - - [15/Dec/2025:01:09:45 +0100] "GET / HTTP/1.1" 200 729 "-" "Mozilla/5.0 (compatible; InternetMeasurement/1.0; +https://internet-measurement.com/)"
91.201.113.0 - - [15/Dec/2025:01:09:46 +0100] "GET /reports/usage_202511.html HTTP/1.0" 200 94062 "https://vykup-auto-prm.ru/" "Mozilla/5.0 (Windows NT 10.0; Win64; x64) AppleWebKit/537.36 (KHTML, like Gecko) Chrome/130.0.0.0 Safari/537.36"
91.201.113.0 - - [15/Dec/2025:01:09:49 +0100] "GET /reports/usage_202511.html HTTP/1.0" 200 94062 "https://vykup-auto-prm.ru/" "Mozilla/5.0 (Windows NT 10.0; Win64; x64) AppleWebKit/537.36 (KHTML, like Gecko) Chrome/131.0.0.0 Safari/537.36"
91.201.113.0 - - [15/Dec/2025:01:09:51 +0100] "GET /reports/usage_202511.html HTTP/1.0" 200 94062 "https://vykup-auto-prm.ru/" "Mozilla/5.0 (Windows NT 10.0; Win64; x64) AppleWebKit/537.36 (KHTML, like Gecko) Chrome/130.0.0.0 Safari/537.36"
104.152.52.0 - - [15/Dec/2025:01:09:52 +0100] "\x16\x03\x01\x05\xca\x01" 400 226 "-" "-"
104.152.52.0 - - [15/Dec/2025:01:09:52 +0100] "GET / HTTP/1.1" 200 3510 "-" "curl/7.61.1"
104.152.52.0 - - [15/Dec/2025:01:09:52 +0100] "GET /favicon.ico HTTP/1.1" 404 2553 "-" "curl/7.61.1"
216.244.66.0 - - [15/Dec/2025:01:11:46 +0100] "GET /robots.txt HTTP/1.1" 404 2551 "-" "Mozilla/5.0 (compatible; DotBot/1.2; +https://opensiteexplorer.org/dotbot; help@moz.com)"
91.201.113.0 - - [15/Dec/2025:01:13:23 +0100] "GET /reports/usage_202511.html HTTP/1.0" 200 94062 "https://vykup-auto-prm.ru/" "Mozilla/5.0 (Windows NT 10.0; Win64; x64) AppleWebKit/537.36 (KHTML, like Gecko) Chrome/131.0.0.0 Safari/537.36"
91.201.113.0 - - [15/Dec/2025:01:13:25 +0100] "GET /reports/usage_202511.html HTTP/1.0" 200 94062 "https://vykup-auto-prm.ru/" "Mozilla/5.0 (Windows NT 10.0; Win64; x64) AppleWebKit/537.36 (KHTML, like Gecko) Chrome/130.0.0.0 Safari/537.36"
91.201.113.0 - - [15/Dec/2025:01:13:27 +0100] "GET /reports/usage_202511.html HTTP/1.0" 200 94062 "https://vykup-auto-prm.ru/" "Mozilla/5.0 (Windows NT 10.0; Win64; x64) AppleWebKit/537.36 (KHTML, like Gecko) Chrome/130.0.0.0 Safari/537.36 CCleaner/130.0.0.0"
123.249.88.0 - - [15/Dec/2025:01:15:31 +0100] "POST /cgi-bin/.%2e/.%2e/.%2e/.%2e/.%2e/.%2e/.%2e/.%2e/.%2e/.%2e/bin/sh HTTP/1.1" 400 226 "-" "libredtail-http"
123.249.88.0 - - [15/Dec/2025:01:15:31 +0100] "POST /cgi-bin/.%2e/.%2e/.%2e/.%2e/.%2e/.%2e/.%2e/.%2e/.%2e/.%2e/bin/sh HTTP/1.1" 400 226 "-" "libredtail-http"
123.249.88.0 - - [15/Dec/2025:01:15:33 +0100] "POST /cgi-bin/%%32%65%%32%65/%%32%65%%32%65/%%32%65%%32%65/%%32%65%%32%65/%%32%65%%32%65/%%32%65%%32%65/%%32%65%%32%65/bin/sh HTTP/1.1" 400 226 "-" "libredtail-http"
123.249.88.0 - - [15/Dec/2025:01:15:34 +0100] "POST /cgi-bin/%%32%65%%32%65/%%32%65%%32%65/%%32%65%%32%65/%%32%65%%32%65/%%32%65%%32%65/%%32%65%%32%65/%%32%65%%32%65/bin/sh HTTP/1.1" 400 226 "-" "libredtail-http"
123.249.88.0 - - [15/Dec/2025:01:15:35 +0100] "POST /hello.world?%ADd+allow_url_include%3d1+%ADd+auto_prepend_file%3dphp://input HTTP/1.1" 404 2681 "-" "libredtail-http"
123.249.88.0 - - [15/Dec/2025:01:15:35 +0100] "POST /?%ADd+allow_url_include%3d1+%ADd+auto_prepend_file%3dphp://input HTTP/1.1" 404 2659 "-" "libredtail-http"
123.249.88.0 - - [15/Dec/2025:01:15:36 +0100] "GET /vendor/phpunit/phpunit/src/Util/PHP/eval-stdin.php HTTP/1.1" 404 2631 "-" "libredtail-http"
123.249.88.0 - - [15/Dec/2025:01:15:36 +0100] "POST /hello.world?%ADd+allow_url_include%3d1+%ADd+auto_prepend_file%3dphp://input HTTP/1.1" 404 2681 "-" "libredtail-http"
123.249.88.0 - - [15/Dec/2025:01:15:36 +0100] "GET /vendor/phpunit/phpunit/Util/PHP/eval-stdin.php HTTP/1.1" 404 2623 "-" "libredtail-http"
123.249.88.0 - - [15/Dec/2025:01:15:36 +0100] "POST /?%ADd+allow_url_include%3d1+%ADd+auto_prepend_file%3dphp://input HTTP/1.1" 404 2659 "-" "libredtail-http"
123.249.88.0 - - [15/Dec/2025:01:15:37 +0100] "GET /vendor/phpunit/phpunit/src/Util/PHP/eval-stdin.php HTTP/1.1" 404 2631 "-" "libredtail-http"
123.249.88.0 - - [15/Dec/2025:01:15:37 +0100] "GET /vendor/phpunit/src/Util/PHP/eval-stdin.php HTTP/1.1" 404 2615 "-" "libredtail-http"
123.249.88.0 - - [15/Dec/2025:01:15:37 +0100] "GET /vendor/phpunit/Util/PHP/eval-stdin.php HTTP/1.1" 404 2607 "-" "libredtail-http"
123.249.88.0 - - [15/Dec/2025:01:15:37 +0100] "GET /vendor/phpunit/phpunit/Util/PHP/eval-stdin.php HTTP/1.1" 404 2623 "-" "libredtail-http"
123.249.88.0 - - [15/Dec/2025:01:15:38 +0100] "GET /vendor/phpunit/phpunit/LICENSE/eval-stdin.php HTTP/1.1" 404 2621 "-" "libredtail-http"
123.249.88.0 - - [15/Dec/2025:01:15:39 +0100] "GET /vendor/vendor/phpunit/phpunit/src/Util/PHP/eval-stdin.php HTTP/1.1" 404 2645 "-" "libredtail-http"
123.249.88.0 - - [15/Dec/2025:01:15:39 +0100] "GET /phpunit/phpunit/src/Util/PHP/eval-stdin.php HTTP/1.1" 404 2617 "-" "libredtail-http"
123.249.88.0 - - [15/Dec/2025:01:15:39 +0100] "GET /vendor/phpunit/src/Util/PHP/eval-stdin.php HTTP/1.1" 404 2615 "-" "libredtail-http"
123.249.88.0 - - [15/Dec/2025:01:15:39 +0100] "GET /phpunit/phpunit/Util/PHP/eval-stdin.php HTTP/1.1" 404 2609 "-" "libredtail-http"
123.249.88.0 - - [15/Dec/2025:01:15:39 +0100] "GET /vendor/phpunit/Util/PHP/eval-stdin.php HTTP/1.1" 404 2607 "-" "libredtail-http"
123.249.88.0 - - [15/Dec/2025:01:15:40 +0100] "GET /vendor/phpunit/phpunit/LICENSE/eval-stdin.php HTTP/1.1" 404 2621 "-" "libredtail-http"
123.249.88.0 - - [15/Dec/2025:01:15:40 +0100] "GET /phpunit/src/Util/PHP/eval-stdin.php HTTP/1.1" 404 2601 "-" "libredtail-http"
123.249.88.0 - - [15/Dec/2025:01:15:41 +0100] "GET /phpunit/Util/PHP/eval-stdin.php HTTP/1.1" 404 2593 "-" "libredtail-http"
123.249.88.0 - - [15/Dec/2025:01:15:41 +0100] "GET /lib/phpunit/phpunit/src/Util/PHP/eval-stdin.php HTTP/1.1" 404 2625 "-" "libredtail-http"
123.249.88.0 - - [15/Dec/2025:01:15:42 +0100] "GET /lib/phpunit/phpunit/Util/PHP/eval-stdin.php HTTP/1.1" 404 2617 "-" "libredtail-http"
123.249.88.0 - - [15/Dec/2025:01:15:42 +0100] "GET /vendor/vendor/phpunit/phpunit/src/Util/PHP/eval-stdin.php HTTP/1.1" 404 2645 "-" "libredtail-http"
123.249.88.0 - - [15/Dec/2025:01:15:42 +0100] "GET /lib/phpunit/src/Util/PHP/eval-stdin.php HTTP/1.1" 404 2609 "-" "libredtail-http"
123.249.88.0 - - [15/Dec/2025:01:15:43 +0100] "GET /lib/phpunit/Util/PHP/eval-stdin.php HTTP/1.1" 404 2601 "-" "libredtail-http"
123.249.88.0 - - [15/Dec/2025:01:15:43 +0100] "GET /phpunit/phpunit/src/Util/PHP/eval-stdin.php HTTP/1.1" 404 2617 "-" "libredtail-http"
123.249.88.0 - - [15/Dec/2025:01:15:43 +0100] "GET /lib/vendor/phpunit/phpunit/src/Util/PHP/eval-stdin.php HTTP/1.1" 404 2639 "-" "libredtail-http"
123.249.88.0 - - [15/Dec/2025:01:15:44 +0100] "GET /phpunit/phpunit/Util/PHP/eval-stdin.php HTTP/1.1" 404 2609 "-" "libredtail-http"
123.249.88.0 - - [15/Dec/2025:01:15:44 +0100] "GET /laravel/vendor/phpunit/phpunit/src/Util/PHP/eval-stdin.php HTTP/1.1" 404 2647 "-" "libredtail-http"
123.249.88.0 - - [15/Dec/2025:01:15:44 +0100] "GET /www/vendor/phpunit/phpunit/src/Util/PHP/eval-stdin.php HTTP/1.1" 404 2639 "-" "libredtail-http"
123.249.88.0 - - [15/Dec/2025:01:15:44 +0100] "GET /phpunit/src/Util/PHP/eval-stdin.php HTTP/1.1" 404 2601 "-" "libredtail-http"
123.249.88.0 - - [15/Dec/2025:01:15:45 +0100] "GET /ws/vendor/phpunit/phpunit/src/Util/PHP/eval-stdin.php HTTP/1.1" 404 2637 "-" "libredtail-http"
123.249.88.0 - - [15/Dec/2025:01:15:45 +0100] "GET /phpunit/Util/PHP/eval-stdin.php HTTP/1.1" 404 2593 "-" "libredtail-http"
123.249.88.0 - - [15/Dec/2025:01:15:45 +0100] "GET /lib/phpunit/phpunit/src/Util/PHP/eval-stdin.php HTTP/1.1" 404 2625 "-" "libredtail-http"
123.249.88.0 - - [15/Dec/2025:01:15:45 +0100] "GET /yii/vendor/phpunit/phpunit/src/Util/PHP/eval-stdin.php HTTP/1.1" 404 2639 "-" "libredtail-http"
123.249.88.0 - - [15/Dec/2025:01:15:46 +0100] "GET /zend/vendor/phpunit/phpunit/src/Util/PHP/eval-stdin.php HTTP/1.1" 404 2641 "-" "libredtail-http"
123.249.88.0 - - [15/Dec/2025:01:15:46 +0100] "GET /lib/phpunit/phpunit/Util/PHP/eval-stdin.php HTTP/1.1" 404 2617 "-" "libredtail-http"
123.249.88.0 - - [15/Dec/2025:01:15:46 +0100] "GET /ws/ec/vendor/phpunit/phpunit/src/Util/PHP/eval-stdin.php HTTP/1.1" 404 2643 "-" "libredtail-http"
123.249.88.0 - - [15/Dec/2025:01:15:47 +0100] "GET /V2/vendor/phpunit/phpunit/src/Util/PHP/eval-stdin.php HTTP/1.1" 404 2637 "-" "libredtail-http"
123.249.88.0 - - [15/Dec/2025:01:15:47 +0100] "GET /tests/vendor/phpunit/phpunit/src/Util/PHP/eval-stdin.php HTTP/1.1" 404 2643 "-" "libredtail-http"
123.249.88.0 - - [15/Dec/2025:01:15:47 +0100] "GET /test/vendor/phpunit/phpunit/src/Util/PHP/eval-stdin.php HTTP/1.1" 404 2641 "-" "libredtail-http"
123.249.88.0 - - [15/Dec/2025:01:15:48 +0100] "GET /lib/phpunit/src/Util/PHP/eval-stdin.php HTTP/1.1" 404 2609 "-" "libredtail-http"
123.249.88.0 - - [15/Dec/2025:01:15:48 +0100] "GET /testing/vendor/phpunit/phpunit/src/Util/PHP/eval-stdin.php HTTP/1.1" 404 2647 "-" "libredtail-http"
123.249.88.0 - - [15/Dec/2025:01:15:48 +0100] "GET /lib/phpunit/Util/PHP/eval-stdin.php HTTP/1.1" 404 2601 "-" "libredtail-http"
123.249.88.0 - - [15/Dec/2025:01:15:48 +0100] "GET /api/vendor/phpunit/phpunit/src/Util/PHP/eval-stdin.php HTTP/1.1" 404 2639 "-" "libredtail-http"
123.249.88.0 - - [15/Dec/2025:01:15:48 +0100] "GET /demo/vendor/phpunit/phpunit/src/Util/PHP/eval-stdin.php HTTP/1.1" 404 2641 "-" "libredtail-http"
123.249.88.0 - - [15/Dec/2025:01:15:49 +0100] "GET /cms/vendor/phpunit/phpunit/src/Util/PHP/eval-stdin.php HTTP/1.1" 404 2639 "-" "libredtail-http"
123.249.88.0 - - [15/Dec/2025:01:15:49 +0100] "GET /lib/vendor/phpunit/phpunit/src/Util/PHP/eval-stdin.php HTTP/1.1" 404 2639 "-" "libredtail-http"
123.249.88.0 - - [15/Dec/2025:01:15:49 +0100] "GET /crm/vendor/phpunit/phpunit/src/Util/PHP/eval-stdin.php HTTP/1.1" 404 2639 "-" "libredtail-http"
123.249.88.0 - - [15/Dec/2025:01:15:49 +0100] "GET /laravel/vendor/phpunit/phpunit/src/Util/PHP/eval-stdin.php HTTP/1.1" 404 2647 "-" "libredtail-http"
123.249.88.0 - - [15/Dec/2025:01:15:49 +0100] "GET /admin/vendor/phpunit/phpunit/src/Util/PHP/eval-stdin.php HTTP/1.1" 404 2643 "-" "libredtail-http"
123.249.88.0 - - [15/Dec/2025:01:15:50 +0100] "GET /www/vendor/phpunit/phpunit/src/Util/PHP/eval-stdin.php HTTP/1.1" 404 2639 "-" "libredtail-http"
123.249.88.0 - - [15/Dec/2025:01:15:50 +0100] "GET /backup/vendor/phpunit/phpunit/src/Util/PHP/eval-stdin.php HTTP/1.1" 404 2645 "-" "libredtail-http"
123.249.88.0 - - [15/Dec/2025:01:15:50 +0100] "GET /ws/vendor/phpunit/phpunit/src/Util/PHP/eval-stdin.php HTTP/1.1" 404 2637 "-" "libredtail-http"
123.249.88.0 - - [15/Dec/2025:01:15:50 +0100] "GET /blog/vendor/phpunit/phpunit/src/Util/PHP/eval-stdin.php HTTP/1.1" 404 2641 "-" "libredtail-http"
123.249.88.0 - - [15/Dec/2025:01:15:51 +0100] "GET /workspace/drupal/vendor/phpunit/phpunit/src/Util/PHP/eval-stdin.php HTTP/1.1" 404 2665 "-" "libredtail-http"
123.249.88.0 - - [15/Dec/2025:01:15:51 +0100] "GET /panel/vendor/phpunit/phpunit/src/Util/PHP/eval-stdin.php HTTP/1.1" 404 2643 "-" "libredtail-http"
123.249.88.0 - - [15/Dec/2025:01:15:52 +0100] "GET /public/vendor/phpunit/phpunit/src/Util/PHP/eval-stdin.php HTTP/1.1" 404 2645 "-" "libredtail-http"
123.249.88.0 - - [15/Dec/2025:01:15:52 +0100] "GET /apps/vendor/phpunit/phpunit/src/Util/PHP/eval-stdin.php HTTP/1.1" 404 2641 "-" "libredtail-http"
123.249.88.0 - - [15/Dec/2025:01:15:52 +0100] "GET /app/vendor/phpunit/phpunit/src/Util/PHP/eval-stdin.php HTTP/1.1" 404 2639 "-" "libredtail-http"
123.249.88.0 - - [15/Dec/2025:01:15:53 +0100] "GET /index.php?s=/index/\\think\\app/invokefunction&function=call_user_func_array&vars[0]=md5&vars[1][]=Hello HTTP/1.1" 404 2759 "-" "libredtail-http"
123.249.88.0 - - [15/Dec/2025:01:15:53 +0100] "GET /public/index.php?s=/index/\\think\\app/invokefunction&function=call_user_func_array&vars[0]=md5&vars[1][]=Hello HTTP/1.1" 404 2773 "-" "libredtail-http"
123.249.88.0 - - [15/Dec/2025:01:15:54 +0100] "GET /index.php?lang=../../../../../../../../usr/local/lib/php/pearcmd&+config-create+/&/+/tmp/index1.php HTTP/1.1" 404 2805 "-" "libredtail-http"
123.249.88.0 - - [15/Dec/2025:01:15:54 +0100] "GET /index.php?lang=../../../../../../../../tmp/index1 HTTP/1.1" 404 2629 "-" "libredtail-http"
123.249.88.0 - - [15/Dec/2025:01:15:54 +0100] "GET /containers/json HTTP/1.1" 404 2561 "-" "libredtail-http"
91.201.113.0 - - [15/Dec/2025:01:16:59 +0100] "GET /reports/usage_202511.html HTTP/1.0" 200 94062 "https://vykup-auto-prm.ru/" "Mozilla/5.0 (Windows NT 10.0; Win64; x64) AppleWebKit/537.36 (KHTML, like Gecko) Chrome/129.0.0.0 Safari/537.36"
91.201.113.0 - - [15/Dec/2025:01:17:01 +0100] "GET /reports/usage_202511.html HTTP/1.0" 200 94062 "https://vykup-auto-prm.ru/" "Mozilla/5.0 (Windows NT 10.0; Win64; x64) AppleWebKit/537.36 (KHTML, like Gecko) Chrome/130.0.0.0 Safari/537.36"
91.201.113.0 - - [15/Dec/2025:01:17:03 +0100] "GET /reports/usage_202511.html HTTP/1.0" 200 94062 "https://vykup-auto-prm.ru/" "Mozilla/5.0 (Windows NT 10.0; Win64; x64) AppleWebKit/537.36 (KHTML, like Gecko) Chrome/131.0.0.0 Safari/537.36"
91.201.113.0 - - [15/Dec/2025:01:20:34 +0100] "GET /reports/usage_202511.html HTTP/1.0" 200 94062 "https://vykup-auto-prm.ru/" "Mozilla/5.0 (Windows NT 10.0; Win64; x64) AppleWebKit/537.36 (KHTML, like Gecko) Chrome/131.0.0.0 Safari/537.36 Avast/131.0.0.0"
91.201.113.0 - - [15/Dec/2025:01:20:36 +0100] "GET /reports/usage_202511.html HTTP/1.0" 200 94062 "https://vykup-auto-prm.ru/" "Mozilla/5.0 (Windows NT 10.0; Win64; x64) AppleWebKit/537.36 (KHTML, like Gecko) Chrome/130.0.0.0 Safari/537.36 CCleaner/130.0.0.0"
91.201.113.0 - - [15/Dec/2025:01:20:38 +0100] "GET /reports/usage_202511.html HTTP/1.0" 200 94062 "https://vykup-auto-prm.ru/" "Mozilla/5.0 (Windows NT 10.0; Win64; x64) AppleWebKit/537.36 (KHTML, like Gecko) Chrome/130.0.0.0 Safari/537.36 CCleaner/130.0.0.0"
43.130.9.0 - - [15/Dec/2025:01:20:55 +0100] "GET / HTTP/1.0" 400 362 "-" "-"
213.209.157.0 - - [15/Dec/2025:01:21:11 +0100] "GET /.git/config HTTP/1.1" 404 2557 "-" "Mozilla/5.0 (X11; U; OpenBSD arm; en-us) AppleWebKit/531.2 (KHTML, like Gecko) Safari/531.2 Epiphany/2.30.0"
198.235.24.0 - - [15/Dec/2025:01:21:55 +0100] "GET / HTTP/1.0" 404 - "-" "Hello from Palo Alto Networks, find out more about our scans in https://docs-cortex.paloaltonetworks.com/r/1/Cortex-Xpanse/Scanning-activity"
216.244.66.0 - - [15/Dec/2025:01:22:50 +0100] "GET /contao/vendor/league/uri-schemes/src/functions.php HTTP/1.1" 200 - "-" "Mozilla/5.0 (compatible; DotBot/1.2; +https://opensiteexplorer.org/dotbot; help@moz.com)"
91.201.113.0 - - [15/Dec/2025:01:24:08 +0100] "GET /reports/usage_202511.html HTTP/1.0" 200 94062 "https://vykup-auto-prm.ru/" "Mozilla/5.0 (Windows NT 10.0; Win64; x64) AppleWebKit/537.36 (KHTML, like Gecko) Chrome/130.0.0.0 Safari/537.36 CCleaner/130.0.0.0"
91.201.113.0 - - [15/Dec/2025:01:24:10 +0100] "GET /reports/usage_202511.html HTTP/1.0" 200 94062 "https://vykup-auto-prm.ru/" "Mozilla/5.0 (Windows NT 10.0; Win64; x64) AppleWebKit/537.36 (KHTML, like Gecko) Chrome/131.0.0.0 Safari/537.36"
91.201.113.0 - - [15/Dec/2025:01:24:13 +0100] "GET /reports/usage_202511.html HTTP/1.0" 200 94062 "https://vykup-auto-prm.ru/" "Mozilla/5.0 (Windows NT 10.0; Win64; x64) AppleWebKit/537.36 (KHTML, like Gecko) Chrome/131.0.0.0 Safari/537.36"
200.58.127.0 - - [15/Dec/2025:01:24:27 +0100] "GET / HTTP/1.1" 403 2399 "-" "Mozilla/5.0 (Windows NT 10.0; Win64; x64) AppleWebKit/537.36 (KHTML, like Gecko) Chrome/126.0.0.0 Safari/537.36"
47.82.11.0 - - [15/Dec/2025:01:25:02 +0100] "GET /contao/vendor/bacon/bacon-qr-code HTTP/1.1" 301 263 "http://81.169.210.35/" "Mozilla/5.0 (X11; CrOS x86_64 14541.0.0) AppleWebKit/537.36 (KHTML, like Gecko) Chrome/134.0.0.0 Safari/537.36"
47.82.11.0 - - [15/Dec/2025:01:25:03 +0100] "GET /contao/vendor/bacon/bacon-qr-code/ HTTP/1.1" 200 1221 "http://81.169.210.35/" "Mozilla/5.0 (X11; CrOS x86_64 14541.0.0) AppleWebKit/537.36 (KHTML, like Gecko) Chrome/134.0.0.0 Safari/537.36"
213.180.203.0 - - [15/Dec/2025:01:26:12 +0100] "GET /robots.txt HTTP/1.1" 200 223 "-" "Mozilla/5.0 (compatible; YandexBot/3.0; +http://yandex.com/bots)"
2a01:238:43f8:5f00:: - - [15/Dec/2025:01:26:13 +0100] "POST /wp-cron.php?doing_wp_cron=1765758373.0449290275573730468750 HTTP/1.1" 200 - "-" "L4WncDFMVzUH"
185.111.111.0 - - [15/Dec/2025:01:26:13 +0100] "GET /wp-content/themes/busiprof-pro/print.css HTTP/1.1" 404 2655 "-" "WordPress/6.8.3; https://www.gebaeudetechnik.nrw"
5.255.231.0 - - [15/Dec/2025:01:26:12 +0100] "GET /kontaktformular/favicon/favicon-57.png HTTP/1.1" 200 43756 "-" "Mozilla/5.0 (compatible; YandexFavicons/1.0; +http://yandex.com/bots)"
216.244.66.0 - - [15/Dec/2025:01:27:06 +0100] "GET /contao/vendor/php-http/message-factory/src/?C=S;O=A HTTP/1.1" 200 1892 "-" "Mozilla/5.0 (compatible; DotBot/1.2; +https://opensiteexplorer.org/dotbot; help@moz.com)"
216.244.66.0 - - [15/Dec/2025:01:27:10 +0100] "GET /contao/vendor/scheb/two-factor-bundle/Model/?C=D;O=A HTTP/1.1" 200 2550 "-" "Mozilla/5.0 (compatible; DotBot/1.2; +https://opensiteexplorer.org/dotbot; help@moz.com)"
216.244.66.0 - - [15/Dec/2025:01:27:13 +0100] "GET /contao/vendor/swiftmailer/swiftmailer/doc/?C=N;O=D HTTP/1.1" 200 2272 "-" "Mozilla/5.0 (compatible; DotBot/1.2; +https://opensiteexplorer.org/dotbot; help@moz.com)"
216.244.66.0 - - [15/Dec/2025:01:27:17 +0100] "GET /contao/vendor/symfony/framework-bundle/CacheWarmer/?C=S;O=D HTTP/1.1" 200 2885 "-" "Mozilla/5.0 (compatible; DotBot/1.2; +https://opensiteexplorer.org/dotbot; help@moz.com)"
216.244.66.0 - - [15/Dec/2025:01:27:19 +0100] "GET /contao/vendor/symfony/framework-bundle/DataCollector/?C=N;O=D HTTP/1.1" 200 1264 "-" "Mozilla/5.0 (compatible; DotBot/1.2; +https://opensiteexplorer.org/dotbot; help@moz.com)"
216.244.66.0 - - [15/Dec/2025:01:27:21 +0100] "GET /contao/vendor/symfony/security-bundle/DataCollector/?C=D;O=A HTTP/1.1" 200 1035 "-" "Mozilla/5.0 (compatible; DotBot/1.2; +https://opensiteexplorer.org/dotbot; help@moz.com)"
216.244.66.0 - - [15/Dec/2025:01:27:24 +0100] "GET /contao/vendor/symfony/security-bundle/EventListener/?C=M;O=A HTTP/1.1" 200 1247 "-" "Mozilla/5.0 (compatible; DotBot/1.2; +https://opensiteexplorer.org/dotbot; help@moz.com)"
216.244.66.0 - - [15/Dec/2025:01:27:25 +0100] "GET /contao/vendor/symfony/service-contracts/Test/?C=S;O=A HTTP/1.1" 200 1017 "-" "Mozilla/5.0 (compatible; DotBot/1.2; +https://opensiteexplorer.org/dotbot; help@moz.com)"
216.244.66.0 - - [15/Dec/2025:01:27:27 +0100] "GET /contao/vendor/symfony/var-exporter/Exception/?C=M;O=A HTTP/1.1" 200 1484 "-" "Mozilla/5.0 (compatible; DotBot/1.2; +https://opensiteexplorer.org/dotbot; help@moz.com)"
216.244.66.0 - - [15/Dec/2025:01:27:28 +0100] "GET /contao/vendor/ua-parser/uap-php/resources/?C=D;O=A HTTP/1.1" 200 992 "-" "Mozilla/5.0 (compatible; DotBot/1.2; +https://opensiteexplorer.org/dotbot; help@moz.com)"
91.201.113.0 - - [15/Dec/2025:01:27:44 +0100] "GET /reports/usage_202511.html HTTP/1.0" 200 94062 "https://vykup-auto-prm.ru/" "Mozilla/5.0 (Windows NT 10.0; Win64; x64) AppleWebKit/537.36 (KHTML, like Gecko) Chrome/130.0.0.0 Safari/537.36 CCleaner/130.0.0.0"
91.201.113.0 - - [15/Dec/2025:01:27:46 +0100] "GET /reports/usage_202511.html HTTP/1.0" 200 94062 "https://vykup-auto-prm.ru/" "Mozilla/5.0 (Windows NT 10.0; Win64; x64) AppleWebKit/537.36 (KHTML, like Gecko) Chrome/130.0.0.0 Safari/537.36 CCleaner/130.0.0.0"
91.201.113.0 - - [15/Dec/2025:01:27:48 +0100] "GET /reports/usage_202511.html HTTP/1.0" 200 94062 "https://vykup-auto-prm.ru/" "Mozilla/5.0 (Windows NT 10.0; Win64; x64) AppleWebKit/537.36 (KHTML, like Gecko) Chrome/129.0.0.0 Safari/537.36"
3.93.211.0 - - [15/Dec/2025:01:28:12 +0100] "GET /contao/vendor/doctrine/dbal/ci/github/phpunit/?C=D;O%3DA HTTP/1.1" 200 577 "-" "Mozilla/5.0 AppleWebKit/537.36 (KHTML, like Gecko; compatible; Amazonbot/0.1; +https://developer.amazon.com/support/amazonbot) Chrome/119.0.6045.214 Safari/537.36"
34.226.89.0 - - [15/Dec/2025:01:28:16 +0100] "GET /contao/vendor/friendsofsymfony/http-cache-bundle/src/Resources/config/cache_tagging_commands.xml HTTP/1.1" 200 317 "-" "Mozilla/5.0 AppleWebKit/537.36 (KHTML, like Gecko; compatible; Amazonbot/0.1; +https://developer.amazon.com/support/amazonbot) Chrome/119.0.6045.214 Safari/537.36"
3.94.199.0 - - [15/Dec/2025:01:28:20 +0100] "GET /contao/vendor/codefog/contao-haste/library/Haste/Model/Relations.php HTTP/1.1" 200 - "-" "Mozilla/5.0 AppleWebKit/537.36 (KHTML, like Gecko; compatible; Amazonbot/0.1; +https://developer.amazon.com/support/amazonbot) Chrome/119.0.6045.214 Safari/537.36"
52.6.97.0 - - [15/Dec/2025:01:28:24 +0100] "GET /contao/vendor/imagine/imagine/src/Image/Palette/RGB.php HTTP/1.1" 500 - "-" "Mozilla/5.0 AppleWebKit/537.36 (KHTML, like Gecko; compatible; Amazonbot/0.1; +https://developer.amazon.com/support/amazonbot) Chrome/119.0.6045.214 Safari/537.36"
184.73.239.0 - - [15/Dec/2025:01:28:28 +0100] "GET /contao/vendor/scheb/two-factor-bundle/Security/TwoFactor/?C=M;O%3DD HTTP/1.1" 200 646 "-" "Mozilla/5.0 AppleWebKit/537.36 (KHTML, like Gecko; compatible; Amazonbot/0.1; +https://developer.amazon.com/support/amazonbot) Chrome/119.0.6045.214 Safari/537.36"
52.3.102.0 - - [15/Dec/2025:01:28:31 +0100] "GET /contao/system/themes/flexible/fonts/?C=D;O%3DD HTTP/1.1" 200 468 "-" "Mozilla/5.0 AppleWebKit/537.36 (KHTML, like Gecko; compatible; Amazonbot/0.1; +https://developer.amazon.com/support/amazonbot) Chrome/119.0.6045.214 Safari/537.36"
3.215.59.0 - - [15/Dec/2025:01:28:36 +0100] "GET /contao/vendor/contao/core-bundle/src/Image/?C=M;O%3DD HTTP/1.1" 200 534 "-" "Mozilla/5.0 AppleWebKit/537.36 (KHTML, like Gecko; compatible; Amazonbot/0.1; +https://developer.amazon.com/support/amazonbot) Chrome/119.0.6045.214 Safari/537.36"
18.207.79.0 - - [15/Dec/2025:01:28:40 +0100] "GET /contao/vendor/lexik/maintenance-bundle/Listener/?C=M;O%3DD HTTP/1.1" 200 443 "-" "Mozilla/5.0 AppleWebKit/537.36 (KHTML, like Gecko; compatible; Amazonbot/0.1; +https://developer.amazon.com/support/amazonbot) Chrome/119.0.6045.214 Safari/537.36"
98.84.200.0 - - [15/Dec/2025:01:28:44 +0100] "GET /contao/vendor/symfony/web-profiler-bundle/Resources/views/Icon/?C=M;O%3DD HTTP/1.1" 200 832 "-" "Mozilla/5.0 AppleWebKit/537.36 (KHTML, like Gecko; compatible; Amazonbot/0.1; +https://developer.amazon.com/support/amazonbot) Chrome/119.0.6045.214 Safari/537.36"
198.235.24.0 - - [15/Dec/2025:01:28:52 +0100] "GET / HTTP/1.1" 503 4469 "-" "-"
185.111.111.0 - - [15/Dec/2025:01:29:11 +0100] "GET /wp-good.php HTTP/1.1" 301 247 "https://www.yahoo.com/" "Mozilla/5.0 (Linux; Android 10; K) AppleWebKit/537.36 (KHTML, like Gecko) Chrome/117.0.0.0 Mobile Safari/537.36"
2a01:238:43f8:5f00:: - - [15/Dec/2025:01:29:12 +0100] "POST /wp-cron.php?doing_wp_cron=1765758552.4013700485229492187500 HTTP/1.1" 200 - "-" "6e20x1Y15eQy"
4.197.150.0 - - [15/Dec/2025:01:29:12 +0100] "GET /wp-good.php HTTP/1.1" 200 - "https://www.yahoo.com/" "Mozilla/5.0 (Linux; Android 10; K) AppleWebKit/537.36 (KHTML, like Gecko) Chrome/117.0.0.0 Mobile Safari/537.36"
185.111.111.0 - - [15/Dec/2025:01:29:13 +0100] "GET /wp-content/themes/busiprof-pro/print.css HTTP/1.1" 404 2655 "-" "WordPress/6.8.3; https://www.gebaeudetechnik.nrw"
4.197.150.0 - - [15/Dec/2025:01:29:13 +0100] "GET /wp-good.php HTTP/1.1" 200 237751 "https://www.yahoo.com/" "Mozilla/5.0 (Linux; Android 10; K) AppleWebKit/537.36 (KHTML, like Gecko) Chrome/117.0.0.0 Mobile Safari/537.36"
185.111.111.0 - - [15/Dec/2025:01:29:14 +0100] "GET /ioxi-o.php HTTP/1.1" 301 246 "https://www.google.fr/" "Mozilla/5.0 (iPad; CPU OS 16_7_2 like Mac OS X) AppleWebKit/605.1.15 (KHTML, like Gecko) Version/16.6 Mobile/15E148 Safari/604.1"
4.197.150.0 - - [15/Dec/2025:01:29:15 +0100] "GET /ioxi-o.php HTTP/1.1" 200 - "https://www.google.fr/" "Mozilla/5.0 (iPad; CPU OS 16_7_2 like Mac OS X) AppleWebKit/605.1.15 (KHTML, like Gecko) Version/16.6 Mobile/15E148 Safari/604.1"
185.111.111.0 - - [15/Dec/2025:01:29:15 +0100] "GET /wp-content/themes/busiprof-pro/print.css HTTP/1.1" 404 2655 "-" "WordPress/6.8.3; https://www.gebaeudetechnik.nrw"
4.197.150.0 - - [15/Dec/2025:01:29:15 +0100] "GET /ioxi-o.php HTTP/1.1" 200 237751 "https://www.google.fr/" "Mozilla/5.0 (iPad; CPU OS 16_7_2 like Mac OS X) AppleWebKit/605.1.15 (KHTML, like Gecko) Version/16.6 Mobile/15E148 Safari/604.1"
185.111.111.0 - - [15/Dec/2025:01:29:16 +0100] "GET /file.php HTTP/1.1" 301 244 "https://www.yahoo.com/" "Mozilla/5.0 (Linux; Android 11; 21081111RG) AppleWebKit/537.36 (KHTML, like Gecko) Chrome/116.0.0.0 Mobile Safari/537.36"
4.197.150.0 - - [15/Dec/2025:01:29:16 +0100] "GET /file.php HTTP/1.1" 200 - "https://www.yahoo.com/" "Mozilla/5.0 (Linux; Android 11; 21081111RG) AppleWebKit/537.36 (KHTML, like Gecko) Chrome/116.0.0.0 Mobile Safari/537.36"
185.111.111.0 - - [15/Dec/2025:01:29:17 +0100] "GET /wp-content/themes/busiprof-pro/print.css HTTP/1.1" 404 2655 "-" "WordPress/6.8.3; https://www.gebaeudetechnik.nrw"
4.197.150.0 - - [15/Dec/2025:01:29:16 +0100] "GET /file.php HTTP/1.1" 200 237751 "https://www.yahoo.com/" "Mozilla/5.0 (Linux; Android 11; 21081111RG) AppleWebKit/537.36 (KHTML, like Gecko) Chrome/116.0.0.0 Mobile Safari/537.36"
185.111.111.0 - - [15/Dec/2025:01:29:17 +0100] "GET /wp-admin/css/colors/blue HTTP/1.1" 301 260 "https://www.google.de/" "Mozilla/5.0 (Linux; Android 12; V2134) AppleWebKit/537.36 (KHTML, like Gecko) Chrome/116.0.0.0 Mobile Safari/537.36"
4.197.150.0 - - [15/Dec/2025:01:29:17 +0100] "GET /wp-admin/css/colors/blue HTTP/1.1" 301 261 "https://www.google.de/" "Mozilla/5.0 (Linux; Android 12; V2134) AppleWebKit/537.36 (KHTML, like Gecko) Chrome/116.0.0.0 Mobile Safari/537.36"
4.197.150.0 - - [15/Dec/2025:01:29:18 +0100] "GET /wp-admin/css/colors/blue/ HTTP/1.1" 403 2598 "https://www.google.de/" "Mozilla/5.0 (Linux; Android 12; V2134) AppleWebKit/537.36 (KHTML, like Gecko) Chrome/116.0.0.0 Mobile Safari/537.36"
185.111.111.0 - - [15/Dec/2025:01:29:18 +0100] "GET /wp-signin.php HTTP/1.1" 301 249 "https://www.google.fr/" "Mozilla/5.0 (iPad; CPU OS 16_7_2 like Mac OS X) AppleWebKit/605.1.15 (KHTML, like Gecko) Version/16.6 Mobile/15E148 Safari/604.1"
4.197.150.0 - - [15/Dec/2025:01:29:18 +0100] "GET /wp-signin.php HTTP/1.1" 200 - "https://www.google.fr/" "Mozilla/5.0 (iPad; CPU OS 16_7_2 like Mac OS X) AppleWebKit/605.1.15 (KHTML, like Gecko) Version/16.6 Mobile/15E148 Safari/604.1"
185.111.111.0 - - [15/Dec/2025:01:29:19 +0100] "GET /wp-content/themes/busiprof-pro/print.css HTTP/1.1" 404 2655 "-" "WordPress/6.8.3; https://www.gebaeudetechnik.nrw"
4.197.150.0 - - [15/Dec/2025:01:29:19 +0100] "GET /wp-signin.php HTTP/1.1" 200 237751 "https://www.google.fr/" "Mozilla/5.0 (iPad; CPU OS 16_7_2 like Mac OS X) AppleWebKit/605.1.15 (KHTML, like Gecko) Version/16.6 Mobile/15E148 Safari/604.1"
185.111.111.0 - - [15/Dec/2025:01:29:20 +0100] "GET /abcd.php HTTP/1.1" 301 244 "https://www.yahoo.com/" "Mozilla/5.0 (Linux; Android 13; SM-S908E) AppleWebKit/537.36 (KHTML, like Gecko) Chrome/116.0.0.0 Mobile Safari/537.36"
2a01:238:43f8:5f00:: - - [15/Dec/2025:01:29:20 +0100] "POST /wp-cron.php?doing_wp_cron=1765758560.5309810638427734375000 HTTP/1.1" 200 - "-" "fUXj6EV1Mkym"
4.197.150.0 - - [15/Dec/2025:01:29:20 +0100] "GET /abcd.php HTTP/1.1" 200 - "https://www.yahoo.com/" "Mozilla/5.0 (Linux; Android 13; SM-S908E) AppleWebKit/537.36 (KHTML, like Gecko) Chrome/116.0.0.0 Mobile Safari/537.36"
185.111.111.0 - - [15/Dec/2025:01:29:21 +0100] "GET /wp-content/themes/busiprof-pro/print.css HTTP/1.1" 404 2655 "-" "WordPress/6.8.3; https://www.gebaeudetechnik.nrw"
4.197.150.0 - - [15/Dec/2025:01:29:20 +0100] "GET /abcd.php HTTP/1.1" 200 237751 "https://www.yahoo.com/" "Mozilla/5.0 (Linux; Android 13; SM-S908E) AppleWebKit/537.36 (KHTML, like Gecko) Chrome/116.0.0.0 Mobile Safari/537.36"
185.111.111.0 - - [15/Dec/2025:01:29:22 +0100] "GET /wp-includes/block-bindings HTTP/1.1" 301 262 "https://www.google.com/" "Mozilla/5.0 (iPhone; CPU iPhone OS 16_6_1 like Mac OS X) AppleWebKit/605.1.15 (KHTML, like Gecko) Version/16.6 Mobile/15E148 Safari/604.1"
4.197.150.0 - - [15/Dec/2025:01:29:23 +0100] "GET /wp-includes/block-bindings HTTP/1.1" 301 263 "https://www.google.com/" "Mozilla/5.0 (iPhone; CPU iPhone OS 16_6_1 like Mac OS X) AppleWebKit/605.1.15 (KHTML, like Gecko) Version/16.6 Mobile/15E148 Safari/604.1"
4.197.150.0 - - [15/Dec/2025:01:29:23 +0100] "GET /wp-includes/block-bindings/ HTTP/1.1" 403 2600 "https://www.google.com/" "Mozilla/5.0 (iPhone; CPU iPhone OS 16_6_1 like Mac OS X) AppleWebKit/605.1.15 (KHTML, like Gecko) Version/16.6 Mobile/15E148 Safari/604.1"
185.111.111.0 - - [15/Dec/2025:01:29:23 +0100] "GET /about.php HTTP/1.1" 301 245 "https://www.google.de/" "Mozilla/5.0 (Linux; Android 10; LM-Q720) AppleWebKit/537.36 (KHTML, like Gecko) Chrome/116.0.0.0 Mobile Safari/537.36"
4.197.150.0 - - [15/Dec/2025:01:29:24 +0100] "GET /about.php HTTP/1.1" 200 - "https://www.google.de/" "Mozilla/5.0 (Linux; Android 10; LM-Q720) AppleWebKit/537.36 (KHTML, like Gecko) Chrome/116.0.0.0 Mobile Safari/537.36"
185.111.111.0 - - [15/Dec/2025:01:29:24 +0100] "GET /wp-content/themes/busiprof-pro/print.css HTTP/1.1" 404 2655 "-" "WordPress/6.8.3; https://www.gebaeudetechnik.nrw"
4.197.150.0 - - [15/Dec/2025:01:29:24 +0100] "GET /about.php HTTP/1.1" 200 237751 "https://www.google.de/" "Mozilla/5.0 (Linux; Android 10; LM-Q720) AppleWebKit/537.36 (KHTML, like Gecko) Chrome/116.0.0.0 Mobile Safari/537.36"
185.111.111.0 - - [15/Dec/2025:01:29:25 +0100] "GET /bless.php HTTP/1.1" 301 245 "https://duckduckgo.com/" "Mozilla/5.0 (iPhone; CPU iPhone OS 17_0_3 like Mac OS X) AppleWebKit/605.1.15 (KHTML, like Gecko) Version/17.0.1 Mobile/15E148 Safari/604.1"
4.197.150.0 - - [15/Dec/2025:01:29:26 +0100] "GET /bless.php HTTP/1.1" 200 - "https://duckduckgo.com/" "Mozilla/5.0 (iPhone; CPU iPhone OS 17_0_3 like Mac OS X) AppleWebKit/605.1.15 (KHTML, like Gecko) Version/17.0.1 Mobile/15E148 Safari/604.1"
185.111.111.0 - - [15/Dec/2025:01:29:26 +0100] "GET /wp-content/themes/busiprof-pro/print.css HTTP/1.1" 404 2655 "-" "WordPress/6.8.3; https://www.gebaeudetechnik.nrw"
4.197.150.0 - - [15/Dec/2025:01:29:26 +0100] "GET /bless.php HTTP/1.1" 200 237751 "https://duckduckgo.com/" "Mozilla/5.0 (iPhone; CPU iPhone OS 17_0_3 like Mac OS X) AppleWebKit/605.1.15 (KHTML, like Gecko) Version/17.0.1 Mobile/15E148 Safari/604.1"
185.111.111.0 - - [15/Dec/2025:01:29:27 +0100] "GET /images/install.php HTTP/1.1" 403 2596 "https://www.yahoo.com/" "Mozilla/5.g (Linux; Android 13; Pixel 7) AppleWebKit/537.36 (KHTML, like Gecko) Chrome/116.0.0.0 Mobile Safari/537.36"
185.111.111.0 - - [15/Dec/2025:01:29:27 +0100] "GET /num.php HTTP/1.1" 301 243 "https://duckduckgo.com/" "Mozilla/5.0 (iPad; CPU OS 16_7_2 like Mac OS X) AppleWebKit/605.1.15 (KHTML, like Gecko) Version/16.6 Mobile/15E148 Safari/604.1"
4.197.150.0 - - [15/Dec/2025:01:29:28 +0100] "GET /num.php HTTP/1.1" 200 - "https://duckduckgo.com/" "Mozilla/5.0 (iPad; CPU OS 16_7_2 like Mac OS X) AppleWebKit/605.1.15 (KHTML, like Gecko) Version/16.6 Mobile/15E148 Safari/604.1"
185.111.111.0 - - [15/Dec/2025:01:29:28 +0100] "GET /wp-content/themes/busiprof-pro/print.css HTTP/1.1" 404 2655 "-" "WordPress/6.8.3; https://www.gebaeudetechnik.nrw"
4.197.150.0 - - [15/Dec/2025:01:29:28 +0100] "GET /num.php HTTP/1.1" 200 237751 "https://duckduckgo.com/" "Mozilla/5.0 (iPad; CPU OS 16_7_2 like Mac OS X) AppleWebKit/605.1.15 (KHTML, like Gecko) Version/16.6 Mobile/15E148 Safari/604.1"
185.111.111.0 - - [15/Dec/2025:01:29:29 +0100] "GET /txets.php HTTP/1.1" 301 245 "https://www.google.co.uk/" "Mozilla/5.0 (Linux; Android 11; 21081111RG) AppleWebKit/537.36 (KHTML, like Gecko) Chrome/116.0.0.0 Mobile Safari/537.36"
4.197.150.0 - - [15/Dec/2025:01:29:29 +0100] "GET /txets.php HTTP/1.1" 200 - "https://www.google.co.uk/" "Mozilla/5.0 (Linux; Android 11; 21081111RG) AppleWebKit/537.36 (KHTML, like Gecko) Chrome/116.0.0.0 Mobile Safari/537.36"
185.111.111.0 - - [15/Dec/2025:01:29:30 +0100] "GET /wp-content/themes/busiprof-pro/print.css HTTP/1.1" 404 2655 "-" "WordPress/6.8.3; https://www.gebaeudetechnik.nrw"
4.197.150.0 - - [15/Dec/2025:01:29:30 +0100] "GET /txets.php HTTP/1.1" 200 237751 "https://www.google.co.uk/" "Mozilla/5.0 (Linux; Android 11; 21081111RG) AppleWebKit/537.36 (KHTML, like Gecko) Chrome/116.0.0.0 Mobile Safari/537.36"
185.111.111.0 - - [15/Dec/2025:01:29:31 +0100] "GET /wp-blog.php HTTP/1.1" 301 247 "https://www.google.com/" "Mozilla/5.0 (iPhone; CPU iPhone OS 17_0_3 like Mac OS X) AppleWebKit/605.1.15 (KHTML, like Gecko) Version/17.0.1 Mobile/15E148 Safari/604.1"
4.197.150.0 - - [15/Dec/2025:01:29:31 +0100] "GET /wp-blog.php HTTP/1.1" 200 - "https://www.google.com/" "Mozilla/5.0 (iPhone; CPU iPhone OS 17_0_3 like Mac OS X) AppleWebKit/605.1.15 (KHTML, like Gecko) Version/17.0.1 Mobile/15E148 Safari/604.1"
185.111.111.0 - - [15/Dec/2025:01:29:31 +0100] "GET /wp-content/themes/busiprof-pro/print.css HTTP/1.1" 404 2655 "-" "WordPress/6.8.3; https://www.gebaeudetechnik.nrw"
4.197.150.0 - - [15/Dec/2025:01:29:31 +0100] "GET /wp-blog.php HTTP/1.1" 200 237751 "https://www.google.com/" "Mozilla/5.0 (iPhone; CPU iPhone OS 17_0_3 like Mac OS X) AppleWebKit/605.1.15 (KHTML, like Gecko) Version/17.0.1 Mobile/15E148 Safari/604.1"
185.111.111.0 - - [15/Dec/2025:01:29:32 +0100] "GET /wp-content/admin-header.php HTTP/1.1" 301 263 "https://www.google.co.uk/" "Mozilla/5.0 (Linux; Android 10; K) AppleWebKit/537.36 (KHTML, like Gecko) Chrome/117.0.0.0 Mobile Safari/537.36"
4.197.150.0 - - [15/Dec/2025:01:29:33 +0100] "GET /wp-content/admin-header.php HTTP/1.1" 200 - "https://www.google.co.uk/" "Mozilla/5.0 (Linux; Android 10; K) AppleWebKit/537.36 (KHTML, like Gecko) Chrome/117.0.0.0 Mobile Safari/537.36"
185.111.111.0 - - [15/Dec/2025:01:29:33 +0100] "GET /wp-content/themes/busiprof-pro/print.css HTTP/1.1" 404 2655 "-" "WordPress/6.8.3; https://www.gebaeudetechnik.nrw"
4.197.150.0 - - [15/Dec/2025:01:29:33 +0100] "GET /wp-content/admin-header.php HTTP/1.1" 200 237751 "https://www.google.co.uk/" "Mozilla/5.0 (Linux; Android 10; K) AppleWebKit/537.36 (KHTML, like Gecko) Chrome/117.0.0.0 Mobile Safari/537.36"
185.111.111.0 - - [15/Dec/2025:01:29:34 +0100] "GET /wp-content/themes/about.php HTTP/1.1" 404 2786 "https://www.google.com/" "Mozilla/5.0 (Linux; Android 14; Pixel 8 Pro) AppleWebKit/537.36 (KHTML, like Gecko) Chrome/119.0.0.0 Mobile Safari/537.36"
185.111.111.0 - - [15/Dec/2025:01:29:34 +0100] "GET /wp-includes/js/dist HTTP/1.1" 301 255 "https://www.google.com/" "Mozilla/5.0 (Linux; Android 12; 2201116SG) AppleWebKit/537.36 (KHTML, like Gecko) Chrome/116.0.0.0 Mobile Safari/537.36"
4.197.150.0 - - [15/Dec/2025:01:29:34 +0100] "GET /wp-includes/js/dist HTTP/1.1" 301 256 "https://www.google.com/" "Mozilla/5.0 (Linux; Android 12; 2201116SG) AppleWebKit/537.36 (KHTML, like Gecko) Chrome/116.0.0.0 Mobile Safari/537.36"
4.197.150.0 - - [15/Dec/2025:01:29:35 +0100] "GET /wp-includes/js/dist/ HTTP/1.1" 403 2600 "https://www.google.com/" "Mozilla/5.0 (Linux; Android 12; 2201116SG) AppleWebKit/537.36 (KHTML, like Gecko) Chrome/116.0.0.0 Mobile Safari/537.36"
185.111.111.0 - - [15/Dec/2025:01:29:35 +0100] "GET /wp-includes/rest-api/fields HTTP/1.1" 301 263 "https://www.google.com/" "Mozilla/5.0 (Linux; Android 12; 2201116SG) AppleWebKit/537.36 (KHTML, like Gecko) Chrome/116.0.0.0 Mobile Safari/537.36"
4.197.150.0 - - [15/Dec/2025:01:29:35 +0100] "GET /wp-includes/rest-api/fields HTTP/1.1" 301 264 "https://www.google.com/" "Mozilla/5.0 (Linux; Android 12; 2201116SG) AppleWebKit/537.36 (KHTML, like Gecko) Chrome/116.0.0.0 Mobile Safari/537.36"
4.197.150.0 - - [15/Dec/2025:01:29:36 +0100] "GET /wp-includes/rest-api/fields/ HTTP/1.1" 403 2600 "https://www.google.com/" "Mozilla/5.0 (Linux; Android 12; 2201116SG) AppleWebKit/537.36 (KHTML, like Gecko) Chrome/116.0.0.0 Mobile Safari/537.36"
185.111.111.0 - - [15/Dec/2025:01:29:36 +0100] "GET /wp.php HTTP/1.1" 301 242 "https://www.google.co.uk/" "Mozilla/5.0 (Linux; Android 10; LM-Q720) AppleWebKit/537.36 (KHTML, like Gecko) Chrome/116.0.0.0 Mobile Safari/537.36"
4.197.150.0 - - [15/Dec/2025:01:29:36 +0100] "GET /wp.php HTTP/1.1" 200 - "https://www.google.co.uk/" "Mozilla/5.0 (Linux; Android 10; LM-Q720) AppleWebKit/537.36 (KHTML, like Gecko) Chrome/116.0.0.0 Mobile Safari/537.36"
185.111.111.0 - - [15/Dec/2025:01:29:37 +0100] "GET /wp-content/themes/busiprof-pro/print.css HTTP/1.1" 404 2655 "-" "WordPress/6.8.3; https://www.gebaeudetechnik.nrw"
4.197.150.0 - - [15/Dec/2025:01:29:36 +0100] "GET /wp.php HTTP/1.1" 200 237751 "https://www.google.co.uk/" "Mozilla/5.0 (Linux; Android 10; LM-Q720) AppleWebKit/537.36 (KHTML, like Gecko) Chrome/116.0.0.0 Mobile Safari/537.36"
185.111.111.0 - - [15/Dec/2025:01:29:38 +0100] "GET /admin.php HTTP/1.1" 301 245 "https://www.google.co.uk/" "Mozilla/5.g (Linux; Android 13; Pixel 7) AppleWebKit/537.36 (KHTML, like Gecko) Chrome/116.0.0.0 Mobile Safari/537.36"
4.197.150.0 - - [15/Dec/2025:01:29:38 +0100] "GET /admin.php HTTP/1.1" 200 - "https://www.google.co.uk/" "Mozilla/5.g (Linux; Android 13; Pixel 7) AppleWebKit/537.36 (KHTML, like Gecko) Chrome/116.0.0.0 Mobile Safari/537.36"
185.111.111.0 - - [15/Dec/2025:01:29:39 +0100] "GET /wp-content/themes/busiprof-pro/print.css HTTP/1.1" 404 2655 "-" "WordPress/6.8.3; https://www.gebaeudetechnik.nrw"
4.197.150.0 - - [15/Dec/2025:01:29:39 +0100] "GET /admin.php HTTP/1.1" 200 237751 "https://www.google.co.uk/" "Mozilla/5.g (Linux; Android 13; Pixel 7) AppleWebKit/537.36 (KHTML, like Gecko) Chrome/116.0.0.0 Mobile Safari/537.36"
185.111.111.0 - - [15/Dec/2025:01:29:40 +0100] "GET /adminfuns.php HTTP/1.1" 301 249 "https://www.google.fr/" "Mozilla/5.g (Linux; Android 13; Pixel 7) AppleWebKit/537.36 (KHTML, like Gecko) Chrome/116.0.0.0 Mobile Safari/537.36"
4.197.150.0 - - [15/Dec/2025:01:29:40 +0100] "GET /adminfuns.php HTTP/1.1" 200 - "https://www.google.fr/" "Mozilla/5.g (Linux; Android 13; Pixel 7) AppleWebKit/537.36 (KHTML, like Gecko) Chrome/116.0.0.0 Mobile Safari/537.36"
185.111.111.0 - - [15/Dec/2025:01:29:40 +0100] "GET /wp-content/themes/busiprof-pro/print.css HTTP/1.1" 404 2655 "-" "WordPress/6.8.3; https://www.gebaeudetechnik.nrw"
4.197.150.0 - - [15/Dec/2025:01:29:40 +0100] "GET /adminfuns.php HTTP/1.1" 200 237751 "https://www.google.fr/" "Mozilla/5.g (Linux; Android 13; Pixel 7) AppleWebKit/537.36 (KHTML, like Gecko) Chrome/116.0.0.0 Mobile Safari/537.36"
185.111.111.0 - - [15/Dec/2025:01:29:41 +0100] "GET /chosen.php HTTP/1.1" 301 246 "https://www.yahoo.com/" "Mozilla/5.0 (iPhone; CPU iPhone OS 17_1 like Mac OS X) AppleWebKit/605.1.15 (KHTML, like Gecko) CriOS/119.0.6045.109 Mobile/15E148 Safari/604.1"
4.197.150.0 - - [15/Dec/2025:01:29:41 +0100] "GET /chosen.php HTTP/1.1" 200 - "https://www.yahoo.com/" "Mozilla/5.0 (iPhone; CPU iPhone OS 17_1 like Mac OS X) AppleWebKit/605.1.15 (KHTML, like Gecko) CriOS/119.0.6045.109 Mobile/15E148 Safari/604.1"
185.39.19.0 - - [15/Dec/2025:01:29:42 +0100] "GET / HTTP/1.0" 301 229 "http://gdb-bonn.com/" "Mozilla/5.0 (Windows NT 10.0; Win64; x64) AppleWebKit/537.36 (KHTML, like Gecko) Chrome/130.0.0.0 Safari/537.36 CCleaner/130.0.0.0"
185.111.111.0 - - [15/Dec/2025:01:29:42 +0100] "GET /wp-content/themes/busiprof-pro/print.css HTTP/1.1" 404 2655 "-" "WordPress/6.8.3; https://www.gebaeudetechnik.nrw"
4.197.150.0 - - [15/Dec/2025:01:29:42 +0100] "GET /chosen.php HTTP/1.1" 200 237751 "https://www.yahoo.com/" "Mozilla/5.0 (iPhone; CPU iPhone OS 17_1 like Mac OS X) AppleWebKit/605.1.15 (KHTML, like Gecko) CriOS/119.0.6045.109 Mobile/15E148 Safari/604.1"
185.111.111.0 - - [15/Dec/2025:01:29:42 +0100] "GET /wp-content/themes/busiprof-pro/print.css HTTP/1.1" 404 2655 "-" "WordPress/6.8.3; https://www.gebaeudetechnik.nrw"
185.39.19.0 - - [15/Dec/2025:01:29:42 +0100] "GET / HTTP/1.0" 200 259547 "https://gdb-bonn.com/" "Mozilla/5.0 (Windows NT 10.0; Win64; x64) AppleWebKit/537.36 (KHTML, like Gecko) Chrome/130.0.0.0 Safari/537.36 CCleaner/130.0.0.0"
