2a0f:ca80:: - - [15/Dec/2025:14:41:35 +0100] "GET /kontaktformular/nicht-erlaubt/ HTTP/1.1" 200 44908 "https://GEBAEUDETECHNIK.NRW/wp-login.php" "Mozilla/5.0 (Windows NT 10.0; Win64; x64) AppleWebKit/537.36 (KHTML, like Gecko) Chrome/118.0.0.0 Safari/537.36"
2a0f:ca80:: - - [15/Dec/2025:14:41:35 +0100] "GET /wp-admin/profile.php HTTP/1.1" 302 - "https://GEBAEUDETECHNIK.NRW/wp-login.php" "Mozilla/5.0 (Windows NT 10.0; Win64; x64) AppleWebKit/537.36 (KHTML, like Gecko) Chrome/118.0.0.0 Safari/537.36"
2a0f:ca80:: - - [15/Dec/2025:14:41:35 +0100] "GET /nicht-erlaubt/ HTTP/1.1" 200 - "https://GEBAEUDETECHNIK.NRW/wp-login.php" "Mozilla/5.0 (Windows NT 10.0; Win64; x64) AppleWebKit/537.36 (KHTML, like Gecko) Chrome/118.0.0.0 Safari/537.36"
2a0f:ca80:: - - [15/Dec/2025:14:41:36 +0100] "GET /kontaktformular/nicht-erlaubt/ HTTP/1.1" 200 44908 "https://GEBAEUDETECHNIK.NRW/wp-login.php" "Mozilla/5.0 (Windows NT 10.0; Win64; x64) AppleWebKit/537.36 (KHTML, like Gecko) Chrome/118.0.0.0 Safari/537.36"
2a0f:ca80:: - - [15/Dec/2025:14:41:37 +0100] "GET /wp-admin/edit.php HTTP/1.1" 302 - "https://GEBAEUDETECHNIK.NRW/wp-login.php" "Mozilla/5.0 (Windows NT 10.0; Win64; x64) AppleWebKit/537.36 (KHTML, like Gecko) Chrome/118.0.0.0 Safari/537.36"
3.232.102.0 - - [15/Dec/2025:14:41:37 +0100] "GET /contao/vendor/twig/twig/src/Node/Expression/Test/SameasTest.php HTTP/1.1" 500 - "-" "Mozilla/5.0 AppleWebKit/537.36 (KHTML, like Gecko; compatible; Amazonbot/0.1; +https://developer.amazon.com/support/amazonbot) Chrome/119.0.6045.214 Safari/537.36"
2a0f:ca80:: - - [15/Dec/2025:14:41:37 +0100] "GET /nicht-erlaubt/ HTTP/1.1" 200 - "https://GEBAEUDETECHNIK.NRW/wp-login.php" "Mozilla/5.0 (Windows NT 10.0; Win64; x64) AppleWebKit/537.36 (KHTML, like Gecko) Chrome/118.0.0.0 Safari/537.36"
2a0f:ca80:: - - [15/Dec/2025:14:41:37 +0100] "GET /kontaktformular/nicht-erlaubt/ HTTP/1.1" 200 44908 "https://GEBAEUDETECHNIK.NRW/wp-login.php" "Mozilla/5.0 (Windows NT 10.0; Win64; x64) AppleWebKit/537.36 (KHTML, like Gecko) Chrome/118.0.0.0 Safari/537.36"
2a0f:ca80:: - - [15/Dec/2025:14:41:38 +0100] "GET /wp-admin/plugins.php HTTP/1.1" 302 - "https://GEBAEUDETECHNIK.NRW/wp-login.php" "Mozilla/5.0 (Windows NT 10.0; Win64; x64) AppleWebKit/537.36 (KHTML, like Gecko) Chrome/118.0.0.0 Safari/537.36"
2a0f:ca80:: - - [15/Dec/2025:14:41:38 +0100] "GET /nicht-erlaubt/ HTTP/1.1" 200 - "https://GEBAEUDETECHNIK.NRW/wp-login.php" "Mozilla/5.0 (Windows NT 10.0; Win64; x64) AppleWebKit/537.36 (KHTML, like Gecko) Chrome/118.0.0.0 Safari/537.36"
2a0f:ca80:: - - [15/Dec/2025:14:41:39 +0100] "GET /kontaktformular/nicht-erlaubt/ HTTP/1.1" 200 44908 "https://GEBAEUDETECHNIK.NRW/wp-login.php" "Mozilla/5.0 (Windows NT 10.0; Win64; x64) AppleWebKit/537.36 (KHTML, like Gecko) Chrome/118.0.0.0 Safari/537.36"
2a0f:ca80:: - - [15/Dec/2025:14:41:40 +0100] "POST /wp-login.php HTTP/1.1" 404 43884 "https://GEBAEUDETECHNIK.NRW/wp-login.php" "Mozilla/5.0 (Windows NT 10.0; Win64; x64) AppleWebKit/537.36 (KHTML, like Gecko) Chrome/119.0.0.0 Safari/537.36"
23.23.180.0 - - [15/Dec/2025:14:41:40 +0100] "GET /contao/vendor/imagine/imagine/src/Image/Palette/?C=D;O%3DD HTTP/1.1" 200 546 "-" "Mozilla/5.0 AppleWebKit/537.36 (KHTML, like Gecko; compatible; Amazonbot/0.1; +https://developer.amazon.com/support/amazonbot) Chrome/119.0.6045.214 Safari/537.36"
2a0f:ca80:: - - [15/Dec/2025:14:41:40 +0100] "GET /wp-admin/index.php HTTP/1.1" 302 - "https://GEBAEUDETECHNIK.NRW/wp-login.php" "Mozilla/5.0 (Macintosh; Intel Mac OS X 13_6_1; rv:119.0) Gecko/20100101 Firefox/119.0"
2a0f:ca80:: - - [15/Dec/2025:14:41:40 +0100] "GET /nicht-erlaubt/ HTTP/1.1" 200 - "https://GEBAEUDETECHNIK.NRW/wp-login.php" "Mozilla/5.0 (Macintosh; Intel Mac OS X 13_6_1; rv:119.0) Gecko/20100101 Firefox/119.0"
2a0f:ca80:: - - [15/Dec/2025:14:41:41 +0100] "GET /kontaktformular/nicht-erlaubt/ HTTP/1.1" 200 44908 "https://GEBAEUDETECHNIK.NRW/wp-login.php" "Mozilla/5.0 (Macintosh; Intel Mac OS X 13_6_1; rv:119.0) Gecko/20100101 Firefox/119.0"
2a0f:ca80:: - - [15/Dec/2025:14:41:41 +0100] "GET /wp-admin/profile.php HTTP/1.1" 302 - "https://GEBAEUDETECHNIK.NRW/wp-login.php" "Mozilla/5.0 (Macintosh; Intel Mac OS X 13_6_1; rv:119.0) Gecko/20100101 Firefox/119.0"
2a0f:ca80:: - - [15/Dec/2025:14:41:41 +0100] "GET /nicht-erlaubt/ HTTP/1.1" 200 - "https://GEBAEUDETECHNIK.NRW/wp-login.php" "Mozilla/5.0 (Macintosh; Intel Mac OS X 13_6_1; rv:119.0) Gecko/20100101 Firefox/119.0"
2a0f:ca80:: - - [15/Dec/2025:14:41:42 +0100] "GET /kontaktformular/nicht-erlaubt/ HTTP/1.1" 200 44908 "https://GEBAEUDETECHNIK.NRW/wp-login.php" "Mozilla/5.0 (Macintosh; Intel Mac OS X 13_6_1; rv:119.0) Gecko/20100101 Firefox/119.0"
2a0f:ca80:: - - [15/Dec/2025:14:41:43 +0100] "GET /wp-admin/edit.php HTTP/1.1" 302 - "https://GEBAEUDETECHNIK.NRW/wp-login.php" "Mozilla/5.0 (Macintosh; Intel Mac OS X 13_6_1; rv:119.0) Gecko/20100101 Firefox/119.0"
2a0f:ca80:: - - [15/Dec/2025:14:41:43 +0100] "GET /nicht-erlaubt/ HTTP/1.1" 200 - "https://GEBAEUDETECHNIK.NRW/wp-login.php" "Mozilla/5.0 (Macintosh; Intel Mac OS X 13_6_1; rv:119.0) Gecko/20100101 Firefox/119.0"
2a0f:ca80:: - - [15/Dec/2025:14:41:44 +0100] "GET /kontaktformular/nicht-erlaubt/ HTTP/1.1" 200 44908 "https://GEBAEUDETECHNIK.NRW/wp-login.php" "Mozilla/5.0 (Macintosh; Intel Mac OS X 13_6_1; rv:119.0) Gecko/20100101 Firefox/119.0"
2a0f:ca80:: - - [15/Dec/2025:14:41:44 +0100] "GET /wp-admin/plugins.php HTTP/1.1" 302 - "https://GEBAEUDETECHNIK.NRW/wp-login.php" "Mozilla/5.0 (Macintosh; Intel Mac OS X 13_6_1; rv:119.0) Gecko/20100101 Firefox/119.0"
2a0f:ca80:: - - [15/Dec/2025:14:41:45 +0100] "GET /nicht-erlaubt/ HTTP/1.1" 200 - "https://GEBAEUDETECHNIK.NRW/wp-login.php" "Mozilla/5.0 (Macintosh; Intel Mac OS X 13_6_1; rv:119.0) Gecko/20100101 Firefox/119.0"
52.207.47.0 - - [15/Dec/2025:14:41:45 +0100] "GET /contao/vendor/doctrine/reflection/lib/Doctrine/Common/Reflection/?C=N;O%3DD HTTP/1.1" 200 609 "-" "Mozilla/5.0 AppleWebKit/537.36 (KHTML, like Gecko; compatible; Amazonbot/0.1; +https://developer.amazon.com/support/amazonbot) Chrome/119.0.6045.214 Safari/537.36"
2a0f:ca80:: - - [15/Dec/2025:14:41:45 +0100] "GET /kontaktformular/nicht-erlaubt/ HTTP/1.1" 200 44908 "https://GEBAEUDETECHNIK.NRW/wp-login.php" "Mozilla/5.0 (Macintosh; Intel Mac OS X 13_6_1; rv:119.0) Gecko/20100101 Firefox/119.0"
2a0f:ca80:: - - [15/Dec/2025:14:41:47 +0100] "POST /wp-login.php HTTP/1.1" 404 43884 "https://GEBAEUDETECHNIK.NRW/wp-login.php" "Mozilla/5.0 (X11; Linux x86_64) AppleWebKit/537.36 (KHTML, like Gecko) Chrome/119.0.0.0 Safari/537.36"
2a0f:ca80:: - - [15/Dec/2025:14:41:47 +0100] "GET /wp-admin/index.php HTTP/1.1" 302 - "https://GEBAEUDETECHNIK.NRW/wp-login.php" "Mozilla/5.0 (Windows NT 10.0; Win64; x64; rv:119.0) Gecko/20100101 Firefox/119.0"
2a0f:ca80:: - - [15/Dec/2025:14:41:47 +0100] "GET /nicht-erlaubt/ HTTP/1.1" 200 - "https://GEBAEUDETECHNIK.NRW/wp-login.php" "Mozilla/5.0 (Windows NT 10.0; Win64; x64; rv:119.0) Gecko/20100101 Firefox/119.0"
54.198.33.0 - - [15/Dec/2025:14:41:48 +0100] "GET /contao/vendor/contao/manager-bundle/src/Resources/skeleton/config/config_prod.yml HTTP/1.1" 200 299 "-" "Mozilla/5.0 AppleWebKit/537.36 (KHTML, like Gecko; compatible; Amazonbot/0.1; +https://developer.amazon.com/support/amazonbot) Chrome/119.0.6045.214 Safari/537.36"
2a0f:ca80:: - - [15/Dec/2025:14:41:48 +0100] "GET /kontaktformular/nicht-erlaubt/ HTTP/1.1" 200 44908 "https://GEBAEUDETECHNIK.NRW/wp-login.php" "Mozilla/5.0 (Windows NT 10.0; Win64; x64; rv:119.0) Gecko/20100101 Firefox/119.0"
2a0f:ca80:: - - [15/Dec/2025:14:41:49 +0100] "GET /wp-admin/profile.php HTTP/1.1" 302 - "https://GEBAEUDETECHNIK.NRW/wp-login.php" "Mozilla/5.0 (Windows NT 10.0; Win64; x64; rv:119.0) Gecko/20100101 Firefox/119.0"
2a0f:ca80:: - - [15/Dec/2025:14:41:49 +0100] "GET /nicht-erlaubt/ HTTP/1.1" 200 - "https://GEBAEUDETECHNIK.NRW/wp-login.php" "Mozilla/5.0 (Windows NT 10.0; Win64; x64; rv:119.0) Gecko/20100101 Firefox/119.0"
2a0f:ca80:: - - [15/Dec/2025:14:41:49 +0100] "GET /kontaktformular/nicht-erlaubt/ HTTP/1.1" 200 44908 "https://GEBAEUDETECHNIK.NRW/wp-login.php" "Mozilla/5.0 (Windows NT 10.0; Win64; x64; rv:119.0) Gecko/20100101 Firefox/119.0"
2a0f:ca80:: - - [15/Dec/2025:14:41:53 +0100] "GET /wp-admin/edit.php HTTP/1.1" 302 - "https://GEBAEUDETECHNIK.NRW/wp-login.php" "Mozilla/5.0 (Windows NT 10.0; Win64; x64; rv:119.0) Gecko/20100101 Firefox/119.0"
184.73.239.0 - - [15/Dec/2025:14:41:53 +0100] "GET /contao/vendor/contao/core-bundle/src/Resources/contao/dca/tl_settings.php HTTP/1.1" 200 - "-" "Mozilla/5.0 AppleWebKit/537.36 (KHTML, like Gecko; compatible; Amazonbot/0.1; +https://developer.amazon.com/support/amazonbot) Chrome/119.0.6045.214 Safari/537.36"
2a0f:ca80:: - - [15/Dec/2025:14:41:54 +0100] "GET /nicht-erlaubt/ HTTP/1.1" 200 - "https://GEBAEUDETECHNIK.NRW/wp-login.php" "Mozilla/5.0 (Windows NT 10.0; Win64; x64; rv:119.0) Gecko/20100101 Firefox/119.0"
2a0f:ca80:: - - [15/Dec/2025:14:41:54 +0100] "GET /kontaktformular/nicht-erlaubt/ HTTP/1.1" 200 44908 "https://GEBAEUDETECHNIK.NRW/wp-login.php" "Mozilla/5.0 (Windows NT 10.0; Win64; x64; rv:119.0) Gecko/20100101 Firefox/119.0"
2a0f:ca80:: - - [15/Dec/2025:14:41:57 +0100] "GET /wp-admin/plugins.php HTTP/1.1" 302 - "https://GEBAEUDETECHNIK.NRW/wp-login.php" "Mozilla/5.0 (Windows NT 10.0; Win64; x64; rv:119.0) Gecko/20100101 Firefox/119.0"
2a0f:ca80:: - - [15/Dec/2025:14:41:57 +0100] "GET /nicht-erlaubt/ HTTP/1.1" 200 - "https://GEBAEUDETECHNIK.NRW/wp-login.php" "Mozilla/5.0 (Windows NT 10.0; Win64; x64; rv:119.0) Gecko/20100101 Firefox/119.0"
23.23.103.0 - - [15/Dec/2025:14:41:58 +0100] "GET /contao/system/themes/flexible/images/?C=D;O%3DD HTTP/1.1" 200 2589 "-" "Mozilla/5.0 AppleWebKit/537.36 (KHTML, like Gecko; compatible; Amazonbot/0.1; +https://developer.amazon.com/support/amazonbot) Chrome/119.0.6045.214 Safari/537.36"
2a0f:ca80:: - - [15/Dec/2025:14:41:59 +0100] "GET /kontaktformular/nicht-erlaubt/ HTTP/1.1" 200 44908 "https://GEBAEUDETECHNIK.NRW/wp-login.php" "Mozilla/5.0 (Windows NT 10.0; Win64; x64; rv:119.0) Gecko/20100101 Firefox/119.0"
107.20.255.0 - - [15/Dec/2025:14:42:02 +0100] "GET /contao/vendor/contao/core-bundle/src/Security/Authentication/RememberMe/?C=D;O%3DA HTTP/1.1" 200 475 "-" "Mozilla/5.0 AppleWebKit/537.36 (KHTML, like Gecko; compatible; Amazonbot/0.1; +https://developer.amazon.com/support/amazonbot) Chrome/119.0.6045.214 Safari/537.36"
2a0f:ca80:: - - [15/Dec/2025:14:42:04 +0100] "POST /wp-login.php HTTP/1.1" 404 43884 "https://GEBAEUDETECHNIK.NRW/wp-login.php" "Mozilla/5.0 (X11; Linux x86_64) AppleWebKit/537.36 (KHTML, like Gecko) Chrome/119.0.0.0 Safari/537.36"
3.213.46.0 - - [15/Dec/2025:14:42:05 +0100] "GET /contao/vendor/contao/listing-bundle/src/Resources/contao/dca/?C=N;O%3DD HTTP/1.1" 200 447 "-" "Mozilla/5.0 AppleWebKit/537.36 (KHTML, like Gecko; compatible; Amazonbot/0.1; +https://developer.amazon.com/support/amazonbot) Chrome/119.0.6045.214 Safari/537.36"
2a0f:ca80:: - - [15/Dec/2025:14:42:06 +0100] "GET /wp-admin/index.php HTTP/1.1" 302 - "https://GEBAEUDETECHNIK.NRW/wp-login.php" "Mozilla/5.0 (Windows NT 11.0; Win64; x64) AppleWebKit/537.36 (KHTML, like Gecko) Chrome/119.0.0.0 Safari/537.36"
2a0f:ca80:: - - [15/Dec/2025:14:42:07 +0100] "GET /nicht-erlaubt/ HTTP/1.1" 200 - "https://GEBAEUDETECHNIK.NRW/wp-login.php" "Mozilla/5.0 (Windows NT 11.0; Win64; x64) AppleWebKit/537.36 (KHTML, like Gecko) Chrome/119.0.0.0 Safari/537.36"
2a0f:ca80:: - - [15/Dec/2025:14:42:08 +0100] "GET /kontaktformular/nicht-erlaubt/ HTTP/1.1" 200 44908 "https://GEBAEUDETECHNIK.NRW/wp-login.php" "Mozilla/5.0 (Windows NT 11.0; Win64; x64) AppleWebKit/537.36 (KHTML, like Gecko) Chrome/119.0.0.0 Safari/537.36"
2a0f:ca80:: - - [15/Dec/2025:14:42:09 +0100] "GET /wp-admin/profile.php HTTP/1.1" 302 - "https://GEBAEUDETECHNIK.NRW/wp-login.php" "Mozilla/5.0 (Windows NT 11.0; Win64; x64) AppleWebKit/537.36 (KHTML, like Gecko) Chrome/119.0.0.0 Safari/537.36"
2a0f:ca80:: - - [15/Dec/2025:14:42:09 +0100] "GET /nicht-erlaubt/ HTTP/1.1" 200 - "https://GEBAEUDETECHNIK.NRW/wp-login.php" "Mozilla/5.0 (Windows NT 11.0; Win64; x64) AppleWebKit/537.36 (KHTML, like Gecko) Chrome/119.0.0.0 Safari/537.36"
2a0f:ca80:: - - [15/Dec/2025:14:42:09 +0100] "GET /kontaktformular/nicht-erlaubt/ HTTP/1.1" 200 44908 "https://GEBAEUDETECHNIK.NRW/wp-login.php" "Mozilla/5.0 (Windows NT 11.0; Win64; x64) AppleWebKit/537.36 (KHTML, like Gecko) Chrome/119.0.0.0 Safari/537.36"
44.223.232.0 - - [15/Dec/2025:14:42:11 +0100] "GET /contao/vendor/codefog/contao-haste/library/Haste/DateTime/?C=S;O%3DD HTTP/1.1" 200 461 "-" "Mozilla/5.0 AppleWebKit/537.36 (KHTML, like Gecko; compatible; Amazonbot/0.1; +https://developer.amazon.com/support/amazonbot) Chrome/119.0.6045.214 Safari/537.36"
2a0f:ca80:: - - [15/Dec/2025:14:42:11 +0100] "GET /wp-admin/edit.php HTTP/1.1" 302 - "https://GEBAEUDETECHNIK.NRW/wp-login.php" "Mozilla/5.0 (Windows NT 11.0; Win64; x64) AppleWebKit/537.36 (KHTML, like Gecko) Chrome/119.0.0.0 Safari/537.36"
2a0f:ca80:: - - [15/Dec/2025:14:42:12 +0100] "GET /nicht-erlaubt/ HTTP/1.1" 200 - "https://GEBAEUDETECHNIK.NRW/wp-login.php" "Mozilla/5.0 (Windows NT 11.0; Win64; x64) AppleWebKit/537.36 (KHTML, like Gecko) Chrome/119.0.0.0 Safari/537.36"
2a0f:ca80:: - - [15/Dec/2025:14:42:13 +0100] "GET /kontaktformular/nicht-erlaubt/ HTTP/1.1" 200 44908 "https://GEBAEUDETECHNIK.NRW/wp-login.php" "Mozilla/5.0 (Windows NT 11.0; Win64; x64) AppleWebKit/537.36 (KHTML, like Gecko) Chrome/119.0.0.0 Safari/537.36"
44.205.120.0 - - [15/Dec/2025:14:42:13 +0100] "GET /contao/vendor/contao/core-bundle/src/Resources/contao/drivers/?C=N;O%3DD HTTP/1.1" 200 481 "-" "Mozilla/5.0 AppleWebKit/537.36 (KHTML, like Gecko; compatible; Amazonbot/0.1; +https://developer.amazon.com/support/amazonbot) Chrome/119.0.6045.214 Safari/537.36"
2a0f:ca80:: - - [15/Dec/2025:14:42:14 +0100] "GET /wp-admin/plugins.php HTTP/1.1" 302 - "https://GEBAEUDETECHNIK.NRW/wp-login.php" "Mozilla/5.0 (Windows NT 11.0; Win64; x64) AppleWebKit/537.36 (KHTML, like Gecko) Chrome/119.0.0.0 Safari/537.36"
2a0f:ca80:: - - [15/Dec/2025:14:42:15 +0100] "GET /nicht-erlaubt/ HTTP/1.1" 200 - "https://GEBAEUDETECHNIK.NRW/wp-login.php" "Mozilla/5.0 (Windows NT 11.0; Win64; x64) AppleWebKit/537.36 (KHTML, like Gecko) Chrome/119.0.0.0 Safari/537.36"
2a0f:ca80:: - - [15/Dec/2025:14:42:16 +0100] "GET /kontaktformular/nicht-erlaubt/ HTTP/1.1" 200 44908 "https://GEBAEUDETECHNIK.NRW/wp-login.php" "Mozilla/5.0 (Windows NT 11.0; Win64; x64) AppleWebKit/537.36 (KHTML, like Gecko) Chrome/119.0.0.0 Safari/537.36"
52.45.77.0 - - [15/Dec/2025:14:42:16 +0100] "GET /contao/vendor/patchwork/utf8/src/Patchwork/Utf8/data/to.bestfit932.ser HTTP/1.1" 200 47350 "-" "Mozilla/5.0 AppleWebKit/537.36 (KHTML, like Gecko; compatible; Amazonbot/0.1; +https://developer.amazon.com/support/amazonbot) Chrome/119.0.6045.214 Safari/537.36"
2a0f:ca80:: - - [15/Dec/2025:14:42:16 +0100] "POST /wp-login.php HTTP/1.1" 404 43884 "https://GEBAEUDETECHNIK.NRW/wp-login.php" "Mozilla/5.0 (Macintosh; Intel Mac OS X 13_6_1; rv:118.0) Gecko/20100101 Firefox/118.0"
2a0f:ca80:: - - [15/Dec/2025:14:42:18 +0100] "GET /wp-admin/index.php HTTP/1.1" 302 - "https://GEBAEUDETECHNIK.NRW/wp-login.php" "Mozilla/5.0 (Macintosh; Intel Mac OS X 13_6_1) AppleWebKit/605.1.15 (KHTML, like Gecko) Version/17.0 Safari/605.1.15"
2a0f:ca80:: - - [15/Dec/2025:14:42:18 +0100] "GET /nicht-erlaubt/ HTTP/1.1" 200 - "https://GEBAEUDETECHNIK.NRW/wp-login.php" "Mozilla/5.0 (Macintosh; Intel Mac OS X 13_6_1) AppleWebKit/605.1.15 (KHTML, like Gecko) Version/17.0 Safari/605.1.15"
2a0f:ca80:: - - [15/Dec/2025:14:42:19 +0100] "GET /kontaktformular/nicht-erlaubt/ HTTP/1.1" 200 44908 "https://GEBAEUDETECHNIK.NRW/wp-login.php" "Mozilla/5.0 (Macintosh; Intel Mac OS X 13_6_1) AppleWebKit/605.1.15 (KHTML, like Gecko) Version/17.0 Safari/605.1.15"
2a0f:ca80:: - - [15/Dec/2025:14:42:19 +0100] "GET /wp-admin/profile.php HTTP/1.1" 302 - "https://GEBAEUDETECHNIK.NRW/wp-login.php" "Mozilla/5.0 (Macintosh; Intel Mac OS X 13_6_1) AppleWebKit/605.1.15 (KHTML, like Gecko) Version/17.0 Safari/605.1.15"
2a0f:ca80:: - - [15/Dec/2025:14:42:19 +0100] "GET /nicht-erlaubt/ HTTP/1.1" 200 - "https://GEBAEUDETECHNIK.NRW/wp-login.php" "Mozilla/5.0 (Macintosh; Intel Mac OS X 13_6_1) AppleWebKit/605.1.15 (KHTML, like Gecko) Version/17.0 Safari/605.1.15"
2a0f:ca80:: - - [15/Dec/2025:14:42:19 +0100] "GET /kontaktformular/nicht-erlaubt/ HTTP/1.1" 200 44908 "https://GEBAEUDETECHNIK.NRW/wp-login.php" "Mozilla/5.0 (Macintosh; Intel Mac OS X 13_6_1) AppleWebKit/605.1.15 (KHTML, like Gecko) Version/17.0 Safari/605.1.15"
2a0f:ca80:: - - [15/Dec/2025:14:42:20 +0100] "GET /wp-admin/edit.php HTTP/1.1" 302 - "https://GEBAEUDETECHNIK.NRW/wp-login.php" "Mozilla/5.0 (Macintosh; Intel Mac OS X 13_6_1) AppleWebKit/605.1.15 (KHTML, like Gecko) Version/17.0 Safari/605.1.15"
2a01:238:43f8:5f00:: - - [15/Dec/2025:14:42:20 +0100] "POST /wp-cron.php?doing_wp_cron=1765806140.5723841190338134765625 HTTP/1.1" 200 - "-" "JrBL9sHgZU70"
2a0f:ca80:: - - [15/Dec/2025:14:42:20 +0100] "GET /nicht-erlaubt/ HTTP/1.1" 200 - "https://GEBAEUDETECHNIK.NRW/wp-login.php" "Mozilla/5.0 (Macintosh; Intel Mac OS X 13_6_1) AppleWebKit/605.1.15 (KHTML, like Gecko) Version/17.0 Safari/605.1.15"
2a0f:ca80:: - - [15/Dec/2025:14:42:20 +0100] "GET /kontaktformular/nicht-erlaubt/ HTTP/1.1" 200 44908 "https://GEBAEUDETECHNIK.NRW/wp-login.php" "Mozilla/5.0 (Macintosh; Intel Mac OS X 13_6_1) AppleWebKit/605.1.15 (KHTML, like Gecko) Version/17.0 Safari/605.1.15"
44.194.139.0 - - [15/Dec/2025:14:42:21 +0100] "GET /contao/vendor/contao/news-bundle/src/Resources/contao/classes/?C=D;O%3DA HTTP/1.1" 200 443 "-" "Mozilla/5.0 AppleWebKit/537.36 (KHTML, like Gecko; compatible; Amazonbot/0.1; +https://developer.amazon.com/support/amazonbot) Chrome/119.0.6045.214 Safari/537.36"
2a0f:ca80:: - - [15/Dec/2025:14:42:22 +0100] "GET /wp-admin/plugins.php HTTP/1.1" 302 - "https://GEBAEUDETECHNIK.NRW/wp-login.php" "Mozilla/5.0 (Macintosh; Intel Mac OS X 13_6_1) AppleWebKit/605.1.15 (KHTML, like Gecko) Version/17.0 Safari/605.1.15"
2a0f:ca80:: - - [15/Dec/2025:14:42:22 +0100] "GET /nicht-erlaubt/ HTTP/1.1" 200 - "https://GEBAEUDETECHNIK.NRW/wp-login.php" "Mozilla/5.0 (Macintosh; Intel Mac OS X 13_6_1) AppleWebKit/605.1.15 (KHTML, like Gecko) Version/17.0 Safari/605.1.15"
2a0f:ca80:: - - [15/Dec/2025:14:42:23 +0100] "GET /kontaktformular/nicht-erlaubt/ HTTP/1.1" 200 44908 "https://GEBAEUDETECHNIK.NRW/wp-login.php" "Mozilla/5.0 (Macintosh; Intel Mac OS X 13_6_1) AppleWebKit/605.1.15 (KHTML, like Gecko) Version/17.0 Safari/605.1.15"
52.204.253.0 - - [15/Dec/2025:14:42:24 +0100] "GET /contao/vendor/simplepie/simplepie/library/SimplePie/Content/?C=D;O%3DD HTTP/1.1" 200 430 "-" "Mozilla/5.0 AppleWebKit/537.36 (KHTML, like Gecko; compatible; Amazonbot/0.1; +https://developer.amazon.com/support/amazonbot) Chrome/119.0.6045.214 Safari/537.36"
3.217.82.0 - - [15/Dec/2025:14:42:31 +0100] "GET /contao/vendor/codefog/contao-haste/library/Haste/IO/Reader/?C=D;O%3DA HTTP/1.1" 200 533 "-" "Mozilla/5.0 AppleWebKit/537.36 (KHTML, like Gecko; compatible; Amazonbot/0.1; +https://developer.amazon.com/support/amazonbot) Chrome/119.0.6045.214 Safari/537.36"
3.222.190.0 - - [15/Dec/2025:14:42:34 +0100] "GET /contao/vendor/codefog/contao-haste/library/Haste/Frontend/?C=N;O%3DA HTTP/1.1" 200 455 "-" "Mozilla/5.0 AppleWebKit/537.36 (KHTML, like Gecko; compatible; Amazonbot/0.1; +https://developer.amazon.com/support/amazonbot) Chrome/119.0.6045.214 Safari/537.36"
2a0f:ca80:: - - [15/Dec/2025:14:42:35 +0100] "POST /wp-login.php HTTP/1.1" 404 43884 "https://GEBAEUDETECHNIK.NRW/wp-login.php" "Mozilla/5.0 (Windows NT 11.0; Win64; x64; rv:120.0) Gecko/20100101 Firefox/120.0"
2a0f:ca80:: - - [15/Dec/2025:14:42:36 +0100] "GET /wp-admin/index.php HTTP/1.1" 302 - "https://GEBAEUDETECHNIK.NRW/wp-login.php" "Mozilla/5.0 (Macintosh; Intel Mac OS X 10_15_7) AppleWebKit/537.36 (KHTML, like Gecko) Chrome/118.0.0.0 Safari/537.36"
23.22.105.0 - - [15/Dec/2025:14:42:37 +0100] "GET /contao/vendor/contao/manager-bundle/src/Resources/skeleton/system/?C=M;O%3DA HTTP/1.1" 200 452 "-" "Mozilla/5.0 AppleWebKit/537.36 (KHTML, like Gecko; compatible; Amazonbot/0.1; +https://developer.amazon.com/support/amazonbot) Chrome/119.0.6045.214 Safari/537.36"
2a0f:ca80:: - - [15/Dec/2025:14:42:37 +0100] "GET /nicht-erlaubt/ HTTP/1.1" 200 - "https://GEBAEUDETECHNIK.NRW/wp-login.php" "Mozilla/5.0 (Macintosh; Intel Mac OS X 10_15_7) AppleWebKit/537.36 (KHTML, like Gecko) Chrome/118.0.0.0 Safari/537.36"
2a0f:ca80:: - - [15/Dec/2025:14:42:39 +0100] "GET /kontaktformular/nicht-erlaubt/ HTTP/1.1" 200 44908 "https://GEBAEUDETECHNIK.NRW/wp-login.php" "Mozilla/5.0 (Macintosh; Intel Mac OS X 10_15_7) AppleWebKit/537.36 (KHTML, like Gecko) Chrome/118.0.0.0 Safari/537.36"
2a0f:ca80:: - - [15/Dec/2025:14:42:41 +0100] "GET /wp-admin/profile.php HTTP/1.1" 302 - "https://GEBAEUDETECHNIK.NRW/wp-login.php" "Mozilla/5.0 (Macintosh; Intel Mac OS X 10_15_7) AppleWebKit/537.36 (KHTML, like Gecko) Chrome/118.0.0.0 Safari/537.36"
2a0f:ca80:: - - [15/Dec/2025:14:42:41 +0100] "GET /nicht-erlaubt/ HTTP/1.1" 200 - "https://GEBAEUDETECHNIK.NRW/wp-login.php" "Mozilla/5.0 (Macintosh; Intel Mac OS X 10_15_7) AppleWebKit/537.36 (KHTML, like Gecko) Chrome/118.0.0.0 Safari/537.36"
2a0f:ca80:: - - [15/Dec/2025:14:42:42 +0100] "GET /kontaktformular/nicht-erlaubt/ HTTP/1.1" 200 44908 "https://GEBAEUDETECHNIK.NRW/wp-login.php" "Mozilla/5.0 (Macintosh; Intel Mac OS X 10_15_7) AppleWebKit/537.36 (KHTML, like Gecko) Chrome/118.0.0.0 Safari/537.36"
2a0f:ca80:: - - [15/Dec/2025:14:42:42 +0100] "GET /wp-admin/edit.php HTTP/1.1" 302 - "https://GEBAEUDETECHNIK.NRW/wp-login.php" "Mozilla/5.0 (Macintosh; Intel Mac OS X 10_15_7) AppleWebKit/537.36 (KHTML, like Gecko) Chrome/118.0.0.0 Safari/537.36"
72.25.70.0 - - [15/Dec/2025:14:42:42 +0100] "GET /wp-content/uploads/2017/11/brandschutz-rauchwarnmelder.jpg HTTP/1.1" 404 2691 "-" "Mozilla/5.0 (X11; Ubuntu; Linux x86_64; rv:72.0) Gecko/20100101 Firefox/72.0"
23.22.105.0 - - [15/Dec/2025:14:42:42 +0100] "GET /contao/var/cache/prod/http_cache/@/V/?C=N;O%3DA HTTP/1.1" 200 413 "-" "Mozilla/5.0 AppleWebKit/537.36 (KHTML, like Gecko; compatible; Amazonbot/0.1; +https://developer.amazon.com/support/amazonbot) Chrome/119.0.6045.214 Safari/537.36"
2a0f:ca80:: - - [15/Dec/2025:14:42:43 +0100] "GET /nicht-erlaubt/ HTTP/1.1" 200 - "https://GEBAEUDETECHNIK.NRW/wp-login.php" "Mozilla/5.0 (Macintosh; Intel Mac OS X 10_15_7) AppleWebKit/537.36 (KHTML, like Gecko) Chrome/118.0.0.0 Safari/537.36"
2a0f:ca80:: - - [15/Dec/2025:14:42:43 +0100] "GET /kontaktformular/nicht-erlaubt/ HTTP/1.1" 200 44908 "https://GEBAEUDETECHNIK.NRW/wp-login.php" "Mozilla/5.0 (Macintosh; Intel Mac OS X 10_15_7) AppleWebKit/537.36 (KHTML, like Gecko) Chrome/118.0.0.0 Safari/537.36"
2a0f:ca80:: - - [15/Dec/2025:14:42:43 +0100] "GET /wp-admin/plugins.php HTTP/1.1" 302 - "https://GEBAEUDETECHNIK.NRW/wp-login.php" "Mozilla/5.0 (Macintosh; Intel Mac OS X 10_15_7) AppleWebKit/537.36 (KHTML, like Gecko) Chrome/118.0.0.0 Safari/537.36"
2a0f:ca80:: - - [15/Dec/2025:14:42:44 +0100] "GET /nicht-erlaubt/ HTTP/1.1" 200 - "https://GEBAEUDETECHNIK.NRW/wp-login.php" "Mozilla/5.0 (Macintosh; Intel Mac OS X 10_15_7) AppleWebKit/537.36 (KHTML, like Gecko) Chrome/118.0.0.0 Safari/537.36"
72.25.70.0 - - [15/Dec/2025:14:42:44 +0100] "GET /wp-content/uploads/2017/11/brandschutz-rauchwarnmelder.jpg HTTP/1.1" 404 2691 "-" "Mozilla/5.0 (X11; Ubuntu; Linux x86_64; rv:72.0) Gecko/20100101 Firefox/72.0"
98.84.60.0 - - [15/Dec/2025:14:42:46 +0100] "GET /contao/var/cache/prod/http_cache/@/Y/?C=M;O%3DA HTTP/1.1" 200 422 "-" "Mozilla/5.0 AppleWebKit/537.36 (KHTML, like Gecko; compatible; Amazonbot/0.1; +https://developer.amazon.com/support/amazonbot) Chrome/119.0.6045.214 Safari/537.36"
2a0f:ca80:: - - [15/Dec/2025:14:42:46 +0100] "GET /kontaktformular/nicht-erlaubt/ HTTP/1.1" 200 44908 "https://GEBAEUDETECHNIK.NRW/wp-login.php" "Mozilla/5.0 (Macintosh; Intel Mac OS X 10_15_7) AppleWebKit/537.36 (KHTML, like Gecko) Chrome/118.0.0.0 Safari/537.36"
52.0.105.0 - - [15/Dec/2025:14:42:48 +0100] "GET /contao/vendor/contao/newsletter-bundle/src/Resources/contao/templates/?C=N;O%3DD HTTP/1.1" 200 454 "-" "Mozilla/5.0 AppleWebKit/537.36 (KHTML, like Gecko; compatible; Amazonbot/0.1; +https://developer.amazon.com/support/amazonbot) Chrome/119.0.6045.214 Safari/537.36"
2a0f:ca80:: - - [15/Dec/2025:14:42:51 +0100] "POST /wp-login.php HTTP/1.1" 404 43884 "https://GEBAEUDETECHNIK.NRW/wp-login.php" "Mozilla/5.0 (Macintosh; Intel Mac OS X 13_6_1; rv:118.0) Gecko/20100101 Firefox/118.0"
2a0f:ca80:: - - [15/Dec/2025:14:42:52 +0100] "GET /wp-admin/index.php HTTP/1.1" 302 - "https://GEBAEUDETECHNIK.NRW/wp-login.php" "Mozilla/5.0 (X11; Linux x86_64) AppleWebKit/537.36 (KHTML, like Gecko) Chrome/119.0.0.0 Safari/537.36"
2a0f:ca80:: - - [15/Dec/2025:14:42:54 +0100] "GET /nicht-erlaubt/ HTTP/1.1" 200 - "https://GEBAEUDETECHNIK.NRW/wp-login.php" "Mozilla/5.0 (X11; Linux x86_64) AppleWebKit/537.36 (KHTML, like Gecko) Chrome/119.0.0.0 Safari/537.36"
98.82.214.0 - - [15/Dec/2025:14:42:54 +0100] "GET /contao/vendor/codefog/contao-haste/library/Haste/Number/?C=M;O%3DD HTTP/1.1" 200 463 "-" "Mozilla/5.0 AppleWebKit/537.36 (KHTML, like Gecko; compatible; Amazonbot/0.1; +https://developer.amazon.com/support/amazonbot) Chrome/119.0.6045.214 Safari/537.36"
2a0f:ca80:: - - [15/Dec/2025:14:42:55 +0100] "GET /kontaktformular/nicht-erlaubt/ HTTP/1.1" 200 44908 "https://GEBAEUDETECHNIK.NRW/wp-login.php" "Mozilla/5.0 (X11; Linux x86_64) AppleWebKit/537.36 (KHTML, like Gecko) Chrome/119.0.0.0 Safari/537.36"
52.6.5.0 - - [15/Dec/2025:14:42:57 +0100] "GET /contao/vendor/doctrine/doctrine-bundle/Resources/config/schema/?C=N;O%3DA HTTP/1.1" 200 444 "-" "Mozilla/5.0 AppleWebKit/537.36 (KHTML, like Gecko; compatible; Amazonbot/0.1; +https://developer.amazon.com/support/amazonbot) Chrome/119.0.6045.214 Safari/537.36"
2a0f:ca80:: - - [15/Dec/2025:14:42:58 +0100] "GET /wp-admin/profile.php HTTP/1.1" 302 - "https://GEBAEUDETECHNIK.NRW/wp-login.php" "Mozilla/5.0 (X11; Linux x86_64) AppleWebKit/537.36 (KHTML, like Gecko) Chrome/119.0.0.0 Safari/537.36"
2a0f:ca80:: - - [15/Dec/2025:14:42:59 +0100] "GET /nicht-erlaubt/ HTTP/1.1" 200 - "https://GEBAEUDETECHNIK.NRW/wp-login.php" "Mozilla/5.0 (X11; Linux x86_64) AppleWebKit/537.36 (KHTML, like Gecko) Chrome/119.0.0.0 Safari/537.36"
44.220.2.0 - - [15/Dec/2025:14:43:00 +0100] "GET /contao/system/modules/pct_theme_installer/languages/?C=M;O%3DD HTTP/1.1" 200 441 "-" "Mozilla/5.0 AppleWebKit/537.36 (KHTML, like Gecko; compatible; Amazonbot/0.1; +https://developer.amazon.com/support/amazonbot) Chrome/119.0.6045.214 Safari/537.36"
2a0f:ca80:: - - [15/Dec/2025:14:43:00 +0100] "GET /kontaktformular/nicht-erlaubt/ HTTP/1.1" 200 44908 "https://GEBAEUDETECHNIK.NRW/wp-login.php" "Mozilla/5.0 (X11; Linux x86_64) AppleWebKit/537.36 (KHTML, like Gecko) Chrome/119.0.0.0 Safari/537.36"
2a0f:ca80:: - - [15/Dec/2025:14:43:01 +0100] "GET /wp-admin/edit.php HTTP/1.1" 302 - "https://GEBAEUDETECHNIK.NRW/wp-login.php" "Mozilla/5.0 (X11; Linux x86_64) AppleWebKit/537.36 (KHTML, like Gecko) Chrome/119.0.0.0 Safari/537.36"
2a0f:ca80:: - - [15/Dec/2025:14:43:01 +0100] "GET /nicht-erlaubt/ HTTP/1.1" 200 - "https://GEBAEUDETECHNIK.NRW/wp-login.php" "Mozilla/5.0 (X11; Linux x86_64) AppleWebKit/537.36 (KHTML, like Gecko) Chrome/119.0.0.0 Safari/537.36"
2a0f:ca80:: - - [15/Dec/2025:14:43:02 +0100] "GET /kontaktformular/nicht-erlaubt/ HTTP/1.1" 200 44908 "https://GEBAEUDETECHNIK.NRW/wp-login.php" "Mozilla/5.0 (X11; Linux x86_64) AppleWebKit/537.36 (KHTML, like Gecko) Chrome/119.0.0.0 Safari/537.36"
2a0f:ca80:: - - [15/Dec/2025:14:43:03 +0100] "GET /wp-admin/plugins.php HTTP/1.1" 302 - "https://GEBAEUDETECHNIK.NRW/wp-login.php" "Mozilla/5.0 (X11; Linux x86_64) AppleWebKit/537.36 (KHTML, like Gecko) Chrome/119.0.0.0 Safari/537.36"
2a0f:ca80:: - - [15/Dec/2025:14:43:03 +0100] "GET /nicht-erlaubt/ HTTP/1.1" 200 - "https://GEBAEUDETECHNIK.NRW/wp-login.php" "Mozilla/5.0 (X11; Linux x86_64) AppleWebKit/537.36 (KHTML, like Gecko) Chrome/119.0.0.0 Safari/537.36"
2a0f:ca80:: - - [15/Dec/2025:14:43:03 +0100] "GET /kontaktformular/nicht-erlaubt/ HTTP/1.1" 200 44908 "https://GEBAEUDETECHNIK.NRW/wp-login.php" "Mozilla/5.0 (X11; Linux x86_64) AppleWebKit/537.36 (KHTML, like Gecko) Chrome/119.0.0.0 Safari/537.36"
2a0f:ca80:: - - [15/Dec/2025:14:43:04 +0100] "POST /wp-login.php HTTP/1.1" 404 43884 "https://GEBAEUDETECHNIK.NRW/wp-login.php" "Mozilla/5.0 (Macintosh; Intel Mac OS X 10_15_7) AppleWebKit/605.1.15 (KHTML, like Gecko) Version/17.2 Safari/605.1.15"
2a0f:ca80:: - - [15/Dec/2025:14:43:04 +0100] "GET /wp-admin/index.php HTTP/1.1" 302 - "https://GEBAEUDETECHNIK.NRW/wp-login.php" "Mozilla/5.0 (X11; Ubuntu; Linux x86_64) AppleWebKit/537.36 (KHTML, like Gecko) Chrome/118.0.0.0 Safari/537.36"
2a0f:ca80:: - - [15/Dec/2025:14:43:04 +0100] "GET /nicht-erlaubt/ HTTP/1.1" 200 - "https://GEBAEUDETECHNIK.NRW/wp-login.php" "Mozilla/5.0 (X11; Ubuntu; Linux x86_64) AppleWebKit/537.36 (KHTML, like Gecko) Chrome/118.0.0.0 Safari/537.36"
2a0f:ca80:: - - [15/Dec/2025:14:43:05 +0100] "GET /kontaktformular/nicht-erlaubt/ HTTP/1.1" 200 44908 "https://GEBAEUDETECHNIK.NRW/wp-login.php" "Mozilla/5.0 (X11; Ubuntu; Linux x86_64) AppleWebKit/537.36 (KHTML, like Gecko) Chrome/118.0.0.0 Safari/537.36"
52.0.63.0 - - [15/Dec/2025:14:43:05 +0100] "GET /contao/system/themes/flexible/icons/?C=M;O%3DD HTTP/1.1" 200 2756 "-" "Mozilla/5.0 AppleWebKit/537.36 (KHTML, like Gecko; compatible; Amazonbot/0.1; +https://developer.amazon.com/support/amazonbot) Chrome/119.0.6045.214 Safari/537.36"
2a0f:ca80:: - - [15/Dec/2025:14:43:05 +0100] "GET /wp-admin/profile.php HTTP/1.1" 302 - "https://GEBAEUDETECHNIK.NRW/wp-login.php" "Mozilla/5.0 (X11; Ubuntu; Linux x86_64) AppleWebKit/537.36 (KHTML, like Gecko) Chrome/118.0.0.0 Safari/537.36"
2a0f:ca80:: - - [15/Dec/2025:14:43:05 +0100] "GET /nicht-erlaubt/ HTTP/1.1" 200 - "https://GEBAEUDETECHNIK.NRW/wp-login.php" "Mozilla/5.0 (X11; Ubuntu; Linux x86_64) AppleWebKit/537.36 (KHTML, like Gecko) Chrome/118.0.0.0 Safari/537.36"
2a0f:ca80:: - - [15/Dec/2025:14:43:06 +0100] "GET /kontaktformular/nicht-erlaubt/ HTTP/1.1" 200 44908 "https://GEBAEUDETECHNIK.NRW/wp-login.php" "Mozilla/5.0 (X11; Ubuntu; Linux x86_64) AppleWebKit/537.36 (KHTML, like Gecko) Chrome/118.0.0.0 Safari/537.36"
2a0f:ca80:: - - [15/Dec/2025:14:43:07 +0100] "GET /wp-admin/edit.php HTTP/1.1" 302 - "https://GEBAEUDETECHNIK.NRW/wp-login.php" "Mozilla/5.0 (X11; Ubuntu; Linux x86_64) AppleWebKit/537.36 (KHTML, like Gecko) Chrome/118.0.0.0 Safari/537.36"
2a0f:ca80:: - - [15/Dec/2025:14:43:07 +0100] "GET /nicht-erlaubt/ HTTP/1.1" 200 - "https://GEBAEUDETECHNIK.NRW/wp-login.php" "Mozilla/5.0 (X11; Ubuntu; Linux x86_64) AppleWebKit/537.36 (KHTML, like Gecko) Chrome/118.0.0.0 Safari/537.36"
2a0f:ca80:: - - [15/Dec/2025:14:43:07 +0100] "GET /kontaktformular/nicht-erlaubt/ HTTP/1.1" 200 44908 "https://GEBAEUDETECHNIK.NRW/wp-login.php" "Mozilla/5.0 (X11; Ubuntu; Linux x86_64) AppleWebKit/537.36 (KHTML, like Gecko) Chrome/118.0.0.0 Safari/537.36"
2a0f:ca80:: - - [15/Dec/2025:14:43:08 +0100] "GET /wp-admin/plugins.php HTTP/1.1" 302 - "https://GEBAEUDETECHNIK.NRW/wp-login.php" "Mozilla/5.0 (X11; Ubuntu; Linux x86_64) AppleWebKit/537.36 (KHTML, like Gecko) Chrome/118.0.0.0 Safari/537.36"
100.28.118.0 - - [15/Dec/2025:14:43:08 +0100] "GET /contao/vendor/laminas/laminas-code/src/Generator/DocBlock/Tag/VarTag.php HTTP/1.1" 500 - "-" "Mozilla/5.0 AppleWebKit/537.36 (KHTML, like Gecko; compatible; Amazonbot/0.1; +https://developer.amazon.com/support/amazonbot) Chrome/119.0.6045.214 Safari/537.36"
2a0f:ca80:: - - [15/Dec/2025:14:43:09 +0100] "GET /nicht-erlaubt/ HTTP/1.1" 200 - "https://GEBAEUDETECHNIK.NRW/wp-login.php" "Mozilla/5.0 (X11; Ubuntu; Linux x86_64) AppleWebKit/537.36 (KHTML, like Gecko) Chrome/118.0.0.0 Safari/537.36"
2a0f:ca80:: - - [15/Dec/2025:14:43:09 +0100] "GET /kontaktformular/nicht-erlaubt/ HTTP/1.1" 200 44908 "https://GEBAEUDETECHNIK.NRW/wp-login.php" "Mozilla/5.0 (X11; Ubuntu; Linux x86_64) AppleWebKit/537.36 (KHTML, like Gecko) Chrome/118.0.0.0 Safari/537.36"
2a0f:ca80:: - - [15/Dec/2025:14:43:09 +0100] "POST /wp-login.php HTTP/1.1" 404 43884 "https://GEBAEUDETECHNIK.NRW/wp-login.php" "Mozilla/5.0 (Windows NT 10.0; Win64; x64) AppleWebKit/537.36 (KHTML, like Gecko) Chrome/119.0.0.0 Safari/537.36"
2a0f:ca80:: - - [15/Dec/2025:14:43:09 +0100] "GET /wp-admin/index.php HTTP/1.1" 302 - "https://GEBAEUDETECHNIK.NRW/wp-login.php" "Mozilla/5.0 (Windows NT 11.0; Win64; x64; rv:121.0) Gecko/20100101 Firefox/121.0"
2a0f:ca80:: - - [15/Dec/2025:14:43:10 +0100] "GET /nicht-erlaubt/ HTTP/1.1" 200 - "https://GEBAEUDETECHNIK.NRW/wp-login.php" "Mozilla/5.0 (Windows NT 11.0; Win64; x64; rv:121.0) Gecko/20100101 Firefox/121.0"
2a0f:ca80:: - - [15/Dec/2025:14:43:10 +0100] "GET /kontaktformular/nicht-erlaubt/ HTTP/1.1" 200 44908 "https://GEBAEUDETECHNIK.NRW/wp-login.php" "Mozilla/5.0 (Windows NT 11.0; Win64; x64; rv:121.0) Gecko/20100101 Firefox/121.0"
2a0f:ca80:: - - [15/Dec/2025:14:43:10 +0100] "GET /wp-admin/profile.php HTTP/1.1" 302 - "https://GEBAEUDETECHNIK.NRW/wp-login.php" "Mozilla/5.0 (Windows NT 11.0; Win64; x64; rv:121.0) Gecko/20100101 Firefox/121.0"
2a0f:ca80:: - - [15/Dec/2025:14:43:10 +0100] "GET /nicht-erlaubt/ HTTP/1.1" 200 - "https://GEBAEUDETECHNIK.NRW/wp-login.php" "Mozilla/5.0 (Windows NT 11.0; Win64; x64; rv:121.0) Gecko/20100101 Firefox/121.0"
2a0f:ca80:: - - [15/Dec/2025:14:43:11 +0100] "GET /kontaktformular/nicht-erlaubt/ HTTP/1.1" 200 44908 "https://GEBAEUDETECHNIK.NRW/wp-login.php" "Mozilla/5.0 (Windows NT 11.0; Win64; x64; rv:121.0) Gecko/20100101 Firefox/121.0"
2a0f:ca80:: - - [15/Dec/2025:14:43:11 +0100] "GET /wp-admin/edit.php HTTP/1.1" 302 - "https://GEBAEUDETECHNIK.NRW/wp-login.php" "Mozilla/5.0 (Windows NT 11.0; Win64; x64; rv:121.0) Gecko/20100101 Firefox/121.0"
2a0f:ca80:: - - [15/Dec/2025:14:43:13 +0100] "GET /nicht-erlaubt/ HTTP/1.1" 200 - "https://GEBAEUDETECHNIK.NRW/wp-login.php" "Mozilla/5.0 (Windows NT 11.0; Win64; x64; rv:121.0) Gecko/20100101 Firefox/121.0"
2a0f:ca80:: - - [15/Dec/2025:14:43:14 +0100] "GET /kontaktformular/nicht-erlaubt/ HTTP/1.1" 200 44908 "https://GEBAEUDETECHNIK.NRW/wp-login.php" "Mozilla/5.0 (Windows NT 11.0; Win64; x64; rv:121.0) Gecko/20100101 Firefox/121.0"
91.201.113.0 - - [15/Dec/2025:14:43:14 +0100] "GET /reports/usage_202511.html HTTP/1.0" 200 94062 "https://vykup-auto-prm.ru/" "Mozilla/5.0 (Windows NT 10.0; Win64; x64) AppleWebKit/537.36 (KHTML, like Gecko) Chrome/130.0.0.0 Safari/537.36"
2a0f:ca80:: - - [15/Dec/2025:14:43:14 +0100] "GET /wp-admin/plugins.php HTTP/1.1" 302 - "https://GEBAEUDETECHNIK.NRW/wp-login.php" "Mozilla/5.0 (Windows NT 11.0; Win64; x64; rv:121.0) Gecko/20100101 Firefox/121.0"
2a0f:ca80:: - - [15/Dec/2025:14:43:14 +0100] "GET /nicht-erlaubt/ HTTP/1.1" 200 - "https://GEBAEUDETECHNIK.NRW/wp-login.php" "Mozilla/5.0 (Windows NT 11.0; Win64; x64; rv:121.0) Gecko/20100101 Firefox/121.0"
2a0f:ca80:: - - [15/Dec/2025:14:43:15 +0100] "GET /kontaktformular/nicht-erlaubt/ HTTP/1.1" 200 44908 "https://GEBAEUDETECHNIK.NRW/wp-login.php" "Mozilla/5.0 (Windows NT 11.0; Win64; x64; rv:121.0) Gecko/20100101 Firefox/121.0"
2a0f:ca80:: - - [15/Dec/2025:14:43:15 +0100] "POST /wp-login.php HTTP/1.1" 404 43884 "https://GEBAEUDETECHNIK.NRW/wp-login.php" "Mozilla/5.0 (Windows NT 10.0; Win64; x64; rv:118.0) Gecko/20100101 Firefox/118.0"
2a0f:ca80:: - - [15/Dec/2025:14:43:16 +0100] "GET /wp-admin/index.php HTTP/1.1" 302 - "https://GEBAEUDETECHNIK.NRW/wp-login.php" "Mozilla/5.0 (Macintosh; Intel Mac OS X 10_15_7) AppleWebKit/537.36 (KHTML, like Gecko) Chrome/121.0.0.0 Safari/537.36"
91.201.113.0 - - [15/Dec/2025:14:43:16 +0100] "GET /reports/usage_202511.html HTTP/1.0" 200 94062 "https://vykup-auto-prm.ru/" "Mozilla/5.0 (Windows NT 10.0; Win64; x64) AppleWebKit/537.36 (KHTML, like Gecko) Chrome/131.0.0.0 Safari/537.36"
2a0f:ca80:: - - [15/Dec/2025:14:43:16 +0100] "GET /nicht-erlaubt/ HTTP/1.1" 200 - "https://GEBAEUDETECHNIK.NRW/wp-login.php" "Mozilla/5.0 (Macintosh; Intel Mac OS X 10_15_7) AppleWebKit/537.36 (KHTML, like Gecko) Chrome/121.0.0.0 Safari/537.36"
2a0f:ca80:: - - [15/Dec/2025:14:43:16 +0100] "GET /kontaktformular/nicht-erlaubt/ HTTP/1.1" 200 44908 "https://GEBAEUDETECHNIK.NRW/wp-login.php" "Mozilla/5.0 (Macintosh; Intel Mac OS X 10_15_7) AppleWebKit/537.36 (KHTML, like Gecko) Chrome/121.0.0.0 Safari/537.36"
18.210.58.0 - - [15/Dec/2025:14:43:16 +0100] "GET /contao/system/modules/pct_theme_installer/languages/de/?C=M;O%3DD HTTP/1.1" 200 501 "-" "Mozilla/5.0 AppleWebKit/537.36 (KHTML, like Gecko; compatible; Amazonbot/0.1; +https://developer.amazon.com/support/amazonbot) Chrome/119.0.6045.214 Safari/537.36"
2a0f:ca80:: - - [15/Dec/2025:14:43:17 +0100] "GET /wp-admin/profile.php HTTP/1.1" 302 - "https://GEBAEUDETECHNIK.NRW/wp-login.php" "Mozilla/5.0 (Macintosh; Intel Mac OS X 10_15_7) AppleWebKit/537.36 (KHTML, like Gecko) Chrome/121.0.0.0 Safari/537.36"
2a0f:ca80:: - - [15/Dec/2025:14:43:18 +0100] "GET /nicht-erlaubt/ HTTP/1.1" 200 - "https://GEBAEUDETECHNIK.NRW/wp-login.php" "Mozilla/5.0 (Macintosh; Intel Mac OS X 10_15_7) AppleWebKit/537.36 (KHTML, like Gecko) Chrome/121.0.0.0 Safari/537.36"
91.201.113.0 - - [15/Dec/2025:14:43:18 +0100] "GET /reports/usage_202511.html HTTP/1.0" 200 94062 "https://vykup-auto-prm.ru/" "Mozilla/5.0 (Windows NT 10.0; Win64; x64) AppleWebKit/537.36 (KHTML, like Gecko) Chrome/130.0.0.0 Safari/537.36"
2a0f:ca80:: - - [15/Dec/2025:14:43:18 +0100] "GET /kontaktformular/nicht-erlaubt/ HTTP/1.1" 200 44908 "https://GEBAEUDETECHNIK.NRW/wp-login.php" "Mozilla/5.0 (Macintosh; Intel Mac OS X 10_15_7) AppleWebKit/537.36 (KHTML, like Gecko) Chrome/121.0.0.0 Safari/537.36"
2a0f:ca80:: - - [15/Dec/2025:14:43:19 +0100] "GET /wp-admin/edit.php HTTP/1.1" 302 - "https://GEBAEUDETECHNIK.NRW/wp-login.php" "Mozilla/5.0 (Macintosh; Intel Mac OS X 10_15_7) AppleWebKit/537.36 (KHTML, like Gecko) Chrome/121.0.0.0 Safari/537.36"
2a0f:ca80:: - - [15/Dec/2025:14:43:19 +0100] "GET /nicht-erlaubt/ HTTP/1.1" 200 - "https://GEBAEUDETECHNIK.NRW/wp-login.php" "Mozilla/5.0 (Macintosh; Intel Mac OS X 10_15_7) AppleWebKit/537.36 (KHTML, like Gecko) Chrome/121.0.0.0 Safari/537.36"
52.4.76.0 - - [15/Dec/2025:14:43:19 +0100] "GET /contao/vendor/doctrine/orm/lib/Doctrine/ORM/Query/TreeWalker.php HTTP/1.1" 200 - "-" "Mozilla/5.0 AppleWebKit/537.36 (KHTML, like Gecko; compatible; Amazonbot/0.1; +https://developer.amazon.com/support/amazonbot) Chrome/119.0.6045.214 Safari/537.36"
2a0f:ca80:: - - [15/Dec/2025:14:43:20 +0100] "GET /kontaktformular/nicht-erlaubt/ HTTP/1.1" 200 44908 "https://GEBAEUDETECHNIK.NRW/wp-login.php" "Mozilla/5.0 (Macintosh; Intel Mac OS X 10_15_7) AppleWebKit/537.36 (KHTML, like Gecko) Chrome/121.0.0.0 Safari/537.36"
18.215.112.0 - - [15/Dec/2025:14:43:20 +0100] "GET /contao/vendor/contao/newsletter-bundle/src/Resources/contao/models/NewsletterBlacklistModel.php HTTP/1.1" 500 - "-" "Mozilla/5.0 AppleWebKit/537.36 (KHTML, like Gecko; compatible; Amazonbot/0.1; +https://developer.amazon.com/support/amazonbot) Chrome/119.0.6045.214 Safari/537.36"
2a0f:ca80:: - - [15/Dec/2025:14:43:20 +0100] "GET /wp-admin/plugins.php HTTP/1.1" 302 - "https://GEBAEUDETECHNIK.NRW/wp-login.php" "Mozilla/5.0 (Macintosh; Intel Mac OS X 10_15_7) AppleWebKit/537.36 (KHTML, like Gecko) Chrome/121.0.0.0 Safari/537.36"
2a01:238:43f8:5f00:: - - [15/Dec/2025:14:43:21 +0100] "POST /wp-cron.php?doing_wp_cron=1765806201.1307690143585205078125 HTTP/1.1" 200 - "-" "swjqtF3Zntee"
2a0f:ca80:: - - [15/Dec/2025:14:43:21 +0100] "GET /nicht-erlaubt/ HTTP/1.1" 200 - "https://GEBAEUDETECHNIK.NRW/wp-login.php" "Mozilla/5.0 (Macintosh; Intel Mac OS X 10_15_7) AppleWebKit/537.36 (KHTML, like Gecko) Chrome/121.0.0.0 Safari/537.36"
2a0f:ca80:: - - [15/Dec/2025:14:43:22 +0100] "GET /kontaktformular/nicht-erlaubt/ HTTP/1.1" 200 44908 "https://GEBAEUDETECHNIK.NRW/wp-login.php" "Mozilla/5.0 (Macintosh; Intel Mac OS X 10_15_7) AppleWebKit/537.36 (KHTML, like Gecko) Chrome/121.0.0.0 Safari/537.36"
2a0f:ca80:: - - [15/Dec/2025:14:43:22 +0100] "POST /wp-login.php HTTP/1.1" 404 43884 "https://GEBAEUDETECHNIK.NRW/wp-login.php" "Mozilla/5.0 (Macintosh; Intel Mac OS X 10_15_7; rv:121.0) Gecko/20100101 Firefox/121.0"
2a0f:ca80:: - - [15/Dec/2025:14:43:24 +0100] "GET /wp-admin/index.php HTTP/1.1" 302 - "https://GEBAEUDETECHNIK.NRW/wp-login.php" "Mozilla/5.0 (Macintosh; Intel Mac OS X 13_6_1) AppleWebKit/537.36 (KHTML, like Gecko) Chrome/120.0.0.0 Safari/537.36"
2a0f:ca80:: - - [15/Dec/2025:14:43:24 +0100] "GET /nicht-erlaubt/ HTTP/1.1" 200 - "https://GEBAEUDETECHNIK.NRW/wp-login.php" "Mozilla/5.0 (Macintosh; Intel Mac OS X 13_6_1) AppleWebKit/537.36 (KHTML, like Gecko) Chrome/120.0.0.0 Safari/537.36"
2a0f:ca80:: - - [15/Dec/2025:14:43:24 +0100] "GET /kontaktformular/nicht-erlaubt/ HTTP/1.1" 200 44908 "https://GEBAEUDETECHNIK.NRW/wp-login.php" "Mozilla/5.0 (Macintosh; Intel Mac OS X 13_6_1) AppleWebKit/537.36 (KHTML, like Gecko) Chrome/120.0.0.0 Safari/537.36"
100.28.133.0 - - [15/Dec/2025:14:43:25 +0100] "GET /contao/vendor/contao/manager-plugin/src/Bundle/Config/?C=M;O%3DD HTTP/1.1" 200 540 "-" "Mozilla/5.0 AppleWebKit/537.36 (KHTML, like Gecko; compatible; Amazonbot/0.1; +https://developer.amazon.com/support/amazonbot) Chrome/119.0.6045.214 Safari/537.36"
2a0f:ca80:: - - [15/Dec/2025:14:43:25 +0100] "GET /wp-admin/profile.php HTTP/1.1" 302 - "https://GEBAEUDETECHNIK.NRW/wp-login.php" "Mozilla/5.0 (Macintosh; Intel Mac OS X 13_6_1) AppleWebKit/537.36 (KHTML, like Gecko) Chrome/120.0.0.0 Safari/537.36"
2a0f:ca80:: - - [15/Dec/2025:14:43:25 +0100] "GET /nicht-erlaubt/ HTTP/1.1" 200 - "https://GEBAEUDETECHNIK.NRW/wp-login.php" "Mozilla/5.0 (Macintosh; Intel Mac OS X 13_6_1) AppleWebKit/537.36 (KHTML, like Gecko) Chrome/120.0.0.0 Safari/537.36"
2a0f:ca80:: - - [15/Dec/2025:14:43:25 +0100] "GET /kontaktformular/nicht-erlaubt/ HTTP/1.1" 200 44908 "https://GEBAEUDETECHNIK.NRW/wp-login.php" "Mozilla/5.0 (Macintosh; Intel Mac OS X 13_6_1) AppleWebKit/537.36 (KHTML, like Gecko) Chrome/120.0.0.0 Safari/537.36"
2a0f:ca80:: - - [15/Dec/2025:14:43:26 +0100] "GET /wp-admin/edit.php HTTP/1.1" 302 - "https://GEBAEUDETECHNIK.NRW/wp-login.php" "Mozilla/5.0 (Macintosh; Intel Mac OS X 13_6_1) AppleWebKit/537.36 (KHTML, like Gecko) Chrome/120.0.0.0 Safari/537.36"
2a0f:ca80:: - - [15/Dec/2025:14:43:26 +0100] "GET /nicht-erlaubt/ HTTP/1.1" 200 - "https://GEBAEUDETECHNIK.NRW/wp-login.php" "Mozilla/5.0 (Macintosh; Intel Mac OS X 13_6_1) AppleWebKit/537.36 (KHTML, like Gecko) Chrome/120.0.0.0 Safari/537.36"
2a0f:ca80:: - - [15/Dec/2025:14:43:27 +0100] "GET /kontaktformular/nicht-erlaubt/ HTTP/1.1" 200 44908 "https://GEBAEUDETECHNIK.NRW/wp-login.php" "Mozilla/5.0 (Macintosh; Intel Mac OS X 13_6_1) AppleWebKit/537.36 (KHTML, like Gecko) Chrome/120.0.0.0 Safari/537.36"
2a0f:ca80:: - - [15/Dec/2025:14:43:27 +0100] "GET /wp-admin/plugins.php HTTP/1.1" 302 - "https://GEBAEUDETECHNIK.NRW/wp-login.php" "Mozilla/5.0 (Macintosh; Intel Mac OS X 13_6_1) AppleWebKit/537.36 (KHTML, like Gecko) Chrome/120.0.0.0 Safari/537.36"
2a0f:ca80:: - - [15/Dec/2025:14:43:27 +0100] "GET /nicht-erlaubt/ HTTP/1.1" 200 - "https://GEBAEUDETECHNIK.NRW/wp-login.php" "Mozilla/5.0 (Macintosh; Intel Mac OS X 13_6_1) AppleWebKit/537.36 (KHTML, like Gecko) Chrome/120.0.0.0 Safari/537.36"
2a0f:ca80:: - - [15/Dec/2025:14:43:28 +0100] "GET /kontaktformular/nicht-erlaubt/ HTTP/1.1" 200 44908 "https://GEBAEUDETECHNIK.NRW/wp-login.php" "Mozilla/5.0 (Macintosh; Intel Mac OS X 13_6_1) AppleWebKit/537.36 (KHTML, like Gecko) Chrome/120.0.0.0 Safari/537.36"
2a0f:ca80:: - - [15/Dec/2025:14:43:28 +0100] "POST /wp-login.php HTTP/1.1" 404 43884 "https://GEBAEUDETECHNIK.NRW/wp-login.php" "Mozilla/5.0 (Macintosh; Intel Mac OS X 10_15_7) AppleWebKit/537.36 (KHTML, like Gecko) Chrome/118.0.0.0 Safari/537.36"
2a0f:ca80:: - - [15/Dec/2025:14:43:29 +0100] "GET /wp-admin/index.php HTTP/1.1" 302 - "https://GEBAEUDETECHNIK.NRW/wp-login.php" "Mozilla/5.0 (Macintosh; Intel Mac OS X 10_15_7; rv:119.0) Gecko/20100101 Firefox/119.0"
2a0f:ca80:: - - [15/Dec/2025:14:43:30 +0100] "GET /nicht-erlaubt/ HTTP/1.1" 200 - "https://GEBAEUDETECHNIK.NRW/wp-login.php" "Mozilla/5.0 (Macintosh; Intel Mac OS X 10_15_7; rv:119.0) Gecko/20100101 Firefox/119.0"
44.197.76.0 - - [15/Dec/2025:14:43:31 +0100] "GET /contao/vendor/doctrine/dbal/lib/Doctrine/DBAL/Exception/?C=S;O%3DA HTTP/1.1" 200 799 "-" "Mozilla/5.0 AppleWebKit/537.36 (KHTML, like Gecko; compatible; Amazonbot/0.1; +https://developer.amazon.com/support/amazonbot) Chrome/119.0.6045.214 Safari/537.36"
2a0f:ca80:: - - [15/Dec/2025:14:43:31 +0100] "GET /kontaktformular/nicht-erlaubt/ HTTP/1.1" 200 44908 "https://GEBAEUDETECHNIK.NRW/wp-login.php" "Mozilla/5.0 (Macintosh; Intel Mac OS X 10_15_7; rv:119.0) Gecko/20100101 Firefox/119.0"
2a0f:ca80:: - - [15/Dec/2025:14:43:31 +0100] "GET /wp-admin/profile.php HTTP/1.1" 302 - "https://GEBAEUDETECHNIK.NRW/wp-login.php" "Mozilla/5.0 (Macintosh; Intel Mac OS X 10_15_7; rv:119.0) Gecko/20100101 Firefox/119.0"
2a0f:ca80:: - - [15/Dec/2025:14:43:31 +0100] "GET /nicht-erlaubt/ HTTP/1.1" 200 - "https://GEBAEUDETECHNIK.NRW/wp-login.php" "Mozilla/5.0 (Macintosh; Intel Mac OS X 10_15_7; rv:119.0) Gecko/20100101 Firefox/119.0"
2a0f:ca80:: - - [15/Dec/2025:14:43:31 +0100] "GET /kontaktformular/nicht-erlaubt/ HTTP/1.1" 200 44908 "https://GEBAEUDETECHNIK.NRW/wp-login.php" "Mozilla/5.0 (Macintosh; Intel Mac OS X 10_15_7; rv:119.0) Gecko/20100101 Firefox/119.0"
2a0f:ca80:: - - [15/Dec/2025:14:43:32 +0100] "GET /wp-admin/edit.php HTTP/1.1" 302 - "https://GEBAEUDETECHNIK.NRW/wp-login.php" "Mozilla/5.0 (Macintosh; Intel Mac OS X 10_15_7; rv:119.0) Gecko/20100101 Firefox/119.0"
2a0f:ca80:: - - [15/Dec/2025:14:43:32 +0100] "GET /nicht-erlaubt/ HTTP/1.1" 200 - "https://GEBAEUDETECHNIK.NRW/wp-login.php" "Mozilla/5.0 (Macintosh; Intel Mac OS X 10_15_7; rv:119.0) Gecko/20100101 Firefox/119.0"
2a0f:ca80:: - - [15/Dec/2025:14:43:33 +0100] "GET /kontaktformular/nicht-erlaubt/ HTTP/1.1" 200 44908 "https://GEBAEUDETECHNIK.NRW/wp-login.php" "Mozilla/5.0 (Macintosh; Intel Mac OS X 10_15_7; rv:119.0) Gecko/20100101 Firefox/119.0"
18.214.251.0 - - [15/Dec/2025:14:43:33 +0100] "GET /contao/vendor/swiftmailer/swiftmailer/tests/acceptance/Swift/Transport/StreamBuffer/?C=D;O%3DD HTTP/1.1" 200 554 "-" "Mozilla/5.0 AppleWebKit/537.36 (KHTML, like Gecko; compatible; Amazonbot/0.1; +https://developer.amazon.com/support/amazonbot) Chrome/119.0.6045.214 Safari/537.36"
2a0f:ca80:: - - [15/Dec/2025:14:43:33 +0100] "GET /wp-admin/plugins.php HTTP/1.1" 302 - "https://GEBAEUDETECHNIK.NRW/wp-login.php" "Mozilla/5.0 (Macintosh; Intel Mac OS X 10_15_7; rv:119.0) Gecko/20100101 Firefox/119.0"
2a0f:ca80:: - - [15/Dec/2025:14:43:33 +0100] "GET /nicht-erlaubt/ HTTP/1.1" 200 - "https://GEBAEUDETECHNIK.NRW/wp-login.php" "Mozilla/5.0 (Macintosh; Intel Mac OS X 10_15_7; rv:119.0) Gecko/20100101 Firefox/119.0"
2a0f:ca80:: - - [15/Dec/2025:14:43:34 +0100] "GET /kontaktformular/nicht-erlaubt/ HTTP/1.1" 200 44908 "https://GEBAEUDETECHNIK.NRW/wp-login.php" "Mozilla/5.0 (Macintosh; Intel Mac OS X 10_15_7; rv:119.0) Gecko/20100101 Firefox/119.0"
2a0f:ca80:: - - [15/Dec/2025:14:43:34 +0100] "POST /wp-login.php HTTP/1.1" 404 43884 "https://GEBAEUDETECHNIK.NRW/wp-login.php" "Mozilla/5.0 (X11; Ubuntu; Linux x86_64) AppleWebKit/537.36 (KHTML, like Gecko) Chrome/120.0.0.0 Safari/537.36"
2a0f:ca80:: - - [15/Dec/2025:14:43:35 +0100] "GET /wp-admin/index.php HTTP/1.1" 302 - "https://GEBAEUDETECHNIK.NRW/wp-login.php" "Mozilla/5.0 (Macintosh; Intel Mac OS X 13_6_1) AppleWebKit/537.36 (KHTML, like Gecko) Chrome/120.0.0.0 Safari/537.36"
2a01:238:43f8:5f00:: - - [15/Dec/2025:14:43:35 +0100] "POST /wp-cron.php?doing_wp_cron=1765806215.3553059101104736328125 HTTP/1.1" 200 - "-" "mII5Q8UWDzoP"
2a0f:ca80:: - - [15/Dec/2025:14:43:35 +0100] "GET /nicht-erlaubt/ HTTP/1.1" 200 - "https://GEBAEUDETECHNIK.NRW/wp-login.php" "Mozilla/5.0 (Macintosh; Intel Mac OS X 13_6_1) AppleWebKit/537.36 (KHTML, like Gecko) Chrome/120.0.0.0 Safari/537.36"
2a0f:ca80:: - - [15/Dec/2025:14:43:36 +0100] "GET /kontaktformular/nicht-erlaubt/ HTTP/1.1" 200 44908 "https://GEBAEUDETECHNIK.NRW/wp-login.php" "Mozilla/5.0 (Macintosh; Intel Mac OS X 13_6_1) AppleWebKit/537.36 (KHTML, like Gecko) Chrome/120.0.0.0 Safari/537.36"
34.238.45.0 - - [15/Dec/2025:14:43:36 +0100] "GET /contao/vendor/swiftmailer/swiftmailer/tests/unit/Swift/Plugins/Loggers/?C=N;O%3DA HTTP/1.1" 200 473 "-" "Mozilla/5.0 AppleWebKit/537.36 (KHTML, like Gecko; compatible; Amazonbot/0.1; +https://developer.amazon.com/support/amazonbot) Chrome/119.0.6045.214 Safari/537.36"
2a0f:ca80:: - - [15/Dec/2025:14:43:36 +0100] "GET /wp-admin/profile.php HTTP/1.1" 302 - "https://GEBAEUDETECHNIK.NRW/wp-login.php" "Mozilla/5.0 (Macintosh; Intel Mac OS X 13_6_1) AppleWebKit/537.36 (KHTML, like Gecko) Chrome/120.0.0.0 Safari/537.36"
2a0f:ca80:: - - [15/Dec/2025:14:43:37 +0100] "GET /nicht-erlaubt/ HTTP/1.1" 200 - "https://GEBAEUDETECHNIK.NRW/wp-login.php" "Mozilla/5.0 (Macintosh; Intel Mac OS X 13_6_1) AppleWebKit/537.36 (KHTML, like Gecko) Chrome/120.0.0.0 Safari/537.36"
2a0f:ca80:: - - [15/Dec/2025:14:43:37 +0100] "GET /kontaktformular/nicht-erlaubt/ HTTP/1.1" 200 44908 "https://GEBAEUDETECHNIK.NRW/wp-login.php" "Mozilla/5.0 (Macintosh; Intel Mac OS X 13_6_1) AppleWebKit/537.36 (KHTML, like Gecko) Chrome/120.0.0.0 Safari/537.36"
2a0f:ca80:: - - [15/Dec/2025:14:43:38 +0100] "GET /wp-admin/edit.php HTTP/1.1" 302 - "https://GEBAEUDETECHNIK.NRW/wp-login.php" "Mozilla/5.0 (Macintosh; Intel Mac OS X 13_6_1) AppleWebKit/537.36 (KHTML, like Gecko) Chrome/120.0.0.0 Safari/537.36"
2a0f:ca80:: - - [15/Dec/2025:14:43:38 +0100] "GET /nicht-erlaubt/ HTTP/1.1" 200 - "https://GEBAEUDETECHNIK.NRW/wp-login.php" "Mozilla/5.0 (Macintosh; Intel Mac OS X 13_6_1) AppleWebKit/537.36 (KHTML, like Gecko) Chrome/120.0.0.0 Safari/537.36"
