185.111.111.0 - - [15/Dec/2025:01:29:43 +0100] "GET /classwithtostring.php HTTP/1.1" 301 257 "https://duckduckgo.com/" "Mozilla/5.0 (Linux; Android 13; M2101K6G) AppleWebKit/537.36 (KHTML, like Gecko) Chrome/116.0.0.0 Mobile Safari/537.36"
4.197.150.0 - - [15/Dec/2025:01:29:43 +0100] "GET /classwithtostring.php HTTP/1.1" 200 - "https://duckduckgo.com/" "Mozilla/5.0 (Linux; Android 13; M2101K6G) AppleWebKit/537.36 (KHTML, like Gecko) Chrome/116.0.0.0 Mobile Safari/537.36"
185.111.111.0 - - [15/Dec/2025:01:29:44 +0100] "GET /wp-content/themes/busiprof-pro/print.css HTTP/1.1" 404 2655 "-" "WordPress/6.8.3; https://www.gebaeudetechnik.nrw"
4.197.150.0 - - [15/Dec/2025:01:29:43 +0100] "GET /classwithtostring.php HTTP/1.1" 200 237751 "https://duckduckgo.com/" "Mozilla/5.0 (Linux; Android 13; M2101K6G) AppleWebKit/537.36 (KHTML, like Gecko) Chrome/116.0.0.0 Mobile Safari/537.36"
185.111.111.0 - - [15/Dec/2025:01:29:44 +0100] "GET /edit.php HTTP/1.1" 301 244 "https://www.google.de/" "Mozilla/5.0 (Linux; Android 11; 21081111RG) AppleWebKit/537.36 (KHTML, like Gecko) Chrome/116.0.0.0 Mobile Safari/537.36"
4.197.150.0 - - [15/Dec/2025:01:29:45 +0100] "GET /edit.php HTTP/1.1" 200 - "https://www.google.de/" "Mozilla/5.0 (Linux; Android 11; 21081111RG) AppleWebKit/537.36 (KHTML, like Gecko) Chrome/116.0.0.0 Mobile Safari/537.36"
185.111.111.0 - - [15/Dec/2025:01:29:45 +0100] "GET /wp-content/themes/busiprof-pro/print.css HTTP/1.1" 404 2655 "-" "WordPress/6.8.3; https://www.gebaeudetechnik.nrw"
4.197.150.0 - - [15/Dec/2025:01:29:45 +0100] "GET /edit.php HTTP/1.1" 200 237751 "https://www.google.de/" "Mozilla/5.0 (Linux; Android 11; 21081111RG) AppleWebKit/537.36 (KHTML, like Gecko) Chrome/116.0.0.0 Mobile Safari/537.36"
185.111.111.0 - - [15/Dec/2025:01:29:46 +0100] "GET /goods.php HTTP/1.1" 301 245 "https://www.google.fr/" "Mozilla/5.0 (Linux; Android 11; 21081111RG) AppleWebKit/537.36 (KHTML, like Gecko) Chrome/116.0.0.0 Mobile Safari/537.36"
4.197.150.0 - - [15/Dec/2025:01:29:46 +0100] "GET /goods.php HTTP/1.1" 200 - "https://www.google.fr/" "Mozilla/5.0 (Linux; Android 11; 21081111RG) AppleWebKit/537.36 (KHTML, like Gecko) Chrome/116.0.0.0 Mobile Safari/537.36"
185.111.111.0 - - [15/Dec/2025:01:29:47 +0100] "GET /wp-content/themes/busiprof-pro/print.css HTTP/1.1" 404 2655 "-" "WordPress/6.8.3; https://www.gebaeudetechnik.nrw"
4.197.150.0 - - [15/Dec/2025:01:29:47 +0100] "GET /goods.php HTTP/1.1" 200 237751 "https://www.google.fr/" "Mozilla/5.0 (Linux; Android 11; 21081111RG) AppleWebKit/537.36 (KHTML, like Gecko) Chrome/116.0.0.0 Mobile Safari/537.36"
185.111.111.0 - - [15/Dec/2025:01:29:48 +0100] "GET /k.php HTTP/1.1" 301 241 "https://www.google.de/" "Mozilla/5.0 (iPhone; CPU iPhone OS 17_1 like Mac OS X) AppleWebKit/605.1.15 (KHTML, like Gecko) CriOS/119.0.6045.109 Mobile/15E148 Safari/604.1"
4.197.150.0 - - [15/Dec/2025:01:29:48 +0100] "GET /k.php HTTP/1.1" 200 - "https://www.google.de/" "Mozilla/5.0 (iPhone; CPU iPhone OS 17_1 like Mac OS X) AppleWebKit/605.1.15 (KHTML, like Gecko) CriOS/119.0.6045.109 Mobile/15E148 Safari/604.1"
185.111.111.0 - - [15/Dec/2025:01:29:48 +0100] "GET /wp-content/themes/busiprof-pro/print.css HTTP/1.1" 404 2655 "-" "WordPress/6.8.3; https://www.gebaeudetechnik.nrw"
4.197.150.0 - - [15/Dec/2025:01:29:48 +0100] "GET /k.php HTTP/1.1" 200 237751 "https://www.google.de/" "Mozilla/5.0 (iPhone; CPU iPhone OS 17_1 like Mac OS X) AppleWebKit/605.1.15 (KHTML, like Gecko) CriOS/119.0.6045.109 Mobile/15E148 Safari/604.1"
185.111.111.0 - - [15/Dec/2025:01:29:49 +0100] "GET /mah/function.php HTTP/1.1" 301 252 "https://www.google.de/" "Mozilla/5.0 (Linux; Android 13; SM-G991U) AppleWebKit/537.36 (KHTML, like Gecko) Chrome/117.0.0.0 Mobile Safari/537.36"
4.197.150.0 - - [15/Dec/2025:01:29:50 +0100] "GET /mah/function.php HTTP/1.1" 200 - "https://www.google.de/" "Mozilla/5.0 (Linux; Android 13; SM-G991U) AppleWebKit/537.36 (KHTML, like Gecko) Chrome/117.0.0.0 Mobile Safari/537.36"
185.111.111.0 - - [15/Dec/2025:01:29:50 +0100] "GET /wp-content/themes/busiprof-pro/print.css HTTP/1.1" 404 2655 "-" "WordPress/6.8.3; https://www.gebaeudetechnik.nrw"
4.197.150.0 - - [15/Dec/2025:01:29:50 +0100] "GET /mah/function.php HTTP/1.1" 200 237751 "https://www.google.de/" "Mozilla/5.0 (Linux; Android 13; SM-G991U) AppleWebKit/537.36 (KHTML, like Gecko) Chrome/117.0.0.0 Mobile Safari/537.36"
185.111.111.0 - - [15/Dec/2025:01:29:51 +0100] "GET /wp-conflg/function.php HTTP/1.1" 301 258 "https://www.yahoo.com/" "Mozilla/5.g (Linux; Android 13; Pixel 7) AppleWebKit/537.36 (KHTML, like Gecko) Chrome/116.0.0.0 Mobile Safari/537.36"
4.197.150.0 - - [15/Dec/2025:01:29:51 +0100] "GET /wp-conflg/function.php HTTP/1.1" 200 - "https://www.yahoo.com/" "Mozilla/5.g (Linux; Android 13; Pixel 7) AppleWebKit/537.36 (KHTML, like Gecko) Chrome/116.0.0.0 Mobile Safari/537.36"
185.111.111.0 - - [15/Dec/2025:01:29:52 +0100] "GET /wp-content/themes/busiprof-pro/print.css HTTP/1.1" 404 2655 "-" "WordPress/6.8.3; https://www.gebaeudetechnik.nrw"
4.197.150.0 - - [15/Dec/2025:01:29:51 +0100] "GET /wp-conflg/function.php HTTP/1.1" 200 237751 "https://www.yahoo.com/" "Mozilla/5.g (Linux; Android 13; Pixel 7) AppleWebKit/537.36 (KHTML, like Gecko) Chrome/116.0.0.0 Mobile Safari/537.36"
185.111.111.0 - - [15/Dec/2025:01:29:52 +0100] "GET /wp-content/admin.php HTTP/1.1" 301 256 "https://duckduckgo.com/" "Mozilla/5.0 (Linux; Android 11; 21081111RG) AppleWebKit/537.36 (KHTML, like Gecko) Chrome/116.0.0.0 Mobile Safari/537.36"
4.197.150.0 - - [15/Dec/2025:01:29:53 +0100] "GET /wp-content/admin.php HTTP/1.1" 200 - "https://duckduckgo.com/" "Mozilla/5.0 (Linux; Android 11; 21081111RG) AppleWebKit/537.36 (KHTML, like Gecko) Chrome/116.0.0.0 Mobile Safari/537.36"
185.111.111.0 - - [15/Dec/2025:01:29:53 +0100] "GET /wp-content/themes/busiprof-pro/print.css HTTP/1.1" 404 2655 "-" "WordPress/6.8.3; https://www.gebaeudetechnik.nrw"
4.197.150.0 - - [15/Dec/2025:01:29:53 +0100] "GET /wp-content/admin.php HTTP/1.1" 200 237751 "https://duckduckgo.com/" "Mozilla/5.0 (Linux; Android 11; 21081111RG) AppleWebKit/537.36 (KHTML, like Gecko) Chrome/116.0.0.0 Mobile Safari/537.36"
185.111.111.0 - - [15/Dec/2025:01:29:54 +0100] "GET /wp-content/languages/index.php HTTP/1.1" 301 266 "https://www.google.com/" "Mozilla/5.0 (Linux; Android 10; LM-Q720) AppleWebKit/537.36 (KHTML, like Gecko) Chrome/116.0.0.0 Mobile Safari/537.36"
4.197.150.0 - - [15/Dec/2025:01:29:54 +0100] "GET /wp-content/languages/index.php HTTP/1.1" 200 - "https://www.google.com/" "Mozilla/5.0 (Linux; Android 10; LM-Q720) AppleWebKit/537.36 (KHTML, like Gecko) Chrome/116.0.0.0 Mobile Safari/537.36"
4.197.150.0 - - [15/Dec/2025:01:29:55 +0100] "GET /wp-content/languages/ HTTP/1.1" 403 2608 "https://www.google.com/" "Mozilla/5.0 (Linux; Android 10; LM-Q720) AppleWebKit/537.36 (KHTML, like Gecko) Chrome/116.0.0.0 Mobile Safari/537.36"
185.111.111.0 - - [15/Dec/2025:01:29:55 +0100] "GET /wp-includes/PHPMailer/index.php HTTP/1.1" 301 267 "https://www.google.de/" "Mozilla/5.0 (Linux; Android 11; CPH2251) AppleWebKit/537.36 (KHTML, like Gecko) Chrome/116.0.0.0 Mobile Safari/537.36"
4.197.150.0 - - [15/Dec/2025:01:29:55 +0100] "GET /wp-includes/PHPMailer/index.php HTTP/1.1" 200 - "https://www.google.de/" "Mozilla/5.0 (Linux; Android 11; CPH2251) AppleWebKit/537.36 (KHTML, like Gecko) Chrome/116.0.0.0 Mobile Safari/537.36"
4.197.150.0 - - [15/Dec/2025:01:29:56 +0100] "GET /wp-includes/PHPMailer/ HTTP/1.1" 403 2606 "https://www.google.de/" "Mozilla/5.0 (Linux; Android 11; CPH2251) AppleWebKit/537.36 (KHTML, like Gecko) Chrome/116.0.0.0 Mobile Safari/537.36"
185.111.111.0 - - [15/Dec/2025:01:29:56 +0100] "GET /wp-includes/images HTTP/1.1" 301 254 "https://www.google.fr/" "Mozilla/5.0 (iPhone; CPU iPhone OS 16_0 like Mac OS X) AppleWebKit/605.1.15 (KHTML, like Gecko) FxiOS/118.0 Mobile/15E148 Safari/605.1.15"
4.197.150.0 - - [15/Dec/2025:01:29:56 +0100] "GET /wp-includes/images HTTP/1.1" 301 255 "https://www.google.fr/" "Mozilla/5.0 (iPhone; CPU iPhone OS 16_0 like Mac OS X) AppleWebKit/605.1.15 (KHTML, like Gecko) FxiOS/118.0 Mobile/15E148 Safari/605.1.15"
4.197.150.0 - - [15/Dec/2025:01:29:56 +0100] "GET /wp-includes/images/ HTTP/1.1" 403 2598 "https://www.google.fr/" "Mozilla/5.0 (iPhone; CPU iPhone OS 16_0 like Mac OS X) AppleWebKit/605.1.15 (KHTML, like Gecko) FxiOS/118.0 Mobile/15E148 Safari/605.1.15"
185.111.111.0 - - [15/Dec/2025:01:29:57 +0100] "GET /wp-includes/images/index.php HTTP/1.1" 301 264 "https://www.google.com/" "Mozilla/5.0 (Linux; Android 13; SM-S908E) AppleWebKit/537.36 (KHTML, like Gecko) Chrome/116.0.0.0 Mobile Safari/537.36"
4.197.150.0 - - [15/Dec/2025:01:29:57 +0100] "GET /wp-includes/images/index.php HTTP/1.1" 200 - "https://www.google.com/" "Mozilla/5.0 (Linux; Android 13; SM-S908E) AppleWebKit/537.36 (KHTML, like Gecko) Chrome/116.0.0.0 Mobile Safari/537.36"
4.197.150.0 - - [15/Dec/2025:01:29:57 +0100] "GET /wp-includes/images/ HTTP/1.1" 403 2608 "https://www.google.com/" "Mozilla/5.0 (Linux; Android 13; SM-S908E) AppleWebKit/537.36 (KHTML, like Gecko) Chrome/116.0.0.0 Mobile Safari/537.36"
185.111.111.0 - - [15/Dec/2025:01:29:58 +0100] "GET /wp-includes/js/dist/development HTTP/1.1" 301 267 "https://www.yahoo.com/" "Mozilla/5.0 (iPhone; CPU iPhone OS 17_1 like Mac OS X) AppleWebKit/605.1.15 (KHTML, like Gecko) CriOS/119.0.6045.109 Mobile/15E148 Safari/604.1"
4.197.150.0 - - [15/Dec/2025:01:29:58 +0100] "GET /wp-includes/js/dist/development HTTP/1.1" 301 268 "https://www.yahoo.com/" "Mozilla/5.0 (iPhone; CPU iPhone OS 17_1 like Mac OS X) AppleWebKit/605.1.15 (KHTML, like Gecko) CriOS/119.0.6045.109 Mobile/15E148 Safari/604.1"
4.197.150.0 - - [15/Dec/2025:01:29:58 +0100] "GET /wp-includes/js/dist/development/ HTTP/1.1" 403 2598 "https://www.yahoo.com/" "Mozilla/5.0 (iPhone; CPU iPhone OS 17_1 like Mac OS X) AppleWebKit/605.1.15 (KHTML, like Gecko) CriOS/119.0.6045.109 Mobile/15E148 Safari/604.1"
185.111.111.0 - - [15/Dec/2025:01:29:58 +0100] "GET /wp-user.php HTTP/1.1" 301 247 "https://www.yahoo.com/" "Mozilla/5.g (Linux; Android 13; Pixel 7) AppleWebKit/537.36 (KHTML, like Gecko) Chrome/116.0.0.0 Mobile Safari/537.36"
4.197.150.0 - - [15/Dec/2025:01:29:59 +0100] "GET /wp-user.php HTTP/1.1" 200 - "https://www.yahoo.com/" "Mozilla/5.g (Linux; Android 13; Pixel 7) AppleWebKit/537.36 (KHTML, like Gecko) Chrome/116.0.0.0 Mobile Safari/537.36"
185.111.111.0 - - [15/Dec/2025:01:29:59 +0100] "GET /wp-content/themes/busiprof-pro/print.css HTTP/1.1" 404 2655 "-" "WordPress/6.8.3; https://www.gebaeudetechnik.nrw"
4.197.150.0 - - [15/Dec/2025:01:29:59 +0100] "GET /wp-user.php HTTP/1.1" 200 237751 "https://www.yahoo.com/" "Mozilla/5.g (Linux; Android 13; Pixel 7) AppleWebKit/537.36 (KHTML, like Gecko) Chrome/116.0.0.0 Mobile Safari/537.36"
185.111.111.0 - - [15/Dec/2025:01:30:01 +0100] "GET /404.php HTTP/1.1" 301 243 "https://www.yahoo.com/" "Mozilla/5.0 (Linux; Android 13; SM-S908E) AppleWebKit/537.36 (KHTML, like Gecko) Chrome/116.0.0.0 Mobile Safari/537.36"
4.197.150.0 - - [15/Dec/2025:01:30:01 +0100] "GET /404.php HTTP/1.1" 200 - "https://www.yahoo.com/" "Mozilla/5.0 (Linux; Android 13; SM-S908E) AppleWebKit/537.36 (KHTML, like Gecko) Chrome/116.0.0.0 Mobile Safari/537.36"
185.111.111.0 - - [15/Dec/2025:01:30:01 +0100] "GET /wp-content/themes/busiprof-pro/print.css HTTP/1.1" 404 2655 "-" "WordPress/6.8.3; https://www.gebaeudetechnik.nrw"
4.197.150.0 - - [15/Dec/2025:01:30:01 +0100] "GET /404.php HTTP/1.1" 200 237751 "https://www.yahoo.com/" "Mozilla/5.0 (Linux; Android 13; SM-S908E) AppleWebKit/537.36 (KHTML, like Gecko) Chrome/116.0.0.0 Mobile Safari/537.36"
185.111.111.0 - - [15/Dec/2025:01:30:02 +0100] "GET /akcc.php HTTP/1.1" 301 244 "https://www.google.com/" "Mozilla/5.0 (iPad; CPU OS 16_7_2 like Mac OS X) AppleWebKit/605.1.15 (KHTML, like Gecko) Version/16.6 Mobile/15E148 Safari/604.1"
4.197.150.0 - - [15/Dec/2025:01:30:03 +0100] "GET /akcc.php HTTP/1.1" 200 - "https://www.google.com/" "Mozilla/5.0 (iPad; CPU OS 16_7_2 like Mac OS X) AppleWebKit/605.1.15 (KHTML, like Gecko) Version/16.6 Mobile/15E148 Safari/604.1"
185.111.111.0 - - [15/Dec/2025:01:30:03 +0100] "GET /wp-content/themes/busiprof-pro/print.css HTTP/1.1" 404 2655 "-" "WordPress/6.8.3; https://www.gebaeudetechnik.nrw"
4.197.150.0 - - [15/Dec/2025:01:30:03 +0100] "GET /akcc.php HTTP/1.1" 200 237751 "https://www.google.com/" "Mozilla/5.0 (iPad; CPU OS 16_7_2 like Mac OS X) AppleWebKit/605.1.15 (KHTML, like Gecko) Version/16.6 Mobile/15E148 Safari/604.1"
185.111.111.0 - - [15/Dec/2025:01:30:04 +0100] "GET /gg.php HTTP/1.1" 301 242 "https://www.google.de/" "Mozilla/5.0 (Linux; Android 10; K) AppleWebKit/537.36 (KHTML, like Gecko) Chrome/117.0.0.0 Mobile Safari/537.36"
4.197.150.0 - - [15/Dec/2025:01:30:04 +0100] "GET /gg.php HTTP/1.1" 200 - "https://www.google.de/" "Mozilla/5.0 (Linux; Android 10; K) AppleWebKit/537.36 (KHTML, like Gecko) Chrome/117.0.0.0 Mobile Safari/537.36"
185.111.111.0 - - [15/Dec/2025:01:30:05 +0100] "GET /wp-content/themes/busiprof-pro/print.css HTTP/1.1" 404 2655 "-" "WordPress/6.8.3; https://www.gebaeudetechnik.nrw"
4.197.150.0 - - [15/Dec/2025:01:30:04 +0100] "GET /gg.php HTTP/1.1" 200 237751 "https://www.google.de/" "Mozilla/5.0 (Linux; Android 10; K) AppleWebKit/537.36 (KHTML, like Gecko) Chrome/117.0.0.0 Mobile Safari/537.36"
185.111.111.0 - - [15/Dec/2025:01:30:05 +0100] "GET /mah.php HTTP/1.1" 301 243 "https://duckduckgo.com/" "Mozilla/5.0 (Linux; Android 13; M2101K6G) AppleWebKit/537.36 (KHTML, like Gecko) Chrome/116.0.0.0 Mobile Safari/537.36"
4.197.150.0 - - [15/Dec/2025:01:30:06 +0100] "GET /mah.php HTTP/1.1" 200 - "https://duckduckgo.com/" "Mozilla/5.0 (Linux; Android 13; M2101K6G) AppleWebKit/537.36 (KHTML, like Gecko) Chrome/116.0.0.0 Mobile Safari/537.36"
185.111.111.0 - - [15/Dec/2025:01:30:06 +0100] "GET /wp-content/themes/busiprof-pro/print.css HTTP/1.1" 404 2655 "-" "WordPress/6.8.3; https://www.gebaeudetechnik.nrw"
4.197.150.0 - - [15/Dec/2025:01:30:06 +0100] "GET /mah.php HTTP/1.1" 200 237751 "https://duckduckgo.com/" "Mozilla/5.0 (Linux; Android 13; M2101K6G) AppleWebKit/537.36 (KHTML, like Gecko) Chrome/116.0.0.0 Mobile Safari/537.36"
185.111.111.0 - - [15/Dec/2025:01:30:07 +0100] "GET /new.php HTTP/1.1" 301 243 "https://www.google.de/" "Mozilla/5.0 (Linux; Android 10; LM-Q720) AppleWebKit/537.36 (KHTML, like Gecko) Chrome/116.0.0.0 Mobile Safari/537.36"
4.197.150.0 - - [15/Dec/2025:01:30:07 +0100] "GET /new.php HTTP/1.1" 200 - "https://www.google.de/" "Mozilla/5.0 (Linux; Android 10; LM-Q720) AppleWebKit/537.36 (KHTML, like Gecko) Chrome/116.0.0.0 Mobile Safari/537.36"
185.111.111.0 - - [15/Dec/2025:01:30:08 +0100] "GET /wp-content/themes/busiprof-pro/print.css HTTP/1.1" 404 2655 "-" "WordPress/6.8.3; https://www.gebaeudetechnik.nrw"
4.197.150.0 - - [15/Dec/2025:01:30:08 +0100] "GET /new.php HTTP/1.1" 200 237751 "https://www.google.de/" "Mozilla/5.0 (Linux; Android 10; LM-Q720) AppleWebKit/537.36 (KHTML, like Gecko) Chrome/116.0.0.0 Mobile Safari/537.36"
185.111.111.0 - - [15/Dec/2025:01:30:09 +0100] "GET /themes.php HTTP/1.1" 301 246 "https://www.google.fr/" "Mozilla/5.g (Linux; Android 13; Pixel 7) AppleWebKit/537.36 (KHTML, like Gecko) Chrome/116.0.0.0 Mobile Safari/537.36"
4.197.150.0 - - [15/Dec/2025:01:30:09 +0100] "GET /themes.php HTTP/1.1" 200 - "https://www.google.fr/" "Mozilla/5.g (Linux; Android 13; Pixel 7) AppleWebKit/537.36 (KHTML, like Gecko) Chrome/116.0.0.0 Mobile Safari/537.36"
185.111.111.0 - - [15/Dec/2025:01:30:09 +0100] "GET /wp-content/themes/busiprof-pro/print.css HTTP/1.1" 404 2655 "-" "WordPress/6.8.3; https://www.gebaeudetechnik.nrw"
4.197.150.0 - - [15/Dec/2025:01:30:09 +0100] "GET /themes.php HTTP/1.1" 200 237751 "https://www.google.fr/" "Mozilla/5.g (Linux; Android 13; Pixel 7) AppleWebKit/537.36 (KHTML, like Gecko) Chrome/116.0.0.0 Mobile Safari/537.36"
185.111.111.0 - - [15/Dec/2025:01:30:10 +0100] "GET /uploads/index.php HTTP/1.1" 301 253 "https://www.google.fr/" "Mozilla/5.0 (iPhone; CPU iPhone OS 17_1_1 like Mac OS X) AppleWebKit/605.1.15 (KHTML, like Gecko) Version/17.1 Mobile/15E148 Safari/604.1"
4.197.150.0 - - [15/Dec/2025:01:30:11 +0100] "GET /uploads/index.php HTTP/1.1" 200 - "https://www.google.fr/" "Mozilla/5.0 (iPhone; CPU iPhone OS 17_1_1 like Mac OS X) AppleWebKit/605.1.15 (KHTML, like Gecko) Version/17.1 Mobile/15E148 Safari/604.1"
185.111.111.0 - - [15/Dec/2025:01:30:11 +0100] "GET /wp-content/themes/busiprof-pro/print.css HTTP/1.1" 404 2655 "-" "WordPress/6.8.3; https://www.gebaeudetechnik.nrw"
4.197.150.0 - - [15/Dec/2025:01:30:11 +0100] "GET /uploads/ HTTP/1.1" 200 237751 "https://www.google.fr/" "Mozilla/5.0 (iPhone; CPU iPhone OS 17_1_1 like Mac OS X) AppleWebKit/605.1.15 (KHTML, like Gecko) Version/17.1 Mobile/15E148 Safari/604.1"
185.111.111.0 - - [15/Dec/2025:01:30:12 +0100] "GET /wp-admin HTTP/1.1" 301 244 "https://www.google.co.uk/" "Mozilla/5.0 (iPhone; CPU iPhone OS 16_6_1 like Mac OS X) AppleWebKit/605.1.15 (KHTML, like Gecko) Version/16.6 Mobile/15E148 Safari/604.1"
4.197.150.0 - - [15/Dec/2025:01:30:12 +0100] "GET /wp-admin HTTP/1.1" 301 245 "https://www.google.co.uk/" "Mozilla/5.0 (iPhone; CPU iPhone OS 16_6_1 like Mac OS X) AppleWebKit/605.1.15 (KHTML, like Gecko) Version/16.6 Mobile/15E148 Safari/604.1"
4.197.150.0 - - [15/Dec/2025:01:30:12 +0100] "GET /wp-admin/ HTTP/1.1" 302 - "https://www.google.co.uk/" "Mozilla/5.0 (iPhone; CPU iPhone OS 16_6_1 like Mac OS X) AppleWebKit/605.1.15 (KHTML, like Gecko) Version/16.6 Mobile/15E148 Safari/604.1"
4.197.150.0 - - [15/Dec/2025:01:30:13 +0100] "GET /nicht-erlaubt/ HTTP/1.1" 200 - "https://www.google.co.uk/" "Mozilla/5.0 (iPhone; CPU iPhone OS 16_6_1 like Mac OS X) AppleWebKit/605.1.15 (KHTML, like Gecko) Version/16.6 Mobile/15E148 Safari/604.1"
185.111.111.0 - - [15/Dec/2025:01:30:13 +0100] "GET /wp-content/themes/busiprof-pro/print.css HTTP/1.1" 404 2655 "-" "WordPress/6.8.3; https://www.gebaeudetechnik.nrw"
4.197.150.0 - - [15/Dec/2025:01:30:13 +0100] "GET /kontaktformular/nicht-erlaubt/ HTTP/1.1" 200 241993 "https://www.google.co.uk/" "Mozilla/5.0 (iPhone; CPU iPhone OS 16_6_1 like Mac OS X) AppleWebKit/605.1.15 (KHTML, like Gecko) Version/16.6 Mobile/15E148 Safari/604.1"
185.111.111.0 - - [15/Dec/2025:01:30:14 +0100] "GET /wp-admin/classwithtostring.php HTTP/1.1" 301 266 "https://www.google.fr/" "Mozilla/5.0 (Linux; Android 13; M2101K6G) AppleWebKit/537.36 (KHTML, like Gecko) Chrome/116.0.0.0 Mobile Safari/537.36"
4.197.150.0 - - [15/Dec/2025:01:30:15 +0100] "GET /wp-admin/classwithtostring.php HTTP/1.1" 200 - "https://www.google.fr/" "Mozilla/5.0 (Linux; Android 13; M2101K6G) AppleWebKit/537.36 (KHTML, like Gecko) Chrome/116.0.0.0 Mobile Safari/537.36"
185.111.111.0 - - [15/Dec/2025:01:30:15 +0100] "GET /wp-content/themes/busiprof-pro/print.css HTTP/1.1" 404 2655 "-" "WordPress/6.8.3; https://www.gebaeudetechnik.nrw"
4.197.150.0 - - [15/Dec/2025:01:30:15 +0100] "GET /wp-admin/classwithtostring.php HTTP/1.1" 200 237751 "https://www.google.fr/" "Mozilla/5.0 (Linux; Android 13; M2101K6G) AppleWebKit/537.36 (KHTML, like Gecko) Chrome/116.0.0.0 Mobile Safari/537.36"
185.111.111.0 - - [15/Dec/2025:01:30:16 +0100] "GET /wp-admin/css HTTP/1.1" 301 248 "https://duckduckgo.com/" "Mozilla/5.0 (Linux; Android 14; Pixel 8 Pro) AppleWebKit/537.36 (KHTML, like Gecko) Chrome/119.0.0.0 Mobile Safari/537.36"
4.197.150.0 - - [15/Dec/2025:01:30:16 +0100] "GET /wp-admin/css HTTP/1.1" 301 249 "https://duckduckgo.com/" "Mozilla/5.0 (Linux; Android 14; Pixel 8 Pro) AppleWebKit/537.36 (KHTML, like Gecko) Chrome/119.0.0.0 Mobile Safari/537.36"
4.197.150.0 - - [15/Dec/2025:01:30:16 +0100] "GET /wp-admin/css/ HTTP/1.1" 403 2600 "https://duckduckgo.com/" "Mozilla/5.0 (Linux; Android 14; Pixel 8 Pro) AppleWebKit/537.36 (KHTML, like Gecko) Chrome/119.0.0.0 Mobile Safari/537.36"
185.111.111.0 - - [15/Dec/2025:01:30:17 +0100] "GET /wp-admin/css/about.php HTTP/1.1" 301 258 "https://www.google.de/" "Mozilla/5.0 (iPhone; CPU iPhone OS 17_1_1 like Mac OS X) AppleWebKit/605.1.15 (KHTML, like Gecko) Version/17.1 Mobile/15E148 Safari/604.1"
4.197.150.0 - - [15/Dec/2025:01:30:17 +0100] "GET /wp-admin/css/about.php HTTP/1.1" 200 - "https://www.google.de/" "Mozilla/5.0 (iPhone; CPU iPhone OS 17_1_1 like Mac OS X) AppleWebKit/605.1.15 (KHTML, like Gecko) Version/17.1 Mobile/15E148 Safari/604.1"
185.111.111.0 - - [15/Dec/2025:01:30:18 +0100] "GET /wp-content/themes/busiprof-pro/print.css HTTP/1.1" 404 2655 "-" "WordPress/6.8.3; https://www.gebaeudetechnik.nrw"
4.197.150.0 - - [15/Dec/2025:01:30:17 +0100] "GET /wp-admin/css/about.php HTTP/1.1" 200 237751 "https://www.google.de/" "Mozilla/5.0 (iPhone; CPU iPhone OS 17_1_1 like Mac OS X) AppleWebKit/605.1.15 (KHTML, like Gecko) Version/17.1 Mobile/15E148 Safari/604.1"
185.111.111.0 - - [15/Dec/2025:01:30:19 +0100] "GET /wp-admin/includes/colour.php HTTP/1.1" 301 264 "https://www.yahoo.com/" "Mozilla/5.0 (Linux; Android 10; K) AppleWebKit/537.36 (KHTML, like Gecko) Chrome/117.0.0.0 Mobile Safari/537.36"
4.197.150.0 - - [15/Dec/2025:01:30:19 +0100] "GET /wp-admin/includes/colour.php HTTP/1.1" 403 2598 "https://www.yahoo.com/" "Mozilla/5.0 (Linux; Android 10; K) AppleWebKit/537.36 (KHTML, like Gecko) Chrome/117.0.0.0 Mobile Safari/537.36"
185.111.111.0 - - [15/Dec/2025:01:30:19 +0100] "GET /wp-admin/js HTTP/1.1" 301 247 "https://www.yahoo.com/" "Mozilla/5.0 (Linux; Android 14; Pixel 8 Pro) AppleWebKit/537.36 (KHTML, like Gecko) Chrome/119.0.0.0 Mobile Safari/537.36"
4.197.150.0 - - [15/Dec/2025:01:30:20 +0100] "GET /wp-admin/js HTTP/1.1" 301 248 "https://www.yahoo.com/" "Mozilla/5.0 (Linux; Android 14; Pixel 8 Pro) AppleWebKit/537.36 (KHTML, like Gecko) Chrome/119.0.0.0 Mobile Safari/537.36"
2a01:238:43f8:5f00:: - - [15/Dec/2025:01:30:20 +0100] "POST /wp-cron.php?doing_wp_cron=1765758620.0004808902740478515625 HTTP/1.1" 200 - "-" "mYwaFL3bNy8t"
185.111.111.0 - - [15/Dec/2025:01:30:20 +0100] "GET /wp-content/themes/busiprof-pro/print.css HTTP/1.1" 404 2655 "-" "WordPress/6.8.3; https://www.gebaeudetechnik.nrw"
5.255.231.0 - - [15/Dec/2025:01:30:19 +0100] "GET /kontaktformular/favicon/favicon-180.png HTTP/1.1" 200 43756 "-" "Mozilla/5.0 (compatible; YandexFavicons/1.0; +http://yandex.com/bots)"
4.197.150.0 - - [15/Dec/2025:01:30:20 +0100] "GET /wp-admin/js/ HTTP/1.1" 403 2598 "https://www.yahoo.com/" "Mozilla/5.0 (Linux; Android 14; Pixel 8 Pro) AppleWebKit/537.36 (KHTML, like Gecko) Chrome/119.0.0.0 Mobile Safari/537.36"
185.111.111.0 - - [15/Dec/2025:01:30:20 +0100] "GET /wp-admin/js/autoload_classmap.php HTTP/1.1" 301 269 "https://www.bing.com/" "Mozilla/5.0 (iPhone; CPU iPhone OS 15_7_9 like Mac OS X) AppleWebKit/605.1.15 (KHTML, like Gecko) Version/15.6.5 Mobile/15E148 Safari/604.1"
4.197.150.0 - - [15/Dec/2025:01:30:20 +0100] "GET /wp-admin/js/autoload_classmap.php HTTP/1.1" 200 - "https://www.bing.com/" "Mozilla/5.0 (iPhone; CPU iPhone OS 15_7_9 like Mac OS X) AppleWebKit/605.1.15 (KHTML, like Gecko) Version/15.6.5 Mobile/15E148 Safari/604.1"
185.111.111.0 - - [15/Dec/2025:01:30:21 +0100] "GET /wp-content/themes/busiprof-pro/print.css HTTP/1.1" 404 2655 "-" "WordPress/6.8.3; https://www.gebaeudetechnik.nrw"
4.197.150.0 - - [15/Dec/2025:01:30:21 +0100] "GET /wp-admin/js/autoload_classmap.php HTTP/1.1" 200 237751 "https://www.bing.com/" "Mozilla/5.0 (iPhone; CPU iPhone OS 15_7_9 like Mac OS X) AppleWebKit/605.1.15 (KHTML, like Gecko) Version/15.6.5 Mobile/15E148 Safari/604.1"
185.111.111.0 - - [15/Dec/2025:01:30:22 +0100] "GET /wp-admin/js/widgets HTTP/1.1" 301 255 "https://www.google.fr/" "Mozilla/5.0 (Linux; Android 13; SM-G991U) AppleWebKit/537.36 (KHTML, like Gecko) Chrome/117.0.0.0 Mobile Safari/537.36"
4.197.150.0 - - [15/Dec/2025:01:30:23 +0100] "GET /wp-admin/js/widgets HTTP/1.1" 301 256 "https://www.google.fr/" "Mozilla/5.0 (Linux; Android 13; SM-G991U) AppleWebKit/537.36 (KHTML, like Gecko) Chrome/117.0.0.0 Mobile Safari/537.36"
4.197.150.0 - - [15/Dec/2025:01:30:23 +0100] "GET /wp-admin/js/widgets/ HTTP/1.1" 403 2598 "https://www.google.fr/" "Mozilla/5.0 (Linux; Android 13; SM-G991U) AppleWebKit/537.36 (KHTML, like Gecko) Chrome/117.0.0.0 Mobile Safari/537.36"
185.111.111.0 - - [15/Dec/2025:01:30:23 +0100] "GET /wp-content/autoload_classmap.php HTTP/1.1" 301 268 "https://www.google.co.uk/" "Mozilla/5.0 (Linux; Android 11; CPH2251) AppleWebKit/537.36 (KHTML, like Gecko) Chrome/116.0.0.0 Mobile Safari/537.36"
4.197.150.0 - - [15/Dec/2025:01:30:23 +0100] "GET /wp-content/autoload_classmap.php HTTP/1.1" 200 - "https://www.google.co.uk/" "Mozilla/5.0 (Linux; Android 11; CPH2251) AppleWebKit/537.36 (KHTML, like Gecko) Chrome/116.0.0.0 Mobile Safari/537.36"
185.111.111.0 - - [15/Dec/2025:01:30:24 +0100] "GET /wp-content/themes/busiprof-pro/print.css HTTP/1.1" 404 2655 "-" "WordPress/6.8.3; https://www.gebaeudetechnik.nrw"
4.197.150.0 - - [15/Dec/2025:01:30:24 +0100] "GET /wp-content/autoload_classmap.php HTTP/1.1" 200 237751 "https://www.google.co.uk/" "Mozilla/5.0 (Linux; Android 11; CPH2251) AppleWebKit/537.36 (KHTML, like Gecko) Chrome/116.0.0.0 Mobile Safari/537.36"
185.111.111.0 - - [15/Dec/2025:01:30:25 +0100] "GET /wp-content/backups-dup-lite HTTP/1.1" 301 263 "https://www.google.co.uk/" "Mozilla/5.0 (iPhone; CPU iPhone OS 16_6_1 like Mac OS X) AppleWebKit/605.1.15 (KHTML, like Gecko) Version/16.6 Mobile/15E148 Safari/604.1"
4.197.150.0 - - [15/Dec/2025:01:30:26 +0100] "GET /wp-content/backups-dup-lite HTTP/1.1" 200 - "https://www.google.co.uk/" "Mozilla/5.0 (iPhone; CPU iPhone OS 16_6_1 like Mac OS X) AppleWebKit/605.1.15 (KHTML, like Gecko) Version/16.6 Mobile/15E148 Safari/604.1"
185.111.111.0 - - [15/Dec/2025:01:30:26 +0100] "GET /wp-content/themes/busiprof-pro/print.css HTTP/1.1" 404 2655 "-" "WordPress/6.8.3; https://www.gebaeudetechnik.nrw"
4.197.150.0 - - [15/Dec/2025:01:30:26 +0100] "GET /wp-content/backups-dup-lite HTTP/1.1" 200 237751 "https://www.google.co.uk/" "Mozilla/5.0 (iPhone; CPU iPhone OS 16_6_1 like Mac OS X) AppleWebKit/605.1.15 (KHTML, like Gecko) Version/16.6 Mobile/15E148 Safari/604.1"
185.111.111.0 - - [15/Dec/2025:01:30:27 +0100] "GET /wp-content/languages HTTP/1.1" 301 256 "https://www.google.co.uk/" "Mozilla/5.0 (iPhone; CPU iPhone OS 16_6_1 like Mac OS X) AppleWebKit/605.1.15 (KHTML, like Gecko) Version/16.6 Mobile/15E148 Safari/604.1"
4.197.150.0 - - [15/Dec/2025:01:30:27 +0100] "GET /wp-content/languages HTTP/1.1" 301 257 "https://www.google.co.uk/" "Mozilla/5.0 (iPhone; CPU iPhone OS 16_6_1 like Mac OS X) AppleWebKit/605.1.15 (KHTML, like Gecko) Version/16.6 Mobile/15E148 Safari/604.1"
4.197.150.0 - - [15/Dec/2025:01:30:27 +0100] "GET /wp-content/languages/ HTTP/1.1" 403 2604 "https://www.google.co.uk/" "Mozilla/5.0 (iPhone; CPU iPhone OS 16_6_1 like Mac OS X) AppleWebKit/605.1.15 (KHTML, like Gecko) Version/16.6 Mobile/15E148 Safari/604.1"
185.111.111.0 - - [15/Dec/2025:01:30:28 +0100] "GET /wp-content/plugins/admin.php HTTP/1.1" 301 264 "https://duckduckgo.com/" "Mozilla/5.0 (Linux; Android 11; 21081111RG) AppleWebKit/537.36 (KHTML, like Gecko) Chrome/116.0.0.0 Mobile Safari/537.36"
4.197.150.0 - - [15/Dec/2025:01:30:28 +0100] "GET /wp-content/plugins/admin.php HTTP/1.1" 200 - "https://duckduckgo.com/" "Mozilla/5.0 (Linux; Android 11; 21081111RG) AppleWebKit/537.36 (KHTML, like Gecko) Chrome/116.0.0.0 Mobile Safari/537.36"
185.111.111.0 - - [15/Dec/2025:01:30:28 +0100] "GET /wp-content/themes/busiprof-pro/print.css HTTP/1.1" 404 2655 "-" "WordPress/6.8.3; https://www.gebaeudetechnik.nrw"
4.197.150.0 - - [15/Dec/2025:01:30:28 +0100] "GET /wp-content/plugins/admin.php HTTP/1.1" 200 237751 "https://duckduckgo.com/" "Mozilla/5.0 (Linux; Android 11; 21081111RG) AppleWebKit/537.36 (KHTML, like Gecko) Chrome/116.0.0.0 Mobile Safari/537.36"
185.111.111.0 - - [15/Dec/2025:01:30:30 +0100] "GET /wp-content/themes/admin.php HTTP/1.1" 404 2784 "https://www.google.de/" "Mozilla/5.0 (iPad; CPU OS 16_7_2 like Mac OS X) AppleWebKit/605.1.15 (KHTML, like Gecko) Version/16.6 Mobile/15E148 Safari/604.1"
185.111.111.0 - - [15/Dec/2025:01:30:30 +0100] "GET /wp-content/uploads HTTP/1.1" 301 254 "https://www.google.com/" "Mozilla/5.0 (Linux; Android 12; 2201116SG) AppleWebKit/537.36 (KHTML, like Gecko) Chrome/116.0.0.0 Mobile Safari/537.36"
4.197.150.0 - - [15/Dec/2025:01:30:30 +0100] "GET /wp-content/uploads/ HTTP/1.1" 403 2598 "https://www.google.com/" "Mozilla/5.0 (Linux; Android 12; 2201116SG) AppleWebKit/537.36 (KHTML, like Gecko) Chrome/116.0.0.0 Mobile Safari/537.36"
185.111.111.0 - - [15/Dec/2025:01:30:31 +0100] "GET /wp-content/uploads/2025 HTTP/1.1" 301 259 "https://duckduckgo.com/" "Mozilla/5.0 (iPad; CPU OS 17_0_3 like Mac OS X) AppleWebKit/605.1.15 (KHTML, like Gecko) Version/17.0.1 Mobile/15E148 Safari/604.1"
4.197.150.0 - - [15/Dec/2025:01:30:31 +0100] "GET /wp-content/uploads/2025/ HTTP/1.1" 403 2598 "https://duckduckgo.com/" "Mozilla/5.0 (iPad; CPU OS 17_0_3 like Mac OS X) AppleWebKit/605.1.15 (KHTML, like Gecko) Version/17.0.1 Mobile/15E148 Safari/604.1"
185.111.111.0 - - [15/Dec/2025:01:30:31 +0100] "GET /wp-includes/IXR HTTP/1.1" 301 251 "https://www.google.com/" "Mozilla/5.0 (Linux; Android 12; SM-A525F) AppleWebKit/537.36 (KHTML, like Gecko) Chrome/117.0.0.0 Mobile Safari/537.36"
4.197.150.0 - - [15/Dec/2025:01:30:32 +0100] "GET /wp-includes/IXR HTTP/1.1" 301 252 "https://www.google.com/" "Mozilla/5.0 (Linux; Android 12; SM-A525F) AppleWebKit/537.36 (KHTML, like Gecko) Chrome/117.0.0.0 Mobile Safari/537.36"
4.197.150.0 - - [15/Dec/2025:01:30:32 +0100] "GET /wp-includes/IXR/ HTTP/1.1" 403 2600 "https://www.google.com/" "Mozilla/5.0 (Linux; Android 12; SM-A525F) AppleWebKit/537.36 (KHTML, like Gecko) Chrome/117.0.0.0 Mobile Safari/537.36"
185.111.111.0 - - [15/Dec/2025:01:30:32 +0100] "GET /wp-includes/IXR/index.php HTTP/1.1" 301 261 "https://www.google.fr/" "Mozilla/5.0 (Linux; Android 10; LM-Q720) AppleWebKit/537.36 (KHTML, like Gecko) Chrome/116.0.0.0 Mobile Safari/537.36"
4.197.150.0 - - [15/Dec/2025:01:30:32 +0100] "GET /wp-includes/IXR/index.php HTTP/1.1" 200 - "https://www.google.fr/" "Mozilla/5.0 (Linux; Android 10; LM-Q720) AppleWebKit/537.36 (KHTML, like Gecko) Chrome/116.0.0.0 Mobile Safari/537.36"
4.197.150.0 - - [15/Dec/2025:01:30:33 +0100] "GET /wp-includes/IXR/ HTTP/1.1" 403 2606 "https://www.google.fr/" "Mozilla/5.0 (Linux; Android 10; LM-Q720) AppleWebKit/537.36 (KHTML, like Gecko) Chrome/116.0.0.0 Mobile Safari/537.36"
185.111.111.0 - - [15/Dec/2025:01:30:33 +0100] "GET /wp-includes/SimplePie/index.php HTTP/1.1" 301 267 "https://www.google.fr/" "Mozilla/5.0 (Linux; Android 12; SM-A525F) AppleWebKit/537.36 (KHTML, like Gecko) Chrome/117.0.0.0 Mobile Safari/537.36"
4.197.150.0 - - [15/Dec/2025:01:30:33 +0100] "GET /wp-includes/SimplePie/index.php HTTP/1.1" 200 - "https://www.google.fr/" "Mozilla/5.0 (Linux; Android 12; SM-A525F) AppleWebKit/537.36 (KHTML, like Gecko) Chrome/117.0.0.0 Mobile Safari/537.36"
4.197.150.0 - - [15/Dec/2025:01:30:34 +0100] "GET /wp-includes/SimplePie/ HTTP/1.1" 403 2606 "https://www.google.fr/" "Mozilla/5.0 (Linux; Android 12; SM-A525F) AppleWebKit/537.36 (KHTML, like Gecko) Chrome/117.0.0.0 Mobile Safari/537.36"
185.111.111.0 - - [15/Dec/2025:01:30:34 +0100] "GET /wp-includes/Text HTTP/1.1" 301 252 "https://www.google.co.uk/" "Mozilla/5.0 (iPhone; CPU iPhone OS 15_7_9 like Mac OS X) AppleWebKit/605.1.15 (KHTML, like Gecko) Version/15.6.5 Mobile/15E148 Safari/604.1"
4.197.150.0 - - [15/Dec/2025:01:30:34 +0100] "GET /wp-includes/Text HTTP/1.1" 301 253 "https://www.google.co.uk/" "Mozilla/5.0 (iPhone; CPU iPhone OS 15_7_9 like Mac OS X) AppleWebKit/605.1.15 (KHTML, like Gecko) Version/15.6.5 Mobile/15E148 Safari/604.1"
4.197.150.0 - - [15/Dec/2025:01:30:35 +0100] "GET /wp-includes/Text/ HTTP/1.1" 403 2604 "https://www.google.co.uk/" "Mozilla/5.0 (iPhone; CPU iPhone OS 15_7_9 like Mac OS X) AppleWebKit/605.1.15 (KHTML, like Gecko) Version/15.6.5 Mobile/15E148 Safari/604.1"
185.111.111.0 - - [15/Dec/2025:01:30:35 +0100] "GET /wp-includes/Text/Diff/Engine HTTP/1.1" 301 264 "https://www.yahoo.com/" "Mozilla/5.0 (Linux; Android 13; M2101K6G) AppleWebKit/537.36 (KHTML, like Gecko) Chrome/116.0.0.0 Mobile Safari/537.36"
4.197.150.0 - - [15/Dec/2025:01:30:35 +0100] "GET /wp-includes/Text/Diff/Engine HTTP/1.1" 301 265 "https://www.yahoo.com/" "Mozilla/5.0 (Linux; Android 13; M2101K6G) AppleWebKit/537.36 (KHTML, like Gecko) Chrome/116.0.0.0 Mobile Safari/537.36"
4.197.150.0 - - [15/Dec/2025:01:30:35 +0100] "GET /wp-includes/Text/Diff/Engine/ HTTP/1.1" 403 2598 "https://www.yahoo.com/" "Mozilla/5.0 (Linux; Android 13; M2101K6G) AppleWebKit/537.36 (KHTML, like Gecko) Chrome/116.0.0.0 Mobile Safari/537.36"
185.111.111.0 - - [15/Dec/2025:01:30:36 +0100] "GET /wp-includes/block-bindings/index.php HTTP/1.1" 301 272 "https://www.yahoo.com/" "Mozilla/5.0 (Linux; Android 10; K) AppleWebKit/537.36 (KHTML, like Gecko) Chrome/117.0.0.0 Mobile Safari/537.36"
4.197.150.0 - - [15/Dec/2025:01:30:36 +0100] "GET /wp-includes/block-bindings/index.php HTTP/1.1" 200 - "https://www.yahoo.com/" "Mozilla/5.0 (Linux; Android 10; K) AppleWebKit/537.36 (KHTML, like Gecko) Chrome/117.0.0.0 Mobile Safari/537.36"
4.197.150.0 - - [15/Dec/2025:01:30:36 +0100] "GET /wp-includes/block-bindings/ HTTP/1.1" 403 2606 "https://www.yahoo.com/" "Mozilla/5.0 (Linux; Android 10; K) AppleWebKit/537.36 (KHTML, like Gecko) Chrome/117.0.0.0 Mobile Safari/537.36"
185.111.111.0 - - [15/Dec/2025:01:30:37 +0100] "GET /wp-includes/block-supports HTTP/1.1" 301 262 "https://www.google.co.uk/" "Mozilla/5.0 (iPhone; CPU iPhone OS 16_6_1 like Mac OS X) AppleWebKit/605.1.15 (KHTML, like Gecko) Version/16.6 Mobile/15E148 Safari/604.1"
4.197.150.0 - - [15/Dec/2025:01:30:37 +0100] "GET /wp-includes/block-supports HTTP/1.1" 301 263 "https://www.google.co.uk/" "Mozilla/5.0 (iPhone; CPU iPhone OS 16_6_1 like Mac OS X) AppleWebKit/605.1.15 (KHTML, like Gecko) Version/16.6 Mobile/15E148 Safari/604.1"
4.197.150.0 - - [15/Dec/2025:01:30:37 +0100] "GET /wp-includes/block-supports/ HTTP/1.1" 403 2604 "https://www.google.co.uk/" "Mozilla/5.0 (iPhone; CPU iPhone OS 16_6_1 like Mac OS X) AppleWebKit/605.1.15 (KHTML, like Gecko) Version/16.6 Mobile/15E148 Safari/604.1"
185.111.111.0 - - [15/Dec/2025:01:30:37 +0100] "GET /wp-includes/blocks/code HTTP/1.1" 301 259 "https://www.google.com/" "Mozilla/5.0 (Linux; Android 11; 21081111RG) AppleWebKit/537.36 (KHTML, like Gecko) Chrome/116.0.0.0 Mobile Safari/537.36"
4.197.150.0 - - [15/Dec/2025:01:30:38 +0100] "GET /wp-includes/blocks/code HTTP/1.1" 301 260 "https://www.google.com/" "Mozilla/5.0 (Linux; Android 11; 21081111RG) AppleWebKit/537.36 (KHTML, like Gecko) Chrome/116.0.0.0 Mobile Safari/537.36"
4.197.150.0 - - [15/Dec/2025:01:30:38 +0100] "GET /wp-includes/blocks/code/ HTTP/1.1" 403 2600 "https://www.google.com/" "Mozilla/5.0 (Linux; Android 11; 21081111RG) AppleWebKit/537.36 (KHTML, like Gecko) Chrome/116.0.0.0 Mobile Safari/537.36"
185.111.111.0 - - [15/Dec/2025:01:30:38 +0100] "GET /wp-includes/customize/chosen.php HTTP/1.1" 301 268 "https://www.bing.com/" "Mozilla/5.0 (Linux; Android 12; SM-A525F) AppleWebKit/537.36 (KHTML, like Gecko) Chrome/117.0.0.0 Mobile Safari/537.36"
2a01:238:43f8:5f00:: - - [15/Dec/2025:01:30:39 +0100] "POST /wp-cron.php?doing_wp_cron=1765758639.0634069442749023437500 HTTP/1.1" 200 - "-" "kwp9a8t6LODT"
4.197.150.0 - - [15/Dec/2025:01:30:38 +0100] "GET /wp-includes/customize/chosen.php HTTP/1.1" 200 - "https://www.bing.com/" "Mozilla/5.0 (Linux; Android 12; SM-A525F) AppleWebKit/537.36 (KHTML, like Gecko) Chrome/117.0.0.0 Mobile Safari/537.36"
185.111.111.0 - - [15/Dec/2025:01:30:39 +0100] "GET /wp-content/themes/busiprof-pro/print.css HTTP/1.1" 404 2655 "-" "WordPress/6.8.3; https://www.gebaeudetechnik.nrw"
4.197.150.0 - - [15/Dec/2025:01:30:39 +0100] "GET /wp-includes/customize/chosen.php HTTP/1.1" 200 237751 "https://www.bing.com/" "Mozilla/5.0 (Linux; Android 12; SM-A525F) AppleWebKit/537.36 (KHTML, like Gecko) Chrome/117.0.0.0 Mobile Safari/537.36"
185.111.111.0 - - [15/Dec/2025:01:30:41 +0100] "GET /wp-includes/html-api/index.php HTTP/1.1" 301 266 "https://www.bing.com/" "Mozilla/5.0 (Linux; Android 11; 21081111RG) AppleWebKit/537.36 (KHTML, like Gecko) Chrome/116.0.0.0 Mobile Safari/537.36"
4.197.150.0 - - [15/Dec/2025:01:30:41 +0100] "GET /wp-includes/html-api/index.php HTTP/1.1" 200 - "https://www.bing.com/" "Mozilla/5.0 (Linux; Android 11; 21081111RG) AppleWebKit/537.36 (KHTML, like Gecko) Chrome/116.0.0.0 Mobile Safari/537.36"
4.197.150.0 - - [15/Dec/2025:01:30:41 +0100] "GET /wp-includes/html-api/ HTTP/1.1" 403 2604 "https://www.bing.com/" "Mozilla/5.0 (Linux; Android 11; 21081111RG) AppleWebKit/537.36 (KHTML, like Gecko) Chrome/116.0.0.0 Mobile Safari/537.36"
185.111.111.0 - - [15/Dec/2025:01:30:42 +0100] "GET /wp-includes/index.php HTTP/1.1" 301 257 "https://www.google.fr/" "Mozilla/5.0 (Linux; Android 11; 21081111RG) AppleWebKit/537.36 (KHTML, like Gecko) Chrome/116.0.0.0 Mobile Safari/537.36"
4.197.150.0 - - [15/Dec/2025:01:30:42 +0100] "GET /wp-includes/index.php HTTP/1.1" 403 2598 "https://www.google.fr/" "Mozilla/5.0 (Linux; Android 11; 21081111RG) AppleWebKit/537.36 (KHTML, like Gecko) Chrome/116.0.0.0 Mobile Safari/537.36"
185.111.111.0 - - [15/Dec/2025:01:30:42 +0100] "GET /wp-includes/js/dist/development/index.php HTTP/1.1" 301 277 "https://www.google.co.uk/" "Mozilla/5.0 (Linux; Android 13; SM-G991U) AppleWebKit/537.36 (KHTML, like Gecko) Chrome/117.0.0.0 Mobile Safari/537.36"
4.197.150.0 - - [15/Dec/2025:01:30:43 +0100] "GET /wp-includes/js/dist/development/index.php HTTP/1.1" 200 - "https://www.google.co.uk/" "Mozilla/5.0 (Linux; Android 13; SM-G991U) AppleWebKit/537.36 (KHTML, like Gecko) Chrome/117.0.0.0 Mobile Safari/537.36"
4.197.150.0 - - [15/Dec/2025:01:30:43 +0100] "GET /wp-includes/js/dist/development/ HTTP/1.1" 403 2612 "https://www.google.co.uk/" "Mozilla/5.0 (Linux; Android 13; SM-G991U) AppleWebKit/537.36 (KHTML, like Gecko) Chrome/117.0.0.0 Mobile Safari/537.36"
185.111.111.0 - - [15/Dec/2025:01:30:43 +0100] "GET /wp-includes/pomo/index.php HTTP/1.1" 301 262 "https://www.google.fr/" "Mozilla/5.0 (Linux; Android 12; SM-A525F) AppleWebKit/537.36 (KHTML, like Gecko) Chrome/117.0.0.0 Mobile Safari/537.36"
4.197.150.0 - - [15/Dec/2025:01:30:44 +0100] "GET /wp-includes/pomo/index.php HTTP/1.1" 200 - "https://www.google.fr/" "Mozilla/5.0 (Linux; Android 12; SM-A525F) AppleWebKit/537.36 (KHTML, like Gecko) Chrome/117.0.0.0 Mobile Safari/537.36"
4.197.150.0 - - [15/Dec/2025:01:30:44 +0100] "GET /wp-includes/pomo/ HTTP/1.1" 403 2606 "https://www.google.fr/" "Mozilla/5.0 (Linux; Android 12; SM-A525F) AppleWebKit/537.36 (KHTML, like Gecko) Chrome/117.0.0.0 Mobile Safari/537.36"
185.111.111.0 - - [15/Dec/2025:01:30:44 +0100] "GET /wp-includes/rest-api HTTP/1.1" 301 256 "https://www.google.com/" "Mozilla/5.0 (Linux; Android 13; M2101K6G) AppleWebKit/537.36 (KHTML, like Gecko) Chrome/116.0.0.0 Mobile Safari/537.36"
4.197.150.0 - - [15/Dec/2025:01:30:45 +0100] "GET /wp-includes/rest-api HTTP/1.1" 301 257 "https://www.google.com/" "Mozilla/5.0 (Linux; Android 13; M2101K6G) AppleWebKit/537.36 (KHTML, like Gecko) Chrome/116.0.0.0 Mobile Safari/537.36"
4.197.150.0 - - [15/Dec/2025:01:30:45 +0100] "GET /wp-includes/rest-api/ HTTP/1.1" 403 2600 "https://www.google.com/" "Mozilla/5.0 (Linux; Android 13; M2101K6G) AppleWebKit/537.36 (KHTML, like Gecko) Chrome/116.0.0.0 Mobile Safari/537.36"
185.111.111.0 - - [15/Dec/2025:01:30:45 +0100] "GET /wp-includes/sitemaps/autoload_classmap.php HTTP/1.1" 301 278 "https://duckduckgo.com/" "Mozilla/5.0 (Linux; Android 11; CPH2251) AppleWebKit/537.36 (KHTML, like Gecko) Chrome/116.0.0.0 Mobile Safari/537.36"
4.197.150.0 - - [15/Dec/2025:01:30:45 +0100] "GET /wp-includes/sitemaps/autoload_classmap.php HTTP/1.1" 200 - "https://duckduckgo.com/" "Mozilla/5.0 (Linux; Android 11; CPH2251) AppleWebKit/537.36 (KHTML, like Gecko) Chrome/116.0.0.0 Mobile Safari/537.36"
185.111.111.0 - - [15/Dec/2025:01:30:46 +0100] "GET /wp-content/themes/busiprof-pro/print.css HTTP/1.1" 404 2655 "-" "WordPress/6.8.3; https://www.gebaeudetechnik.nrw"
4.197.150.0 - - [15/Dec/2025:01:30:46 +0100] "GET /wp-includes/sitemaps/autoload_classmap.php HTTP/1.1" 200 237751 "https://duckduckgo.com/" "Mozilla/5.0 (Linux; Android 11; CPH2251) AppleWebKit/537.36 (KHTML, like Gecko) Chrome/116.0.0.0 Mobile Safari/537.36"
185.111.111.0 - - [15/Dec/2025:01:30:47 +0100] "GET /wp-includes/theme-compat HTTP/1.1" 301 260 "https://www.google.fr/" "Mozilla/5.0 (Linux; Android 13; SM-G991U) AppleWebKit/537.36 (KHTML, like Gecko) Chrome/117.0.0.0 Mobile Safari/537.36"
4.197.150.0 - - [15/Dec/2025:01:30:48 +0100] "GET /wp-includes/theme-compat HTTP/1.1" 301 261 "https://www.google.fr/" "Mozilla/5.0 (Linux; Android 13; SM-G991U) AppleWebKit/537.36 (KHTML, like Gecko) Chrome/117.0.0.0 Mobile Safari/537.36"
4.197.150.0 - - [15/Dec/2025:01:30:48 +0100] "GET /wp-includes/theme-compat/ HTTP/1.1" 403 2598 "https://www.google.fr/" "Mozilla/5.0 (Linux; Android 13; SM-G991U) AppleWebKit/537.36 (KHTML, like Gecko) Chrome/117.0.0.0 Mobile Safari/537.36"
91.201.113.0 - - [15/Dec/2025:01:31:18 +0100] "GET /reports/usage_202511.html HTTP/1.0" 200 94062 "https://vykup-auto-prm.ru/" "Mozilla/5.0 (Windows NT 10.0; Win64; x64) AppleWebKit/537.36 (KHTML, like Gecko) Chrome/131.0.0.0 Safari/537.36"
20.78.177.0 - - [15/Dec/2025:01:31:20 +0100] "GET /autoload_classmap/function.php HTTP/1.1" 404 2746 "https://www.google.de/" "Mozilla/5.0 (iPhone; CPU iPhone OS 17_0_3 like Mac OS X) AppleWebKit/605.1.15 (KHTML, like Gecko) Version/17.0.1 Mobile/15E148 Safari/604.1"
91.201.113.0 - - [15/Dec/2025:01:31:20 +0100] "GET /reports/usage_202511.html HTTP/1.0" 200 94062 "https://vykup-auto-prm.ru/" "Mozilla/5.0 (Windows NT 10.0; Win64; x64) AppleWebKit/537.36 (KHTML, like Gecko) Chrome/130.0.0.0 Safari/537.36"
20.78.177.0 - - [15/Dec/2025:01:31:20 +0100] "GET /num.php HTTP/1.1" 404 2700 "https://www.yahoo.com/" "Mozilla/5.0 (Linux; Android 10; K) AppleWebKit/537.36 (KHTML, like Gecko) Chrome/117.0.0.0 Mobile Safari/537.36"
20.78.177.0 - - [15/Dec/2025:01:31:20 +0100] "GET /www.php HTTP/1.1" 404 2702 "https://www.google.com/" "Mozilla/5.0 (Linux; Android 13; SM-G991U) AppleWebKit/537.36 (KHTML, like Gecko) Chrome/117.0.0.0 Mobile Safari/537.36"
20.78.177.0 - - [15/Dec/2025:01:31:21 +0100] "GET /includes.php HTTP/1.1" 404 2708 "https://www.bing.com/" "Mozilla/5.0 (Linux; Android 12; 2201116SG) AppleWebKit/537.36 (KHTML, like Gecko) Chrome/116.0.0.0 Mobile Safari/537.36"
20.78.177.0 - - [15/Dec/2025:01:31:21 +0100] "GET /browse.php HTTP/1.1" 404 2706 "https://www.yahoo.com/" "Mozilla/5.0 (iPhone; CPU iPhone OS 17_1 like Mac OS X) AppleWebKit/605.1.15 (KHTML, like Gecko) CriOS/119.0.6045.109 Mobile/15E148 Safari/604.1"
20.78.177.0 - - [15/Dec/2025:01:31:21 +0100] "GET /wp-content/admin-header.php HTTP/1.1" 404 2740 "https://www.google.fr/" "Mozilla/5.0 (Linux; Android 12; V2134) AppleWebKit/537.36 (KHTML, like Gecko) Chrome/116.0.0.0 Mobile Safari/537.36"
20.78.177.0 - - [15/Dec/2025:01:31:21 +0100] "GET /wp-content/admin.php HTTP/1.1" 404 2728 "https://duckduckgo.com/" "Mozilla/5.0 (iPhone; CPU iPhone OS 17_1_1 like Mac OS X) AppleWebKit/605.1.15 (KHTML, like Gecko) Version/17.1 Mobile/15E148 Safari/604.1"
20.78.177.0 - - [15/Dec/2025:01:31:22 +0100] "GET /wp-content/autoload_classmap.php HTTP/1.1" 404 2752 "https://www.google.com/" "Mozilla/5.0 (Linux; Android 11; 21081111RG) AppleWebKit/537.36 (KHTML, like Gecko) Chrome/116.0.0.0 Mobile Safari/537.36"
20.78.177.0 - - [15/Dec/2025:01:31:22 +0100] "GET /wp-includes/sitemaps/autoload_classmap.php HTTP/1.1" 404 2770 "https://www.yahoo.com/" "Mozilla/5.0 (iPad; CPU OS 16_7_2 like Mac OS X) AppleWebKit/605.1.15 (KHTML, like Gecko) Version/16.6 Mobile/15E148 Safari/604.1"
91.201.113.0 - - [15/Dec/2025:01:31:22 +0100] "GET /reports/usage_202511.html HTTP/1.0" 200 94062 "https://vykup-auto-prm.ru/" "Mozilla/5.0 (Windows NT 10.0; Win64; x64) AppleWebKit/537.36 (KHTML, like Gecko) Chrome/130.0.0.0 Safari/537.36 CCleaner/130.0.0.0"
20.78.177.0 - - [15/Dec/2025:01:31:22 +0100] "GET /wp-includes/SimplePie/autoload_classmap.php HTTP/1.1" 404 2774 "https://www.google.com/" "Mozilla/5.0 (Linux; Android 13; SM-G991U) AppleWebKit/537.36 (KHTML, like Gecko) Chrome/117.0.0.0 Mobile Safari/537.36"
20.78.177.0 - - [15/Dec/2025:01:31:22 +0100] "GET /wp-includes/Text/autoload_classmap.php HTTP/1.1" 404 2762 "https://www.yahoo.com/" "Mozilla/5.0 (Linux; Android 13; SM-G991U) AppleWebKit/537.36 (KHTML, like Gecko) Chrome/117.0.0.0 Mobile Safari/537.36"
20.78.177.0 - - [15/Dec/2025:01:31:23 +0100] "GET /wp-admin/js/autoload_classmap.php HTTP/1.1" 404 2750 "https://www.bing.com/" "Mozilla/5.0 (iPad; CPU OS 17_0_3 like Mac OS X) AppleWebKit/605.1.15 (KHTML, like Gecko) Version/17.0.1 Mobile/15E148 Safari/604.1"
20.78.177.0 - - [15/Dec/2025:01:31:23 +0100] "GET /wp-content/themes/about.php HTTP/1.1" 404 2742 "https://duckduckgo.com/" "Mozilla/5.0 (Linux; Android 12; 2201116SG) AppleWebKit/537.36 (KHTML, like Gecko) Chrome/116.0.0.0 Mobile Safari/537.36"
20.78.177.0 - - [15/Dec/2025:01:31:23 +0100] "GET /wp-content/backups-dup-lite/ HTTP/1.1" 404 2748 "https://www.google.co.uk/" "Mozilla/5.0 (Linux; Android 11; 21081111RG) AppleWebKit/537.36 (KHTML, like Gecko) Chrome/116.0.0.0 Mobile Safari/537.36"
20.78.177.0 - - [15/Dec/2025:01:31:23 +0100] "GET /wp-content/themes/twentytwentytwo/index.php HTTP/1.1" 404 2778 "https://www.google.co.uk/" "Mozilla/5.0 (iPhone; CPU iPhone OS 17_1 like Mac OS X) AppleWebKit/605.1.15 (KHTML, like Gecko) CriOS/119.0.6045.109 Mobile/15E148 Safari/604.1"
20.78.177.0 - - [15/Dec/2025:01:31:24 +0100] "GET /wp-content/index.php HTTP/1.1" 404 2732 "https://www.google.co.uk/" "Mozilla/5.0 (iPad; CPU OS 17_0_3 like Mac OS X) AppleWebKit/605.1.15 (KHTML, like Gecko) Version/17.0.1 Mobile/15E148 Safari/604.1"
20.78.177.0 - - [15/Dec/2025:01:31:24 +0100] "GET /wp-content/languages/ HTTP/1.1" 404 2730 "https://www.google.com/" "Mozilla/5.0 (iPhone; CPU iPhone OS 17_1_1 like Mac OS X) AppleWebKit/605.1.15 (KHTML, like Gecko) Version/17.1 Mobile/15E148 Safari/604.1"
20.78.177.0 - - [15/Dec/2025:01:31:24 +0100] "GET /wp-content/languages/index.php HTTP/1.1" 404 2746 "https://www.google.fr/" "Mozilla/5.0 (Linux; Android 10; K) AppleWebKit/537.36 (KHTML, like Gecko) Chrome/117.0.0.0 Mobile Safari/537.36"
20.78.177.0 - - [15/Dec/2025:01:31:24 +0100] "GET /wp-content/plugins/admin.php HTTP/1.1" 404 2740 "https://www.bing.com/" "Mozilla/5.0 (iPad; CPU OS 17_0_3 like Mac OS X) AppleWebKit/605.1.15 (KHTML, like Gecko) Version/17.0.1 Mobile/15E148 Safari/604.1"
20.78.177.0 - - [15/Dec/2025:01:31:25 +0100] "GET /wp-content/plugins/pwnd/as.php HTTP/1.1" 404 2744 "https://www.bing.com/" "Mozilla/5.0 (Linux; Android 13; M2101K6G) AppleWebKit/537.36 (KHTML, like Gecko) Chrome/116.0.0.0 Mobile Safari/537.36"
20.78.177.0 - - [15/Dec/2025:01:31:25 +0100] "GET /wp-content/plugins/pwnd/pwnd.php HTTP/1.1" 404 2752 "https://duckduckgo.com/" "Mozilla/5.0 (Linux; Android 10; LM-Q720) AppleWebKit/537.36 (KHTML, like Gecko) Chrome/116.0.0.0 Mobile Safari/537.36"
20.78.177.0 - - [15/Dec/2025:01:31:25 +0100] "GET /wp-content/themes/ HTTP/1.1" 404 2720 "https://www.bing.com/" "Mozilla/5.0 (iPhone; CPU iPhone OS 17_1 like Mac OS X) AppleWebKit/605.1.15 (KHTML, like Gecko) CriOS/119.0.6045.109 Mobile/15E148 Safari/604.1"
20.78.177.0 - - [15/Dec/2025:01:31:26 +0100] "GET /wp-content/themes/admin.php HTTP/1.1" 404 2746 "https://www.google.co.uk/" "Mozilla/5.0 (Linux; Android 11; CPH2251) AppleWebKit/537.36 (KHTML, like Gecko) Chrome/116.0.0.0 Mobile Safari/537.36"
20.78.177.0 - - [15/Dec/2025:01:31:26 +0100] "GET /wp-content/upgrade/index.php HTTP/1.1" 404 2742 "https://www.google.fr/" "Mozilla/5.0 (iPad; CPU OS 16_7_2 like Mac OS X) AppleWebKit/605.1.15 (KHTML, like Gecko) Version/16.6 Mobile/15E148 Safari/604.1"
20.78.177.0 - - [15/Dec/2025:01:31:26 +0100] "GET /wp-admin/css/colors/blue/atomlib.php HTTP/1.1" 404 2756 "https://www.bing.com/" "Mozilla/5.g (Linux; Android 13; Pixel 7) AppleWebKit/537.36 (KHTML, like Gecko) Chrome/116.0.0.0 Mobile Safari/537.36"
20.78.177.0 - - [15/Dec/2025:01:31:26 +0100] "GET /wp-content/uploads/ HTTP/1.1" 404 2724 "https://www.google.de/" "Mozilla/5.0 (Linux; Android 12; SM-A525F) AppleWebKit/537.36 (KHTML, like Gecko) Chrome/117.0.0.0 Mobile Safari/537.36"
20.78.177.0 - - [15/Dec/2025:01:31:27 +0100] "GET /wp-content/uploads/2025/ HTTP/1.1" 404 2734 "https://www.yahoo.com/" "Mozilla/5.0 (Linux; Android 10; LM-Q720) AppleWebKit/537.36 (KHTML, like Gecko) Chrome/116.0.0.0 Mobile Safari/537.36"
20.78.177.0 - - [15/Dec/2025:01:31:27 +0100] "GET /wp-content/uploads/index.php HTTP/1.1" 404 2748 "https://www.google.co.uk/" "Mozilla/5.0 (Linux; Android 14; Pixel 8 Pro) AppleWebKit/537.36 (KHTML, like Gecko) Chrome/119.0.0.0 Mobile Safari/537.36"
20.78.177.0 - - [15/Dec/2025:01:31:27 +0100] "GET /wp-good.php HTTP/1.1" 404 2708 "https://www.google.de/" "Mozilla/5.0 (Linux; Android 12; 2201116SG) AppleWebKit/537.36 (KHTML, like Gecko) Chrome/116.0.0.0 Mobile Safari/537.36"
20.78.177.0 - - [15/Dec/2025:01:31:27 +0100] "GET /wp-includes/ID3/ HTTP/1.1" 404 2720 "https://www.google.com/" "Mozilla/5.0 (iPhone; CPU iPhone OS 16_0 like Mac OS X) AppleWebKit/605.1.15 (KHTML, like Gecko) FxiOS/118.0 Mobile/15E148 Safari/605.1.15"
20.78.177.0 - - [15/Dec/2025:01:31:28 +0100] "GET /wp-includes/ID3/simi.php HTTP/1.1" 404 2736 "https://duckduckgo.com/" "Mozilla/5.g (Linux; Android 13; Pixel 7) AppleWebKit/537.36 (KHTML, like Gecko) Chrome/116.0.0.0 Mobile Safari/537.36"
20.78.177.0 - - [15/Dec/2025:01:31:28 +0100] "GET /wp-includes/IXR/ HTTP/1.1" 404 2718 "https://www.yahoo.com/" "Mozilla/5.0 (iPhone; CPU iPhone OS 17_0_3 like Mac OS X) AppleWebKit/605.1.15 (KHTML, like Gecko) Version/17.0.1 Mobile/15E148 Safari/604.1"
20.78.177.0 - - [15/Dec/2025:01:31:28 +0100] "GET /wp-includes/PHPMailer/index.php HTTP/1.1" 404 2754 "https://www.google.co.uk/" "Mozilla/5.0 (iPad; CPU OS 16_7_2 like Mac OS X) AppleWebKit/605.1.15 (KHTML, like Gecko) Version/16.6 Mobile/15E148 Safari/604.1"
