18.208.11.0 - - [15/Dec/2025:13:47:21 +0100] "GET /contao/vendor/contao/manager-plugin/tests/Fixtures/Composer/null-vendor/?C=D;O%3DA HTTP/1.1" 200 453 "-" "Mozilla/5.0 AppleWebKit/537.36 (KHTML, like Gecko; compatible; Amazonbot/0.1; +https://developer.amazon.com/support/amazonbot) Chrome/119.0.6045.214 Safari/537.36"
23.23.104.0 - - [15/Dec/2025:13:47:24 +0100] "GET /contao/vendor/contao/manager-plugin/tests/Fixtures/Composer/?C=S;O%3DD HTTP/1.1" 200 490 "-" "Mozilla/5.0 AppleWebKit/537.36 (KHTML, like Gecko; compatible; Amazonbot/0.1; +https://developer.amazon.com/support/amazonbot) Chrome/119.0.6045.214 Safari/537.36"
35.169.119.0 - - [15/Dec/2025:13:47:29 +0100] "GET /contao/vendor/monolog/monolog/src/Monolog/Handler/Slack/SlackRecord.php HTTP/1.1" 200 - "-" "Mozilla/5.0 AppleWebKit/537.36 (KHTML, like Gecko; compatible; Amazonbot/0.1; +https://developer.amazon.com/support/amazonbot) Chrome/119.0.6045.214 Safari/537.36"
52.6.5.0 - - [15/Dec/2025:13:47:32 +0100] "GET /contao/vendor/symfony-cmf/routing-bundle/tests/Unit/Doctrine/Phpcr/IdPrefixListenerTest.php HTTP/1.1" 500 - "-" "Mozilla/5.0 AppleWebKit/537.36 (KHTML, like Gecko; compatible; Amazonbot/0.1; +https://developer.amazon.com/support/amazonbot) Chrome/119.0.6045.214 Safari/537.36"
100.29.160.0 - - [15/Dec/2025:13:47:38 +0100] "GET /contao/vendor/doctrine/orm/docs/en/reference/?C=M;O%3DD HTTP/1.1" 200 1077 "-" "Mozilla/5.0 AppleWebKit/537.36 (KHTML, like Gecko; compatible; Amazonbot/0.1; +https://developer.amazon.com/support/amazonbot) Chrome/119.0.6045.214 Safari/537.36"
137.184.46.0 - - [15/Dec/2025:13:47:58 +0100] "POST /wp-login.php HTTP/1.1" 404 43884 "-" "Mozilla/5.0 (Windows NT 10.0; Win64; x64; rv:57.0) Gecko/20100101 Firefox/57.0"
192.178.6.0 - - [15/Dec/2025:13:48:15 +0100] "GET /robots.txt HTTP/1.1" 404 2531 "-" "Mozilla/5.0 (compatible; Googlebot/2.1; +http://www.google.com/bot.html)"
43.159.145.0 - - [15/Dec/2025:13:49:18 +0100] "GET / HTTP/1.1" 200 12920 "-" "Mozilla/5.0 (iPhone; CPU iPhone OS 13_2_3 like Mac OS X) AppleWebKit/605.1.15 (KHTML, like Gecko) Version/13.0.3 Mobile/15E148 Safari/604.1"
2a01:238:43f8:5f00:: - - [15/Dec/2025:13:49:18 +0100] "POST /wp-cron.php?doing_wp_cron=1765802958.5064969062805175781250 HTTP/1.1" 200 - "-" "WordPress/6.9; http://wptest.masom.de"
91.201.113.0 - - [15/Dec/2025:13:49:46 +0100] "GET /reports/usage_202511.html HTTP/1.0" 200 94062 "https://vykup-auto-prm.ru/" "Mozilla/5.0 (Windows NT 10.0; Win64; x64) AppleWebKit/537.36 (KHTML, like Gecko) Chrome/130.0.0.0 Safari/537.36 CCleaner/130.0.0.0"
91.201.113.0 - - [15/Dec/2025:13:49:48 +0100] "GET /reports/usage_202511.html HTTP/1.0" 200 94062 "https://vykup-auto-prm.ru/" "Mozilla/5.0 (Windows NT 10.0; Win64; x64) AppleWebKit/537.36 (KHTML, like Gecko) Chrome/130.0.0.0 Safari/537.36"
91.201.113.0 - - [15/Dec/2025:13:49:50 +0100] "GET /reports/usage_202511.html HTTP/1.0" 200 94062 "https://vykup-auto-prm.ru/" "Mozilla/5.0 (Windows NT 10.0; Win64; x64) AppleWebKit/537.36 (KHTML, like Gecko) Chrome/131.0.0.0 Safari/537.36 Avast/131.0.0.0"
216.244.66.0 - - [15/Dec/2025:13:51:17 +0100] "GET /robots.txt HTTP/1.1" 404 2551 "-" "Mozilla/5.0 (compatible; DotBot/1.2; +https://opensiteexplorer.org/dotbot; help@moz.com)"
20.29.23.0 - - [15/Dec/2025:13:51:20 +0100] "GET /ReportServer HTTP/1.1" 404 2555 "-" "Mozilla/5.0 zgrab/0.x"
89.200.205.0 - - [15/Dec/2025:13:53:02 +0100] "GET /robots.txt HTTP/1.1" 200 162 "-" "Mozilla/5.0 (compatible; stepstoneCrawlBot; +https://www.thestepstonegroup.com/crawler/)"
2a01:238:43f8:5f00:: - - [15/Dec/2025:13:53:02 +0100] "POST /wp-cron.php?doing_wp_cron=1765803182.6675970554351806640625 HTTP/1.1" 200 - "-" "BldtWoQgZh2k"
185.111.111.0 - - [15/Dec/2025:13:53:03 +0100] "GET /wp-content/themes/busiprof-pro/print.css HTTP/1.1" 404 2655 "-" "WordPress/6.8.3; https://www.gebaeudetechnik.nrw"
89.200.205.0 - - [15/Dec/2025:13:53:02 +0100] "GET / HTTP/1.1" 200 49448 "-" "Mozilla/5.0 (compatible; stepstoneCrawlBot; +https://www.thestepstonegroup.com/crawler/)"
135.119.97.0 - - [15/Dec/2025:13:53:15 +0100] "GET /developmentserver/metadatauploader HTTP/1.1" 404 2603 "-" "Mozilla/5.0 zgrab/0.x"
91.201.113.0 - - [15/Dec/2025:13:53:18 +0100] "GET /reports/usage_202511.html HTTP/1.0" 200 94062 "https://vykup-auto-prm.ru/" "Mozilla/5.0 (Windows NT 10.0; Win64; x64) AppleWebKit/537.36 (KHTML, like Gecko) Chrome/129.0.0.0 Safari/537.36"
91.201.113.0 - - [15/Dec/2025:13:53:20 +0100] "GET /reports/usage_202511.html HTTP/1.0" 200 94062 "https://vykup-auto-prm.ru/" "Mozilla/5.0 (Windows NT 10.0; Win64; x64) AppleWebKit/537.36 (KHTML, like Gecko) Chrome/131.0.0.0 Safari/537.36"
91.201.113.0 - - [15/Dec/2025:13:53:22 +0100] "GET /reports/usage_202511.html HTTP/1.0" 200 94062 "https://vykup-auto-prm.ru/" "Mozilla/5.0 (Windows NT 10.0; Win64; x64) AppleWebKit/537.36 (KHTML, like Gecko) Chrome/130.0.0.0 Safari/537.36"
91.201.113.0 - - [15/Dec/2025:13:56:51 +0100] "GET /reports/usage_202511.html HTTP/1.0" 200 94062 "https://vykup-auto-prm.ru/" "Mozilla/5.0 (Windows NT 10.0; Win64; x64) AppleWebKit/537.36 (KHTML, like Gecko) Chrome/129.0.0.0 Safari/537.36"
91.201.113.0 - - [15/Dec/2025:13:56:53 +0100] "GET /reports/usage_202511.html HTTP/1.0" 200 94062 "https://vykup-auto-prm.ru/" "Mozilla/5.0 (Windows NT 10.0; Win64; x64) AppleWebKit/537.36 (KHTML, like Gecko) Chrome/131.0.0.0 Safari/537.36"
91.201.113.0 - - [15/Dec/2025:13:56:55 +0100] "GET /reports/usage_202511.html HTTP/1.0" 200 94062 "https://vykup-auto-prm.ru/" "Mozilla/5.0 (Windows NT 10.0; Win64; x64) AppleWebKit/537.36 (KHTML, like Gecko) Chrome/129.0.0.0 Safari/537.36"
13.71.30.0 - - [15/Dec/2025:13:57:06 +0100] "GET /wp-good.php HTTP/1.1" 200 4469 "https://www.google.co.uk/" "Mozilla/5.g (Linux; Android 13; Pixel 7) AppleWebKit/537.36 (KHTML, like Gecko) Chrome/116.0.0.0 Mobile Safari/537.36"
13.71.30.0 - - [15/Dec/2025:13:57:06 +0100] "GET /ioxi-o.php HTTP/1.1" 200 4469 "https://duckduckgo.com/" "Mozilla/5.0 (iPhone; CPU iPhone OS 17_1_1 like Mac OS X) AppleWebKit/605.1.15 (KHTML, like Gecko) Version/17.1 Mobile/15E148 Safari/604.1"
13.71.30.0 - - [15/Dec/2025:13:57:06 +0100] "GET /file.php HTTP/1.1" 200 4469 "https://www.google.fr/" "Mozilla/5.0 (Linux; Android 11; CPH2251) AppleWebKit/537.36 (KHTML, like Gecko) Chrome/116.0.0.0 Mobile Safari/537.36"
13.71.30.0 - - [15/Dec/2025:13:57:07 +0100] "GET /wp-admin/css/colors/blue HTTP/1.1" 200 4469 "https://www.google.fr/" "Mozilla/5.g (Linux; Android 13; Pixel 7) AppleWebKit/537.36 (KHTML, like Gecko) Chrome/116.0.0.0 Mobile Safari/537.36"
13.71.30.0 - - [15/Dec/2025:13:57:07 +0100] "GET /wp-signin.php HTTP/1.1" 200 4469 "https://www.google.de/" "Mozilla/5.0 (Linux; Android 13; SM-S908E) AppleWebKit/537.36 (KHTML, like Gecko) Chrome/116.0.0.0 Mobile Safari/537.36"
13.71.30.0 - - [15/Dec/2025:13:57:07 +0100] "GET /abcd.php HTTP/1.1" 200 4469 "https://www.google.co.uk/" "Mozilla/5.0 (iPad; CPU OS 17_0_3 like Mac OS X) AppleWebKit/605.1.15 (KHTML, like Gecko) Version/17.0.1 Mobile/15E148 Safari/604.1"
13.71.30.0 - - [15/Dec/2025:13:57:07 +0100] "GET /wp-includes/block-bindings HTTP/1.1" 200 4469 "https://www.google.com/" "Mozilla/5.0 (Linux; Android 13; SM-S908E) AppleWebKit/537.36 (KHTML, like Gecko) Chrome/116.0.0.0 Mobile Safari/537.36"
13.71.30.0 - - [15/Dec/2025:13:57:08 +0100] "GET /about.php HTTP/1.1" 200 4469 "https://www.google.fr/" "Mozilla/5.0 (iPad; CPU OS 17_0_3 like Mac OS X) AppleWebKit/605.1.15 (KHTML, like Gecko) Version/17.0.1 Mobile/15E148 Safari/604.1"
13.71.30.0 - - [15/Dec/2025:13:57:08 +0100] "GET /bless.php HTTP/1.1" 200 4469 "https://www.google.com/" "Mozilla/5.g (Linux; Android 13; Pixel 7) AppleWebKit/537.36 (KHTML, like Gecko) Chrome/116.0.0.0 Mobile Safari/537.36"
13.71.30.0 - - [15/Dec/2025:13:57:08 +0100] "GET /images/install.php HTTP/1.1" 200 4469 "https://www.google.de/" "Mozilla/5.0 (Linux; Android 11; 21081111RG) AppleWebKit/537.36 (KHTML, like Gecko) Chrome/116.0.0.0 Mobile Safari/537.36"
13.71.30.0 - - [15/Dec/2025:13:57:08 +0100] "GET /num.php HTTP/1.1" 200 4469 "https://www.bing.com/" "Mozilla/5.0 (Linux; Android 11; CPH2251) AppleWebKit/537.36 (KHTML, like Gecko) Chrome/116.0.0.0 Mobile Safari/537.36"
13.71.30.0 - - [15/Dec/2025:13:57:09 +0100] "GET /txets.php HTTP/1.1" 200 4469 "https://www.google.de/" "Mozilla/5.0 (iPhone; CPU iPhone OS 17_1 like Mac OS X) AppleWebKit/605.1.15 (KHTML, like Gecko) CriOS/119.0.6045.109 Mobile/15E148 Safari/604.1"
13.71.30.0 - - [15/Dec/2025:13:57:09 +0100] "GET /wp-blog.php HTTP/1.1" 200 4469 "https://www.google.com/" "Mozilla/5.0 (iPhone; CPU iPhone OS 16_6_1 like Mac OS X) AppleWebKit/605.1.15 (KHTML, like Gecko) Version/16.6 Mobile/15E148 Safari/604.1"
13.71.30.0 - - [15/Dec/2025:13:57:09 +0100] "GET /wp-content/admin-header.php HTTP/1.1" 200 4469 "https://www.google.de/" "Mozilla/5.0 (iPhone; CPU iPhone OS 15_7_9 like Mac OS X) AppleWebKit/605.1.15 (KHTML, like Gecko) Version/15.6.5 Mobile/15E148 Safari/604.1"
13.71.30.0 - - [15/Dec/2025:13:57:10 +0100] "GET /wp-content/themes/about.php HTTP/1.1" 200 4469 "https://www.google.fr/" "Mozilla/5.0 (iPhone; CPU iPhone OS 17_0_3 like Mac OS X) AppleWebKit/605.1.15 (KHTML, like Gecko) Version/17.0.1 Mobile/15E148 Safari/604.1"
13.71.30.0 - - [15/Dec/2025:13:57:10 +0100] "GET /wp-includes/js/dist HTTP/1.1" 200 4469 "https://www.bing.com/" "Mozilla/5.0 (Linux; Android 10; K) AppleWebKit/537.36 (KHTML, like Gecko) Chrome/117.0.0.0 Mobile Safari/537.36"
13.71.30.0 - - [15/Dec/2025:13:57:10 +0100] "GET /wp-includes/rest-api/fields HTTP/1.1" 200 4469 "https://www.yahoo.com/" "Mozilla/5.0 (iPhone; CPU iPhone OS 17_1 like Mac OS X) AppleWebKit/605.1.15 (KHTML, like Gecko) CriOS/119.0.6045.109 Mobile/15E148 Safari/604.1"
13.71.30.0 - - [15/Dec/2025:13:57:10 +0100] "GET /wp.php HTTP/1.1" 200 4469 "https://www.bing.com/" "Mozilla/5.0 (Linux; Android 13; SM-G991U) AppleWebKit/537.36 (KHTML, like Gecko) Chrome/117.0.0.0 Mobile Safari/537.36"
13.71.30.0 - - [15/Dec/2025:13:57:11 +0100] "GET /admin.php HTTP/1.1" 200 4469 "https://www.bing.com/" "Mozilla/5.0 (Linux; Android 10; LM-Q720) AppleWebKit/537.36 (KHTML, like Gecko) Chrome/116.0.0.0 Mobile Safari/537.36"
13.71.30.0 - - [15/Dec/2025:13:57:11 +0100] "GET /adminfuns.php HTTP/1.1" 200 4469 "https://www.google.de/" "Mozilla/5.0 (Linux; Android 13; SM-G991U) AppleWebKit/537.36 (KHTML, like Gecko) Chrome/117.0.0.0 Mobile Safari/537.36"
13.71.30.0 - - [15/Dec/2025:13:57:11 +0100] "GET /chosen.php HTTP/1.1" 200 4469 "https://www.google.fr/" "Mozilla/5.0 (Linux; Android 10; LM-Q720) AppleWebKit/537.36 (KHTML, like Gecko) Chrome/116.0.0.0 Mobile Safari/537.36"
13.71.30.0 - - [15/Dec/2025:13:57:12 +0100] "GET /classwithtostring.php HTTP/1.1" 200 4469 "https://www.google.co.uk/" "Mozilla/5.0 (Linux; Android 11; 21081111RG) AppleWebKit/537.36 (KHTML, like Gecko) Chrome/116.0.0.0 Mobile Safari/537.36"
13.71.30.0 - - [15/Dec/2025:13:57:12 +0100] "GET /edit.php HTTP/1.1" 200 4469 "https://www.google.fr/" "Mozilla/5.0 (iPhone; CPU iPhone OS 17_1_1 like Mac OS X) AppleWebKit/605.1.15 (KHTML, like Gecko) Version/17.1 Mobile/15E148 Safari/604.1"
13.71.30.0 - - [15/Dec/2025:13:57:12 +0100] "GET /goods.php HTTP/1.1" 200 4469 "https://www.google.de/" "Mozilla/5.0 (iPhone; CPU iPhone OS 17_1_1 like Mac OS X) AppleWebKit/605.1.15 (KHTML, like Gecko) Version/17.1 Mobile/15E148 Safari/604.1"
13.71.30.0 - - [15/Dec/2025:13:57:12 +0100] "GET /k.php HTTP/1.1" 200 4469 "https://duckduckgo.com/" "Mozilla/5.0 (Linux; Android 10; LM-Q720) AppleWebKit/537.36 (KHTML, like Gecko) Chrome/116.0.0.0 Mobile Safari/537.36"
13.71.30.0 - - [15/Dec/2025:13:57:13 +0100] "GET /mah/function.php HTTP/1.1" 200 4469 "https://www.google.co.uk/" "Mozilla/5.0 (Linux; Android 12; V2134) AppleWebKit/537.36 (KHTML, like Gecko) Chrome/116.0.0.0 Mobile Safari/537.36"
13.71.30.0 - - [15/Dec/2025:13:57:13 +0100] "GET /wp-conflg/function.php HTTP/1.1" 200 4469 "https://www.google.de/" "Mozilla/5.0 (Linux; Android 13; M2101K6G) AppleWebKit/537.36 (KHTML, like Gecko) Chrome/116.0.0.0 Mobile Safari/537.36"
13.71.30.0 - - [15/Dec/2025:13:57:13 +0100] "GET /wp-content/admin.php HTTP/1.1" 200 4469 "https://www.google.de/" "Mozilla/5.0 (iPhone; CPU iPhone OS 17_1_1 like Mac OS X) AppleWebKit/605.1.15 (KHTML, like Gecko) Version/17.1 Mobile/15E148 Safari/604.1"
13.71.30.0 - - [15/Dec/2025:13:57:13 +0100] "GET /wp-content/languages/index.php HTTP/1.1" 200 4469 "https://www.google.de/" "Mozilla/5.0 (iPhone; CPU iPhone OS 16_6_1 like Mac OS X) AppleWebKit/605.1.15 (KHTML, like Gecko) Version/16.6 Mobile/15E148 Safari/604.1"
13.71.30.0 - - [15/Dec/2025:13:57:14 +0100] "GET /wp-includes/PHPMailer/index.php HTTP/1.1" 200 4469 "https://duckduckgo.com/" "Mozilla/5.0 (Linux; Android 12; V2134) AppleWebKit/537.36 (KHTML, like Gecko) Chrome/116.0.0.0 Mobile Safari/537.36"
13.71.30.0 - - [15/Dec/2025:13:57:14 +0100] "GET /wp-includes/images HTTP/1.1" 200 4469 "https://duckduckgo.com/" "Mozilla/5.0 (iPhone; CPU iPhone OS 16_0 like Mac OS X) AppleWebKit/605.1.15 (KHTML, like Gecko) FxiOS/118.0 Mobile/15E148 Safari/605.1.15"
13.71.30.0 - - [15/Dec/2025:13:57:14 +0100] "GET /wp-includes/images/index.php HTTP/1.1" 200 4469 "https://www.google.com/" "Mozilla/5.0 (Linux; Android 12; SM-A525F) AppleWebKit/537.36 (KHTML, like Gecko) Chrome/117.0.0.0 Mobile Safari/537.36"
13.71.30.0 - - [15/Dec/2025:13:57:15 +0100] "GET /wp-includes/js/dist/development HTTP/1.1" 200 4469 "https://www.google.de/" "Mozilla/5.0 (Linux; Android 14; Pixel 8 Pro) AppleWebKit/537.36 (KHTML, like Gecko) Chrome/119.0.0.0 Mobile Safari/537.36"
13.71.30.0 - - [15/Dec/2025:13:57:15 +0100] "GET /wp-user.php HTTP/1.1" 200 4469 "https://www.google.fr/" "Mozilla/5.0 (Linux; Android 13; SM-G991U) AppleWebKit/537.36 (KHTML, like Gecko) Chrome/117.0.0.0 Mobile Safari/537.36"
13.71.30.0 - - [15/Dec/2025:13:57:15 +0100] "GET /404.php HTTP/1.1" 200 4469 "https://duckduckgo.com/" "Mozilla/5.0 (iPad; CPU OS 16_7_2 like Mac OS X) AppleWebKit/605.1.15 (KHTML, like Gecko) Version/16.6 Mobile/15E148 Safari/604.1"
13.71.30.0 - - [15/Dec/2025:13:57:15 +0100] "GET /akcc.php HTTP/1.1" 200 4469 "https://www.bing.com/" "Mozilla/5.g (Linux; Android 13; Pixel 7) AppleWebKit/537.36 (KHTML, like Gecko) Chrome/116.0.0.0 Mobile Safari/537.36"
13.71.30.0 - - [15/Dec/2025:13:57:16 +0100] "GET /gg.php HTTP/1.1" 200 4469 "https://www.google.de/" "Mozilla/5.0 (Linux; Android 14; Pixel 8 Pro) AppleWebKit/537.36 (KHTML, like Gecko) Chrome/119.0.0.0 Mobile Safari/537.36"
13.71.30.0 - - [15/Dec/2025:13:57:16 +0100] "GET /mah.php HTTP/1.1" 200 4469 "https://www.google.co.uk/" "Mozilla/5.0 (iPhone; CPU iPhone OS 17_1_1 like Mac OS X) AppleWebKit/605.1.15 (KHTML, like Gecko) Version/17.1 Mobile/15E148 Safari/604.1"
13.71.30.0 - - [15/Dec/2025:13:57:16 +0100] "GET /new.php HTTP/1.1" 200 4469 "https://www.yahoo.com/" "Mozilla/5.0 (iPhone; CPU iPhone OS 15_7_9 like Mac OS X) AppleWebKit/605.1.15 (KHTML, like Gecko) Version/15.6.5 Mobile/15E148 Safari/604.1"
13.71.30.0 - - [15/Dec/2025:13:57:16 +0100] "GET /themes.php HTTP/1.1" 200 4469 "https://www.google.com/" "Mozilla/5.0 (Linux; Android 14; Pixel 8 Pro) AppleWebKit/537.36 (KHTML, like Gecko) Chrome/119.0.0.0 Mobile Safari/537.36"
13.71.30.0 - - [15/Dec/2025:13:57:17 +0100] "GET /uploads/index.php HTTP/1.1" 404 2720 "https://www.google.de/" "Mozilla/5.0 (Linux; Android 13; M2101K6G) AppleWebKit/537.36 (KHTML, like Gecko) Chrome/116.0.0.0 Mobile Safari/537.36"
13.71.30.0 - - [15/Dec/2025:13:57:17 +0100] "GET /wp-admin HTTP/1.1" 200 4469 "https://www.bing.com/" "Mozilla/5.0 (Linux; Android 12; V2134) AppleWebKit/537.36 (KHTML, like Gecko) Chrome/116.0.0.0 Mobile Safari/537.36"
13.71.30.0 - - [15/Dec/2025:13:57:17 +0100] "GET /wp-admin/classwithtostring.php HTTP/1.1" 200 4469 "https://www.google.co.uk/" "Mozilla/5.0 (iPhone; CPU iPhone OS 15_7_9 like Mac OS X) AppleWebKit/605.1.15 (KHTML, like Gecko) Version/15.6.5 Mobile/15E148 Safari/604.1"
13.71.30.0 - - [15/Dec/2025:13:57:17 +0100] "GET /wp-admin/css HTTP/1.1" 200 4469 "https://www.bing.com/" "Mozilla/5.0 (iPhone; CPU iPhone OS 17_1 like Mac OS X) AppleWebKit/605.1.15 (KHTML, like Gecko) CriOS/119.0.6045.109 Mobile/15E148 Safari/604.1"
13.71.30.0 - - [15/Dec/2025:13:57:18 +0100] "GET /wp-admin/css/about.php HTTP/1.1" 200 4469 "https://www.google.de/" "Mozilla/5.0 (iPad; CPU OS 16_7_2 like Mac OS X) AppleWebKit/605.1.15 (KHTML, like Gecko) Version/16.6 Mobile/15E148 Safari/604.1"
13.71.30.0 - - [15/Dec/2025:13:57:18 +0100] "GET /wp-admin/includes/colour.php HTTP/1.1" 200 4469 "https://www.yahoo.com/" "Mozilla/5.0 (Linux; Android 12; 2201116SG) AppleWebKit/537.36 (KHTML, like Gecko) Chrome/116.0.0.0 Mobile Safari/537.36"
13.71.30.0 - - [15/Dec/2025:13:57:18 +0100] "GET /wp-admin/js HTTP/1.1" 200 4469 "https://www.bing.com/" "Mozilla/5.0 (Linux; Android 10; LM-Q720) AppleWebKit/537.36 (KHTML, like Gecko) Chrome/116.0.0.0 Mobile Safari/537.36"
13.71.30.0 - - [15/Dec/2025:13:57:19 +0100] "GET /wp-admin/js/autoload_classmap.php HTTP/1.1" 200 4469 "https://www.google.com/" "Mozilla/5.0 (Linux; Android 13; SM-G991U) AppleWebKit/537.36 (KHTML, like Gecko) Chrome/117.0.0.0 Mobile Safari/537.36"
13.71.30.0 - - [15/Dec/2025:13:57:19 +0100] "GET /wp-admin/js/widgets HTTP/1.1" 200 4469 "https://www.google.fr/" "Mozilla/5.0 (Linux; Android 10; LM-Q720) AppleWebKit/537.36 (KHTML, like Gecko) Chrome/116.0.0.0 Mobile Safari/537.36"
13.71.30.0 - - [15/Dec/2025:13:57:19 +0100] "GET /wp-content/autoload_classmap.php HTTP/1.1" 200 4469 "https://www.google.com/" "Mozilla/5.0 (iPhone; CPU iPhone OS 16_6_1 like Mac OS X) AppleWebKit/605.1.15 (KHTML, like Gecko) Version/16.6 Mobile/15E148 Safari/604.1"
13.71.30.0 - - [15/Dec/2025:13:57:19 +0100] "GET /wp-content/backups-dup-lite HTTP/1.1" 200 4469 "https://www.google.de/" "Mozilla/5.0 (Linux; Android 14; Pixel 8 Pro) AppleWebKit/537.36 (KHTML, like Gecko) Chrome/119.0.0.0 Mobile Safari/537.36"
13.71.30.0 - - [15/Dec/2025:13:57:20 +0100] "GET /wp-content/languages HTTP/1.1" 200 4469 "https://www.google.co.uk/" "Mozilla/5.0 (Linux; Android 12; V2134) AppleWebKit/537.36 (KHTML, like Gecko) Chrome/116.0.0.0 Mobile Safari/537.36"
13.71.30.0 - - [15/Dec/2025:13:57:20 +0100] "GET /wp-content/plugins/admin.php HTTP/1.1" 200 4469 "https://www.google.com/" "Mozilla/5.0 (Linux; Android 12; V2134) AppleWebKit/537.36 (KHTML, like Gecko) Chrome/116.0.0.0 Mobile Safari/537.36"
13.71.30.0 - - [15/Dec/2025:13:57:20 +0100] "GET /wp-content/themes/admin.php HTTP/1.1" 200 4469 "https://www.bing.com/" "Mozilla/5.0 (iPhone; CPU iPhone OS 17_1 like Mac OS X) AppleWebKit/605.1.15 (KHTML, like Gecko) CriOS/119.0.6045.109 Mobile/15E148 Safari/604.1"
13.71.30.0 - - [15/Dec/2025:13:57:20 +0100] "GET /wp-content/uploads HTTP/1.1" 200 4469 "https://www.google.co.uk/" "Mozilla/5.0 (Linux; Android 13; M2101K6G) AppleWebKit/537.36 (KHTML, like Gecko) Chrome/116.0.0.0 Mobile Safari/537.36"
13.71.30.0 - - [15/Dec/2025:13:57:21 +0100] "GET /wp-content/uploads/2025 HTTP/1.1" 200 4469 "https://duckduckgo.com/" "Mozilla/5.0 (iPad; CPU OS 16_7_2 like Mac OS X) AppleWebKit/605.1.15 (KHTML, like Gecko) Version/16.6 Mobile/15E148 Safari/604.1"
13.71.30.0 - - [15/Dec/2025:13:57:21 +0100] "GET /wp-includes/IXR HTTP/1.1" 200 4469 "https://www.google.com/" "Mozilla/5.g (Linux; Android 13; Pixel 7) AppleWebKit/537.36 (KHTML, like Gecko) Chrome/116.0.0.0 Mobile Safari/537.36"
13.71.30.0 - - [15/Dec/2025:13:57:21 +0100] "GET /wp-includes/IXR/index.php HTTP/1.1" 200 4469 "https://www.google.co.uk/" "Mozilla/5.0 (iPad; CPU OS 16_7_2 like Mac OS X) AppleWebKit/605.1.15 (KHTML, like Gecko) Version/16.6 Mobile/15E148 Safari/604.1"
13.71.30.0 - - [15/Dec/2025:13:57:22 +0100] "GET /wp-includes/SimplePie/index.php HTTP/1.1" 200 4469 "https://www.google.com/" "Mozilla/5.0 (Linux; Android 12; SM-A525F) AppleWebKit/537.36 (KHTML, like Gecko) Chrome/117.0.0.0 Mobile Safari/537.36"
13.71.30.0 - - [15/Dec/2025:13:57:22 +0100] "GET /wp-includes/Text HTTP/1.1" 200 4469 "https://www.yahoo.com/" "Mozilla/5.0 (Linux; Android 13; SM-G991U) AppleWebKit/537.36 (KHTML, like Gecko) Chrome/117.0.0.0 Mobile Safari/537.36"
13.71.30.0 - - [15/Dec/2025:13:57:22 +0100] "GET /wp-includes/Text/Diff/Engine HTTP/1.1" 200 4469 "https://www.google.co.uk/" "Mozilla/5.0 (Linux; Android 10; LM-Q720) AppleWebKit/537.36 (KHTML, like Gecko) Chrome/116.0.0.0 Mobile Safari/537.36"
13.71.30.0 - - [15/Dec/2025:13:57:22 +0100] "GET /wp-includes/block-bindings/index.php HTTP/1.1" 200 4469 "https://www.google.fr/" "Mozilla/5.0 (iPhone; CPU iPhone OS 17_1_1 like Mac OS X) AppleWebKit/605.1.15 (KHTML, like Gecko) Version/17.1 Mobile/15E148 Safari/604.1"
13.71.30.0 - - [15/Dec/2025:13:57:23 +0100] "GET /wp-includes/block-supports HTTP/1.1" 200 4469 "https://duckduckgo.com/" "Mozilla/5.0 (iPhone; CPU iPhone OS 17_1_1 like Mac OS X) AppleWebKit/605.1.15 (KHTML, like Gecko) Version/17.1 Mobile/15E148 Safari/604.1"
13.71.30.0 - - [15/Dec/2025:13:57:23 +0100] "GET /wp-includes/blocks/code HTTP/1.1" 200 4469 "https://www.bing.com/" "Mozilla/5.0 (iPhone; CPU iPhone OS 17_1 like Mac OS X) AppleWebKit/605.1.15 (KHTML, like Gecko) CriOS/119.0.6045.109 Mobile/15E148 Safari/604.1"
13.71.30.0 - - [15/Dec/2025:13:57:23 +0100] "GET /wp-includes/customize/chosen.php HTTP/1.1" 200 4469 "https://www.google.de/" "Mozilla/5.0 (iPhone; CPU iPhone OS 16_0 like Mac OS X) AppleWebKit/605.1.15 (KHTML, like Gecko) FxiOS/118.0 Mobile/15E148 Safari/605.1.15"
13.71.30.0 - - [15/Dec/2025:13:57:24 +0100] "GET /wp-includes/html-api/index.php HTTP/1.1" 200 4469 "https://www.yahoo.com/" "Mozilla/5.0 (Linux; Android 11; CPH2251) AppleWebKit/537.36 (KHTML, like Gecko) Chrome/116.0.0.0 Mobile Safari/537.36"
13.71.30.0 - - [15/Dec/2025:13:57:24 +0100] "GET /wp-includes/index.php HTTP/1.1" 200 4469 "https://www.bing.com/" "Mozilla/5.0 (Linux; Android 11; 21081111RG) AppleWebKit/537.36 (KHTML, like Gecko) Chrome/116.0.0.0 Mobile Safari/537.36"
13.71.30.0 - - [15/Dec/2025:13:57:24 +0100] "GET /wp-includes/js/dist/development/index.php HTTP/1.1" 200 4469 "https://www.google.fr/" "Mozilla/5.g (Linux; Android 13; Pixel 7) AppleWebKit/537.36 (KHTML, like Gecko) Chrome/116.0.0.0 Mobile Safari/537.36"
13.71.30.0 - - [15/Dec/2025:13:57:24 +0100] "GET /wp-includes/pomo/index.php HTTP/1.1" 200 4469 "https://www.google.fr/" "Mozilla/5.0 (Linux; Android 11; 21081111RG) AppleWebKit/537.36 (KHTML, like Gecko) Chrome/116.0.0.0 Mobile Safari/537.36"
13.71.30.0 - - [15/Dec/2025:13:57:25 +0100] "GET /wp-includes/rest-api HTTP/1.1" 200 4469 "https://www.google.co.uk/" "Mozilla/5.0 (Linux; Android 12; SM-A525F) AppleWebKit/537.36 (KHTML, like Gecko) Chrome/117.0.0.0 Mobile Safari/537.36"
13.71.30.0 - - [15/Dec/2025:13:57:25 +0100] "GET /wp-includes/sitemaps/autoload_classmap.php HTTP/1.1" 200 4469 "https://www.google.com/" "Mozilla/5.0 (Linux; Android 13; M2101K6G) AppleWebKit/537.36 (KHTML, like Gecko) Chrome/116.0.0.0 Mobile Safari/537.36"
13.71.30.0 - - [15/Dec/2025:13:57:25 +0100] "GET /wp-includes/theme-compat HTTP/1.1" 200 4469 "https://www.google.co.uk/" "Mozilla/5.0 (iPhone; CPU iPhone OS 17_0_3 like Mac OS X) AppleWebKit/605.1.15 (KHTML, like Gecko) Version/17.0.1 Mobile/15E148 Safari/604.1"
91.232.238.0 - - [15/Dec/2025:14:00:12 +0100] "GET /admin/config.php HTTP/1.0" 404 - "-" "xfa1"
91.201.113.0 - - [15/Dec/2025:14:00:23 +0100] "GET /reports/usage_202511.html HTTP/1.0" 200 94062 "https://vykup-auto-prm.ru/" "Mozilla/5.0 (Windows NT 10.0; Win64; x64) AppleWebKit/537.36 (KHTML, like Gecko) Chrome/131.0.0.0 Safari/537.36 Avast/131.0.0.0"
91.201.113.0 - - [15/Dec/2025:14:00:25 +0100] "GET /reports/usage_202511.html HTTP/1.0" 200 94062 "https://vykup-auto-prm.ru/" "Mozilla/5.0 (Windows NT 10.0; Win64; x64) AppleWebKit/537.36 (KHTML, like Gecko) Chrome/131.0.0.0 Safari/537.36"
91.201.113.0 - - [15/Dec/2025:14:00:27 +0100] "GET /reports/usage_202511.html HTTP/1.0" 200 94062 "https://vykup-auto-prm.ru/" "Mozilla/5.0 (Windows NT 10.0; Win64; x64) AppleWebKit/537.36 (KHTML, like Gecko) Chrome/131.0.0.0 Safari/537.36"
40.77.177.0 - - [15/Dec/2025:14:01:17 +0100] "GET /wp-content/fonts/droid-serif/tDbK2oqRg1oM3QBjjcaDkOr4nAfcHg.woff2 HTTP/2.0" 200 20475 "https://gebaeudetechnik.b-cdn.net/" "Mozilla/5.0 AppleWebKit/537.36 (KHTML, like Gecko; compatible; bingbot/2.0; +http://www.bing.com/bingbot.htm) Chrome/136.0.0.0 Safari/537.36"
40.77.177.0 - - [15/Dec/2025:14:01:17 +0100] "GET /wp-content/fonts/montserrat/JTUSjIg1_i6t8kCHKm459Wlhyw.woff2 HTTP/2.0" 200 30951 "https://gebaeudetechnik.b-cdn.net/" "Mozilla/5.0 AppleWebKit/537.36 (KHTML, like Gecko; compatible; bingbot/2.0; +http://www.bing.com/bingbot.htm) Chrome/136.0.0.0 Safari/537.36"
40.77.177.0 - - [15/Dec/2025:14:01:17 +0100] "GET /wp-content/fonts/droid-sans/SlGVmQWMvZQIdix7AFxXkHNSbQ.woff2 HTTP/2.0" 200 21247 "https://gebaeudetechnik.b-cdn.net/" "Mozilla/5.0 AppleWebKit/537.36 (KHTML, like Gecko; compatible; bingbot/2.0; +http://www.bing.com/bingbot.htm) Chrome/136.0.0.0 Safari/537.36"
212.102.46.0 - - [15/Dec/2025:14:01:17 +0100] "GET /wp-content/themes/busiprof-pro/css/font-awesome/webfonts/fa-brands-400.woff2 HTTP/1.1" 200 117372 "https://gebaeudetechnik.b-cdn.net/" "Mozilla/5.0 AppleWebKit/537.36 (KHTML, like Gecko; compatible; bingbot/2.0; +http://www.bing.com/bingbot.htm) Chrome/136.0.0.0 Safari/537.36"
212.102.46.0 - - [15/Dec/2025:14:01:18 +0100] "GET /wp-content/themes/busiprof-pro/css/font-awesome/webfonts/fa-solid-900.woff2 HTTP/1.1" 200 156496 "https://gebaeudetechnik.b-cdn.net/" "Mozilla/5.0 AppleWebKit/537.36 (KHTML, like Gecko; compatible; bingbot/2.0; +http://www.bing.com/bingbot.htm) Chrome/136.0.0.0 Safari/537.36"
40.77.177.0 - - [15/Dec/2025:14:01:17 +0100] "GET /wp-content/plugins/easy-social-icons/css/font-awesome/webfonts/fa-brands-400.woff2 HTTP/2.0" 200 117881 "https://www.gebaeudetechnik.nrw/technische-wartung-in-gebaeuden/" "Mozilla/5.0 AppleWebKit/537.36 (KHTML, like Gecko; compatible; bingbot/2.0; +http://www.bing.com/bingbot.htm) Chrome/136.0.0.0 Safari/537.36"
216.244.66.0 - - [15/Dec/2025:14:02:24 +0100] "GET /contao/assets/tinymce4/js/plugins/?C=S;O=A HTTP/1.1" 200 4576 "-" "Mozilla/5.0 (compatible; DotBot/1.2; +https://opensiteexplorer.org/dotbot; help@moz.com)"
216.244.66.0 - - [15/Dec/2025:14:02:29 +0100] "GET /contao/vendor/lexik/maintenance-bundle/Tests/?C=D;O=A HTTP/1.1" 200 1656 "-" "Mozilla/5.0 (compatible; DotBot/1.2; +https://opensiteexplorer.org/dotbot; help@moz.com)"
216.244.66.0 - - [15/Dec/2025:14:02:33 +0100] "GET /contao/vendor/nelmio/security-bundle/Controller/?C=M;O=A HTTP/1.1" 200 1036 "-" "Mozilla/5.0 (compatible; DotBot/1.2; +https://opensiteexplorer.org/dotbot; help@moz.com)"
34.73.197.0 - - [15/Dec/2025:14:02:33 +0100] "{ \"id\": 1, \"method\": \"server.banner\", \"params\": [] }\n" 400 226 "-" "-"
34.73.197.0 - - [15/Dec/2025:14:02:33 +0100] "GET /getcmd HTTP/1.1" 200 1828 "-" "Mozilla/5.0 (Windows NT 10.0; Win64; x64) AppleWebKit/537.36 (KHTML, like Gecko) Chrome/70.0.3538.77 Safari/537.36"
34.73.197.0 - - [15/Dec/2025:14:02:33 +0100] "GET / HTTP/1.1" 503 4469 "-" "Mozilla/5.0 (Windows NT 10.0; Win64; x64) AppleWebKit/537.36 (KHTML, like Gecko) Chrome/70.0.3538.77 Safari/537.36"
34.73.197.0 - - [15/Dec/2025:14:02:33 +0100] "GET / HTTP/1.1" 503 1828 "-" "Mozilla/5.0 (Windows NT 10.0; Win64; x64) AppleWebKit/537.36 (KHTML, like Gecko) Chrome/70.0.3538.77 Safari/537.36"
216.244.66.0 - - [15/Dec/2025:14:02:36 +0100] "GET /contao/vendor/symfony/http-client-contracts/Exception/?C=S;O=A HTTP/1.1" 200 2693 "-" "Mozilla/5.0 (compatible; DotBot/1.2; +https://opensiteexplorer.org/dotbot; help@moz.com)"
216.244.66.0 - - [15/Dec/2025:14:03:04 +0100] "GET /contao/vendor/symfony-cmf/routing/src/?C=D;O=A HTTP/1.1" 200 5999 "-" "Mozilla/5.0 (compatible; DotBot/1.2; +https://opensiteexplorer.org/dotbot; help@moz.com)"
216.244.66.0 - - [15/Dec/2025:14:03:06 +0100] "GET /contao/vendor/symfony/finder/Comparator/?C=M;O=A HTTP/1.1" 200 1434 "-" "Mozilla/5.0 (compatible; DotBot/1.2; +https://opensiteexplorer.org/dotbot; help@moz.com)"
66.249.75.0 - - [15/Dec/2025:14:03:11 +0100] "GET /?p=2202 HTTP/1.1" 301 - "-" "Mozilla/5.0 (Linux; Android 6.0.1; Nexus 5X Build/MMB29P) AppleWebKit/537.36 (KHTML, like Gecko) Chrome/141.0.7390.122 Mobile Safari/537.36 (compatible; Googlebot/2.1; +http://www.google.com/bot.html)"
185.111.111.0 - - [15/Dec/2025:14:03:12 +0100] "GET /wp-content/themes/busiprof-pro/print.css HTTP/1.1" 404 2655 "-" "WordPress/6.8.3; https://www.gebaeudetechnik.nrw"
66.249.75.0 - - [15/Dec/2025:14:03:12 +0100] "GET /trockenbauarbeiten/ HTTP/1.1" 200 47651 "-" "Mozilla/5.0 (Linux; Android 6.0.1; Nexus 5X Build/MMB29P) AppleWebKit/537.36 (KHTML, like Gecko) Chrome/141.0.7390.122 Mobile Safari/537.36 (compatible; Googlebot/2.1; +http://www.google.com/bot.html)"
66.249.75.0 - - [15/Dec/2025:14:03:15 +0100] "GET /wp-content/plugins/borlabs-cookie/assets/javascript/vue.a860ubM6.min.js HTTP/1.1" 200 30365 "https://www.gebaeudetechnik.nrw/wp-content/plugins/borlabs-cookie/assets/javascript/borlabs-cookie.min.js?ver=3.3.22" "Mozilla/5.0 (Linux; Android 6.0.1; Nexus 5X Build/MMB29P) AppleWebKit/537.36 (KHTML, like Gecko) Chrome/141.0.7390.122 Mobile Safari/537.36 (compatible; Googlebot/2.1; +http://www.google.com/bot.html)"
185.111.111.0 - - [15/Dec/2025:14:03:15 +0100] "GET /wp-content/cache/autoptimize/autoptimize_single_3d5bf56970b9d69bc623794ceffae744.php HTTP/1.1" 301 320 "https://www.gebaeudetechnik.nrw/" "Mozilla/5.0 (Linux; Android 6.0.1; Nexus 5X Build/MMB29P) AppleWebKit/537.36 (KHTML, like Gecko) Chrome/141.0.7390.122 Mobile Safari/537.36 (compatible; Googlebot/2.1; +http://www.google.com/bot.html)"
185.111.111.0 - - [15/Dec/2025:14:03:15 +0100] "GET /wp-content/cache/autoptimize/autoptimize_single_994e55a4bcfbf4e0e8b1c1d7494fb679.php HTTP/1.1" 301 320 "https://www.gebaeudetechnik.nrw/" "Mozilla/5.0 (Linux; Android 6.0.1; Nexus 5X Build/MMB29P) AppleWebKit/537.36 (KHTML, like Gecko) Chrome/141.0.7390.122 Mobile Safari/537.36 (compatible; Googlebot/2.1; +http://www.google.com/bot.html)"
66.249.72.0 - - [15/Dec/2025:14:03:17 +0100] "GET /wp-content/cache/autoptimize/autoptimize_single_5aa421d9e9afa106dddc9a386ef9ac83.php?ver=1749121413&cached=1 HTTP/1.1" 200 1365 "https://www.gebaeudetechnik.nrw/" "Mozilla/5.0 (Linux; Android 6.0.1; Nexus 5X Build/MMB29P) AppleWebKit/537.36 (KHTML, like Gecko) Chrome/141.0.7390.122 Mobile Safari/537.36 (compatible; Googlebot/2.1; +http://www.google.com/bot.html)"
185.111.111.0 - - [15/Dec/2025:14:03:17 +0100] "GET /wp-content/themes/busiprof-pro/print.css HTTP/1.1" 404 2655 "-" "WordPress/6.8.3; https://www.gebaeudetechnik.nrw"
2a01:238:43f8:5f00:: - - [15/Dec/2025:14:03:17 +0100] "GET /?wp_scrape_key=c9bdbbcc13f181e1c72bfa0098c45dc7&wp_scrape_nonce=1765803795 HTTP/1.1" 200 49489 "-" "WordPress/6.8.3; https://www.gebaeudetechnik.nrw"
38.142.94.0 - - [15/Dec/2025:14:03:21 +0100] "GET /wp-content/themes/busiprof-pro/js/themename.js HTTP/1.1" 404 2862 "https://www.gebaeudetechnik.nrw/" "Mozilla/5.0 (Linux; Android 6.0.1; Nexus 5X Build/MMB29P) AppleWebKit/537.36 (KHTML, like Gecko) Chrome/141.0.7390.122 Mobile Safari/537.36 (compatible; Googlebot/2.1; +http://www.google.com/bot.html)"
2a01:238:43f8:5f00:: - - [15/Dec/2025:14:03:11 +0100] "POST /wp-cron.php?doing_wp_cron=1765803791.4260840415954589843750 HTTP/1.1" 200 - "-" "J4qJpf5h9Bry"
216.244.66.0 - - [15/Dec/2025:14:03:28 +0100] "GET /contao/vendor/contao/news-bundle/src/Resources/ HTTP/1.1" 200 1422 "-" "Mozilla/5.0 (compatible; DotBot/1.2; +https://opensiteexplorer.org/dotbot; help@moz.com)"
91.201.113.0 - - [15/Dec/2025:14:03:53 +0100] "GET /reports/usage_202511.html HTTP/1.0" 200 94062 "https://vykup-auto-prm.ru/" "Mozilla/5.0 (Windows NT 10.0; Win64; x64) AppleWebKit/537.36 (KHTML, like Gecko) Chrome/130.0.0.0 Safari/537.36"
91.201.113.0 - - [15/Dec/2025:14:03:56 +0100] "GET /reports/usage_202511.html HTTP/1.0" 200 94062 "https://vykup-auto-prm.ru/" "Mozilla/5.0 (Windows NT 10.0; Win64; x64) AppleWebKit/537.36 (KHTML, like Gecko) Chrome/130.0.0.0 Safari/537.36 CCleaner/130.0.0.0"
91.201.113.0 - - [15/Dec/2025:14:03:58 +0100] "GET /reports/usage_202511.html HTTP/1.0" 200 94062 "https://vykup-auto-prm.ru/" "Mozilla/5.0 (Windows NT 10.0; Win64; x64) AppleWebKit/537.36 (KHTML, like Gecko) Chrome/129.0.0.0 Safari/537.36"
47.82.11.0 - - [15/Dec/2025:14:04:02 +0100] "GET /contao/vendor/symfony/monolog-bridge/Handler HTTP/1.1" 301 274 "http://81.169.210.35/" "Mozilla/5.0 (Macintosh; Intel Mac OS X 10_15_7) AppleWebKit/537.36 (KHTML, like Gecko) Chrome/133.0.0.0 Safari/537.36"
47.82.11.0 - - [15/Dec/2025:14:04:02 +0100] "GET /contao/vendor/symfony/monolog-bridge/Handler/ HTTP/1.1" 200 594 "http://81.169.210.35/" "Mozilla/5.0 (Macintosh; Intel Mac OS X 10_15_7) AppleWebKit/537.36 (KHTML, like Gecko) Chrome/133.0.0.0 Safari/537.36"
216.244.66.0 - - [15/Dec/2025:14:05:41 +0100] "GET /contao/vendor/symfony/console/Resources/bin/ HTTP/1.1" 200 1007 "-" "Mozilla/5.0 (compatible; DotBot/1.2; +https://opensiteexplorer.org/dotbot; help@moz.com)"
91.201.113.0 - - [15/Dec/2025:14:07:27 +0100] "GET /reports/usage_202511.html HTTP/1.0" 200 94062 "https://vykup-auto-prm.ru/" "Mozilla/5.0 (Windows NT 10.0; Win64; x64) AppleWebKit/537.36 (KHTML, like Gecko) Chrome/131.0.0.0 Safari/537.36"
91.201.113.0 - - [15/Dec/2025:14:07:29 +0100] "GET /reports/usage_202511.html HTTP/1.0" 200 94062 "https://vykup-auto-prm.ru/" "Mozilla/5.0 (Windows NT 10.0; Win64; x64) AppleWebKit/537.36 (KHTML, like Gecko) Chrome/131.0.0.0 Safari/537.36 Avast/131.0.0.0"
91.201.113.0 - - [15/Dec/2025:14:07:31 +0100] "GET /reports/usage_202511.html HTTP/1.0" 200 94062 "https://vykup-auto-prm.ru/" "Mozilla/5.0 (Windows NT 10.0; Win64; x64) AppleWebKit/537.36 (KHTML, like Gecko) Chrome/129.0.0.0 Safari/537.36"
216.244.66.0 - - [15/Dec/2025:14:07:34 +0100] "GET /contao/system/themes/flexible/icons/regular_6.svg HTTP/1.1" 200 3335 "-" "Mozilla/5.0 (compatible; DotBot/1.2; +https://opensiteexplorer.org/dotbot; help@moz.com)"
216.244.66.0 - - [15/Dec/2025:14:07:35 +0100] "GET /contao/vendor/dragonmantank/cron-expression/?C=D;O=D HTTP/1.1" 200 5055 "-" "Mozilla/5.0 (compatible; DotBot/1.2; +https://opensiteexplorer.org/dotbot; help@moz.com)"
216.244.66.0 - - [15/Dec/2025:14:07:37 +0100] "GET /contao/vendor/toflar/psr6-symfony-http-cache-store/?C=N;O=A HTTP/1.1" 200 10620 "-" "Mozilla/5.0 (compatible; DotBot/1.2; +https://opensiteexplorer.org/dotbot; help@moz.com)"
43.165.67.0 - - [15/Dec/2025:14:09:23 +0100] "GET / HTTP/1.1" 301 233 "-" "Mozilla/5.0 (iPhone; CPU iPhone OS 13_2_3 like Mac OS X) AppleWebKit/605.1.15 (KHTML, like Gecko) Version/13.0.3 Mobile/15E148 Safari/604.1"
185.111.111.0 - - [15/Dec/2025:14:09:29 +0100] "GET /wp-content/themes/busiprof-pro/print.css HTTP/1.1" 404 2655 "-" "WordPress/6.8.3; https://www.gebaeudetechnik.nrw"
43.165.67.0 - - [15/Dec/2025:14:09:23 +0100] "GET / HTTP/1.1" 200 49448 "http://www.gdb-bonn.com" "Mozilla/5.0 (iPhone; CPU iPhone OS 13_2_3 like Mac OS X) AppleWebKit/605.1.15 (KHTML, like Gecko) Version/13.0.3 Mobile/15E148 Safari/604.1"
185.111.111.0 - - [15/Dec/2025:14:09:38 +0100] "GET /wp-content/themes/busiprof-pro/print.css HTTP/1.1" 404 2655 "-" "WordPress/6.8.3; https://www.gebaeudetechnik.nrw"
188.34.160.0 - - [15/Dec/2025:14:09:38 +0100] "GET / HTTP/1.1" 200 259547 "-" "Mozilla/5.0 (Macintosh; Intel Mac OS X 10_15_7) AppleWebKit/537.36 (KHTML, like Gecko) Chrome/108.0.0.0 Safari/537.36"
43.153.54.0 - - [15/Dec/2025:14:09:58 +0100] "GET / HTTP/1.1" 200 730 "-" "Mozilla/5.0 (iPhone; CPU iPhone OS 13_2_3 like Mac OS X) AppleWebKit/605.1.15 (KHTML, like Gecko) Version/13.0.3 Mobile/15E148 Safari/604.1"
157.245.209.0 - - [15/Dec/2025:14:10:38 +0100] "GET /admin/config.php HTTP/1.0" 404 2563 "-" "xfa1,nvdorz,nvd0rz"
91.201.113.0 - - [15/Dec/2025:14:11:02 +0100] "GET /reports/usage_202511.html HTTP/1.0" 200 94062 "https://vykup-auto-prm.ru/" "Mozilla/5.0 (Windows NT 10.0; Win64; x64) AppleWebKit/537.36 (KHTML, like Gecko) Chrome/130.0.0.0 Safari/537.36 CCleaner/130.0.0.0"
91.201.113.0 - - [15/Dec/2025:14:11:04 +0100] "GET /reports/usage_202511.html HTTP/1.0" 200 94062 "https://vykup-auto-prm.ru/" "Mozilla/5.0 (Windows NT 10.0; Win64; x64) AppleWebKit/537.36 (KHTML, like Gecko) Chrome/131.0.0.0 Safari/537.36 Avast/131.0.0.0"
91.201.113.0 - - [15/Dec/2025:14:11:06 +0100] "GET /reports/usage_202511.html HTTP/1.0" 200 94062 "https://vykup-auto-prm.ru/" "Mozilla/5.0 (Windows NT 10.0; Win64; x64) AppleWebKit/537.36 (KHTML, like Gecko) Chrome/130.0.0.0 Safari/537.36"
93.174.93.0 - - [15/Dec/2025:14:12:19 +0100] "\x16\x03\x02\x01o\x01" 400 226 "-" "-"
91.201.113.0 - - [15/Dec/2025:14:14:36 +0100] "GET /reports/usage_202511.html HTTP/1.0" 200 94062 "https://vykup-auto-prm.ru/" "Mozilla/5.0 (Windows NT 10.0; Win64; x64) AppleWebKit/537.36 (KHTML, like Gecko) Chrome/130.0.0.0 Safari/537.36"
91.201.113.0 - - [15/Dec/2025:14:14:38 +0100] "GET /reports/usage_202511.html HTTP/1.0" 200 94062 "https://vykup-auto-prm.ru/" "Mozilla/5.0 (Windows NT 10.0; Win64; x64) AppleWebKit/537.36 (KHTML, like Gecko) Chrome/131.0.0.0 Safari/537.36"
91.201.113.0 - - [15/Dec/2025:14:14:40 +0100] "GET /reports/usage_202511.html HTTP/1.0" 200 94062 "https://vykup-auto-prm.ru/" "Mozilla/5.0 (Windows NT 10.0; Win64; x64) AppleWebKit/537.36 (KHTML, like Gecko) Chrome/129.0.0.0 Safari/537.36"
43.153.10.0 - - [15/Dec/2025:14:18:07 +0100] "GET / HTTP/1.1" 301 240 "-" "Mozilla/5.0 (iPhone; CPU iPhone OS 13_2_3 like Mac OS X) AppleWebKit/605.1.15 (KHTML, like Gecko) Version/13.0.3 Mobile/15E148 Safari/604.1"
2a01:238:43f8:5f00:: - - [15/Dec/2025:14:18:10 +0100] "POST /wp-cron.php?doing_wp_cron=1765804689.9406399726867675781250 HTTP/1.1" 200 - "-" "0SCi6pG0OWSJ"
185.111.111.0 - - [15/Dec/2025:14:18:10 +0100] "GET /wp-content/themes/busiprof-pro/print.css HTTP/1.1" 404 2655 "-" "WordPress/6.8.3; https://www.gebaeudetechnik.nrw"
43.153.10.0 - - [15/Dec/2025:14:18:09 +0100] "GET / HTTP/1.1" 200 49429 "http://www.gebaeudetechnik.nrw" "Mozilla/5.0 (iPhone; CPU iPhone OS 13_2_3 like Mac OS X) AppleWebKit/605.1.15 (KHTML, like Gecko) Version/13.0.3 Mobile/15E148 Safari/604.1"
91.201.113.0 - - [15/Dec/2025:14:18:11 +0100] "GET /reports/usage_202511.html HTTP/1.0" 200 94062 "https://vykup-auto-prm.ru/" "Mozilla/5.0 (Windows NT 10.0; Win64; x64) AppleWebKit/537.36 (KHTML, like Gecko) Chrome/131.0.0.0 Safari/537.36 Avast/131.0.0.0"
91.201.113.0 - - [15/Dec/2025:14:18:14 +0100] "GET /reports/usage_202511.html HTTP/1.0" 200 94062 "https://vykup-auto-prm.ru/" "Mozilla/5.0 (Windows NT 10.0; Win64; x64) AppleWebKit/537.36 (KHTML, like Gecko) Chrome/131.0.0.0 Safari/537.36 Avast/131.0.0.0"
91.201.113.0 - - [15/Dec/2025:14:18:16 +0100] "GET /reports/usage_202511.html HTTP/1.0" 200 94062 "https://vykup-auto-prm.ru/" "Mozilla/5.0 (Windows NT 10.0; Win64; x64) AppleWebKit/537.36 (KHTML, like Gecko) Chrome/130.0.0.0 Safari/537.36"
185.111.111.0 - - [15/Dec/2025:14:19:35 +0100] "GET /phpinfo.php HTTP/1.1" 301 247 "-" "Mozilla/5.0 (Windows NT 10.0; Win64; x64) AppleWebKit/537.36 (KHTML, like Gecko) Chrome/91.0.4472.124 Safari/537.36"
45.86.202.0 - - [15/Dec/2025:14:19:39 +0100] "GET /phpinfo.php HTTP/2.0" 403 2638 "http://cdn.gebaeudetechnik.nrw/phpinfo.php" "Mozilla/5.0 (Windows NT 10.0; Win64; x64) AppleWebKit/537.36 (KHTML, like Gecko) Chrome/91.0.4472.124 Safari/537.36"
44.205.120.0 - - [15/Dec/2025:14:19:40 +0100] "GET /contao/var/cache/prod/ContainerKFBHRrE/getSecurity_AccessMapService.php HTTP/1.1" 500 - "-" "Mozilla/5.0 AppleWebKit/537.36 (KHTML, like Gecko; compatible; Amazonbot/0.1; +https://developer.amazon.com/support/amazonbot) Chrome/119.0.6045.214 Safari/537.36"
185.111.111.0 - - [15/Dec/2025:14:19:41 +0100] "GET /test.php HTTP/1.1" 301 244 "-" "Mozilla/5.0 (X11; Linux x86_64) AppleWebKit/537.36 (KHTML, like Gecko) Chrome/91.0.4472.124 Safari/537.36"
2a01:238:43f8:5f00:: - - [15/Dec/2025:14:19:43 +0100] "POST /wp-cron.php?doing_wp_cron=1765804783.7255079746246337890625 HTTP/1.1" 200 - "-" "FHwdmZ7jcgt9"
45.86.202.0 - - [15/Dec/2025:14:19:43 +0100] "GET /test.php HTTP/2.0" 200 - "http://cdn.gebaeudetechnik.nrw/test.php" "Mozilla/5.0 (X11; Linux x86_64) AppleWebKit/537.36 (KHTML, like Gecko) Chrome/91.0.4472.124 Safari/537.36"
34.225.24.0 - - [15/Dec/2025:14:19:45 +0100] "GET /contao/var/cache/prod/ContainerKFBHRrE/getRouting_LoaderService.php HTTP/1.1" 500 - "-" "Mozilla/5.0 AppleWebKit/537.36 (KHTML, like Gecko; compatible; Amazonbot/0.1; +https://developer.amazon.com/support/amazonbot) Chrome/119.0.6045.214 Safari/537.36"
185.111.111.0 - - [15/Dec/2025:14:19:46 +0100] "GET /wp-content/themes/busiprof-pro/print.css HTTP/1.1" 404 2655 "-" "WordPress/6.8.3; https://www.gebaeudetechnik.nrw"
45.86.202.0 - - [15/Dec/2025:14:19:46 +0100] "GET /test.php HTTP/2.0" 200 43756 "https://gebaeudetechnik.nrw/test.php" "Mozilla/5.0 (X11; Linux x86_64) AppleWebKit/537.36 (KHTML, like Gecko) Chrome/91.0.4472.124 Safari/537.36"
185.111.111.0 - - [15/Dec/2025:14:19:49 +0100] "GET /_profiler/phpinfo HTTP/1.1" 301 253 "-" "Mozilla/5.0 (X11; Linux x86_64) AppleWebKit/537.36 (KHTML, like Gecko) Chrome/91.0.4472.124 Safari/537.36"
54.159.98.0 - - [15/Dec/2025:14:19:49 +0100] "GET /contao/vendor/doctrine/orm/lib/Doctrine/ORM/Cache/Region/ HTTP/1.1" 200 519 "-" "Mozilla/5.0 AppleWebKit/537.36 (KHTML, like Gecko; compatible; Amazonbot/0.1; +https://developer.amazon.com/support/amazonbot) Chrome/119.0.6045.214 Safari/537.36"
3.208.146.0 - - [15/Dec/2025:14:19:53 +0100] "GET /contao/var/cache/prod/ContainerKFBHRrE/getCache_GlobalClearerService.php HTTP/1.1" 500 - "-" "Mozilla/5.0 AppleWebKit/537.36 (KHTML, like Gecko; compatible; Amazonbot/0.1; +https://developer.amazon.com/support/amazonbot) Chrome/119.0.6045.214 Safari/537.36"
45.86.202.0 - - [15/Dec/2025:14:19:54 +0100] "GET /_profiler/phpinfo HTTP/2.0" 200 - "http://cdn.gebaeudetechnik.nrw/_profiler/phpinfo" "Mozilla/5.0 (X11; Linux x86_64) AppleWebKit/537.36 (KHTML, like Gecko) Chrome/91.0.4472.124 Safari/537.36"
54.145.82.0 - - [15/Dec/2025:14:19:56 +0100] "GET /contao/var/cache/prod/ContainerKFBHRrE/getDoctrine_QuerySqlCommandService.php HTTP/1.1" 500 - "-" "Mozilla/5.0 AppleWebKit/537.36 (KHTML, like Gecko; compatible; Amazonbot/0.1; +https://developer.amazon.com/support/amazonbot) Chrome/119.0.6045.214 Safari/537.36"
185.111.111.0 - - [15/Dec/2025:14:19:58 +0100] "GET /info.php HTTP/1.1" 301 244 "-" "Mozilla/5.0 (Macintosh; Intel Mac OS X 10_15_7) AppleWebKit/537.36 (KHTML, like Gecko) Chrome/91.0.4472.124 Safari/537.36"
3.221.244.0 - - [15/Dec/2025:14:20:01 +0100] "GET /contao/var/cache/prod/ContainerKFBHRrE/getDoctrineCache_Providers_DoctrineQueryCacheService.php HTTP/1.1" 500 - "-" "Mozilla/5.0 AppleWebKit/537.36 (KHTML, like Gecko; compatible; Amazonbot/0.1; +https://developer.amazon.com/support/amazonbot) Chrome/119.0.6045.214 Safari/537.36"
45.86.202.0 - - [15/Dec/2025:14:20:02 +0100] "GET /info.php HTTP/2.0" 200 27666 "http://cdn.gebaeudetechnik.nrw/info.php" "Mozilla/5.0 (Macintosh; Intel Mac OS X 10_15_7) AppleWebKit/537.36 (KHTML, like Gecko) Chrome/91.0.4472.124 Safari/537.36"
52.204.71.0 - - [15/Dec/2025:14:20:04 +0100] "GET /contao/var/cache/prod/ContainerKFBHRrE/getContao_Picker_BuilderService.php HTTP/1.1" 500 - "-" "Mozilla/5.0 AppleWebKit/537.36 (KHTML, like Gecko; compatible; Amazonbot/0.1; +https://developer.amazon.com/support/amazonbot) Chrome/119.0.6045.214 Safari/537.36"
185.111.111.0 - - [15/Dec/2025:14:20:05 +0100] "GET /php.php HTTP/1.1" 301 243 "-" "Mozilla/5.0 (Macintosh; Intel Mac OS X 10_15_7) AppleWebKit/537.36 (KHTML, like Gecko) Chrome/91.0.4472.124 Safari/537.36"
45.86.202.0 - - [15/Dec/2025:14:20:07 +0100] "GET /php.php HTTP/2.0" 200 - "http://cdn.gebaeudetechnik.nrw/php.php" "Mozilla/5.0 (Macintosh; Intel Mac OS X 10_15_7) AppleWebKit/537.36 (KHTML, like Gecko) Chrome/91.0.4472.124 Safari/537.36"
185.111.111.0 - - [15/Dec/2025:14:20:07 +0100] "GET /wp-content/themes/busiprof-pro/print.css HTTP/1.1" 404 2655 "-" "WordPress/6.8.3; https://www.gebaeudetechnik.nrw"
45.86.202.0 - - [15/Dec/2025:14:20:07 +0100] "GET /php.php HTTP/2.0" 200 43756 "https://gebaeudetechnik.nrw/php.php" "Mozilla/5.0 (Macintosh; Intel Mac OS X 10_15_7) AppleWebKit/537.36 (KHTML, like Gecko) Chrome/91.0.4472.124 Safari/537.36"
185.111.111.0 - - [15/Dec/2025:14:20:09 +0100] "GET /php_info.php HTTP/1.1" 301 248 "-" "Mozilla/5.0 (Windows NT 10.0; Win64; x64) AppleWebKit/537.36 (KHTML, like Gecko) Chrome/91.0.4472.124 Safari/537.36"
23.21.204.0 - - [15/Dec/2025:14:20:09 +0100] "GET /contao/vendor/ocramius/proxy-manager/src/ProxyManager/ProxyGenerator/Util/PublicScopeSimulator.php HTTP/1.1" 200 - "-" "Mozilla/5.0 AppleWebKit/537.36 (KHTML, like Gecko; compatible; Amazonbot/0.1; +https://developer.amazon.com/support/amazonbot) Chrome/119.0.6045.214 Safari/537.36"
45.86.202.0 - - [15/Dec/2025:14:20:11 +0100] "GET /php_info.php HTTP/2.0" 200 - "http://cdn.gebaeudetechnik.nrw/php_info.php" "Mozilla/5.0 (Windows NT 10.0; Win64; x64) AppleWebKit/537.36 (KHTML, like Gecko) Chrome/91.0.4472.124 Safari/537.36"
37.202.73.0 - - [15/Dec/2025:14:20:12 +0100] "GET http://81.169.210.35/contao/web HTTP/1.1" 301 240 "http://81.169.210.35/" "Mozilla/5.0 (Windows NT 10.0; Win64; x64) AppleWebKit/537.36 (KHTML, like Gecko) Chrome/134.0.0.0 Safari/537.36 Edg/134.0.0.0"
3.224.215.0 - - [15/Dec/2025:14:20:13 +0100] "GET /contao/vendor/doctrine/dbal/lib/Doctrine/DBAL/Cache/CacheException.php HTTP/1.1" 500 - "-" "Mozilla/5.0 AppleWebKit/537.36 (KHTML, like Gecko; compatible; Amazonbot/0.1; +https://developer.amazon.com/support/amazonbot) Chrome/119.0.6045.214 Safari/537.36"
181.41.254.0 - - [15/Dec/2025:14:20:14 +0100] "GET http://81.169.210.35/contao/web/ HTTP/1.1" 200 519 "http://81.169.210.35/" "Mozilla/5.0 (Windows NT 10.0; Win64; x64) AppleWebKit/537.36 (KHTML, like Gecko) Chrome/134.0.0.0 Safari/537.36 Edg/134.0.0.0"
3.211.105.0 - - [15/Dec/2025:14:20:16 +0100] "GET /contao/vendor/league/uri-hostname-parser/src/Installer/ HTTP/1.1" 200 448 "-" "Mozilla/5.0 AppleWebKit/537.36 (KHTML, like Gecko; compatible; Amazonbot/0.1; +https://developer.amazon.com/support/amazonbot) Chrome/119.0.6045.214 Safari/537.36"
45.86.202.0 - - [15/Dec/2025:14:20:11 +0100] "GET /php_info.php HTTP/2.0" 200 43756 "https://gebaeudetechnik.nrw/php_info.php" "Mozilla/5.0 (Windows NT 10.0; Win64; x64) AppleWebKit/537.36 (KHTML, like Gecko) Chrome/91.0.4472.124 Safari/537.36"
185.111.111.0 - - [15/Dec/2025:14:20:18 +0100] "GET /i.php HTTP/1.1" 301 241 "-" "Mozilla/5.0 (Windows NT 10.0; Win64; x64) AppleWebKit/537.36 (KHTML, like Gecko) Chrome/91.0.4472.124 Safari/537.36"
44.216.172.0 - - [15/Dec/2025:14:20:21 +0100] "GET /contao/vendor/contao/core-bundle/src/Resources/contao/modules/ModuleBooknav.php HTTP/1.1" 500 - "-" "Mozilla/5.0 AppleWebKit/537.36 (KHTML, like Gecko; compatible; Amazonbot/0.1; +https://developer.amazon.com/support/amazonbot) Chrome/119.0.6045.214 Safari/537.36"
2a01:238:43f8:5f00:: - - [15/Dec/2025:14:20:21 +0100] "POST /wp-cron.php?doing_wp_cron=1765804821.9271509647369384765625 HTTP/1.1" 200 - "-" "sUr5AIv0gHIm"
45.86.202.0 - - [15/Dec/2025:14:20:21 +0100] "GET /i.php HTTP/2.0" 200 - "http://cdn.gebaeudetechnik.nrw/i.php" "Mozilla/5.0 (Windows NT 10.0; Win64; x64) AppleWebKit/537.36 (KHTML, like Gecko) Chrome/91.0.4472.124 Safari/537.36"
185.111.111.0 - - [15/Dec/2025:14:20:23 +0100] "GET /wp-content/themes/busiprof-pro/print.css HTTP/1.1" 404 2655 "-" "WordPress/6.8.3; https://www.gebaeudetechnik.nrw"
45.86.202.0 - - [15/Dec/2025:14:20:23 +0100] "GET /i.php HTTP/2.0" 200 43756 "https://gebaeudetechnik.nrw/i.php" "Mozilla/5.0 (Windows NT 10.0; Win64; x64) AppleWebKit/537.36 (KHTML, like Gecko) Chrome/91.0.4472.124 Safari/537.36"
3.213.106.0 - - [15/Dec/2025:14:20:24 +0100] "GET /contao/vendor/swiftmailer/swiftmailer/doc/index.rst HTTP/1.1" 200 115 "-" "Mozilla/5.0 AppleWebKit/537.36 (KHTML, like Gecko; compatible; Amazonbot/0.1; +https://developer.amazon.com/support/amazonbot) Chrome/119.0.6045.214 Safari/537.36"
185.111.111.0 - - [15/Dec/2025:14:20:25 +0100] "GET /pi.php HTTP/1.1" 301 242 "-" "Mozilla/5.0 (Windows NT 10.0; Win64; x64) AppleWebKit/537.36 (KHTML, like Gecko) Chrome/91.0.4472.124 Safari/537.36"
45.86.202.0 - - [15/Dec/2025:14:20:28 +0100] "GET /pi.php HTTP/2.0" 200 - "http://cdn.gebaeudetechnik.nrw/pi.php" "Mozilla/5.0 (Windows NT 10.0; Win64; x64) AppleWebKit/537.36 (KHTML, like Gecko) Chrome/91.0.4472.124 Safari/537.36"
185.111.111.0 - - [15/Dec/2025:14:20:29 +0100] "GET /wp-content/themes/busiprof-pro/print.css HTTP/1.1" 404 2655 "-" "WordPress/6.8.3; https://www.gebaeudetechnik.nrw"
45.86.202.0 - - [15/Dec/2025:14:20:28 +0100] "GET /pi.php HTTP/2.0" 200 43756 "https://gebaeudetechnik.nrw/pi.php" "Mozilla/5.0 (Windows NT 10.0; Win64; x64) AppleWebKit/537.36 (KHTML, like Gecko) Chrome/91.0.4472.124 Safari/537.36"
184.72.95.0 - - [15/Dec/2025:14:20:29 +0100] "GET /contao/var/cache/prod/ContainerKFBHRrE/get_ServiceLocator_Mt6FK0zService.php HTTP/1.1" 500 - "-" "Mozilla/5.0 AppleWebKit/537.36 (KHTML, like Gecko; compatible; Amazonbot/0.1; +https://developer.amazon.com/support/amazonbot) Chrome/119.0.6045.214 Safari/537.36"
54.152.163.0 - - [15/Dec/2025:14:20:32 +0100] "GET /contao/vendor/doctrine/dbal/lib/Doctrine/DBAL/Event/Listeners/ HTTP/1.1" 200 491 "-" "Mozilla/5.0 AppleWebKit/537.36 (KHTML, like Gecko; compatible; Amazonbot/0.1; +https://developer.amazon.com/support/amazonbot) Chrome/119.0.6045.214 Safari/537.36"
185.111.111.0 - - [15/Dec/2025:14:20:33 +0100] "GET / HTTP/1.1" 301 236 "-" "Mozilla/5.0 (Macintosh; Intel Mac OS X 10_15_7) AppleWebKit/537.36 (KHTML, like Gecko) Chrome/91.0.4472.124 Safari/537.36"
45.86.202.0 - - [15/Dec/2025:14:20:35 +0100] "GET / HTTP/2.0" 301 - "http://cdn.gebaeudetechnik.nrw/" "Mozilla/5.0 (Macintosh; Intel Mac OS X 10_15_7) AppleWebKit/537.36 (KHTML, like Gecko) Chrome/91.0.4472.124 Safari/537.36"
45.86.202.0 - - [15/Dec/2025:14:20:37 +0100] "GET / HTTP/2.0" 200 49427 "https://gebaeudetechnik.nrw/" "Mozilla/5.0 (Macintosh; Intel Mac OS X 10_15_7) AppleWebKit/537.36 (KHTML, like Gecko) Chrome/91.0.4472.124 Safari/537.36"
