44.213.36.0 - - [15/Dec/2025:01:02:40 +0100] "GET /contao/vendor/webignition/robots-txt-file/tests/fixtures/robots-txt-files/?C=N;O%3DD HTTP/1.1" 200 602 "-" "Mozilla/5.0 AppleWebKit/537.36 (KHTML, like Gecko; compatible; Amazonbot/0.1; +https://developer.amazon.com/support/amazonbot) Chrome/119.0.6045.214 Safari/537.36"
52.2.58.0 - - [15/Dec/2025:01:02:44 +0100] "GET /contao/vendor/contao/manager-plugin/src/Bundle/Config/?C=N;O%3DD HTTP/1.1" 200 539 "-" "Mozilla/5.0 AppleWebKit/537.36 (KHTML, like Gecko; compatible; Amazonbot/0.1; +https://developer.amazon.com/support/amazonbot) Chrome/119.0.6045.214 Safari/537.36"
52.230.92.0 - - [15/Dec/2025:01:02:47 +0100] "GET /wp-good.php HTTP/1.1" 301 247 "https://www.google.fr/" "Mozilla/5.0 (Linux; Android 12; V2134) AppleWebKit/537.36 (KHTML, like Gecko) Chrome/116.0.0.0 Mobile Safari/537.36"
18.232.11.0 - - [15/Dec/2025:01:02:48 +0100] "GET /contao/vendor/symfony-cmf/routing-bundle/src/Resources/meta/?C=N;O%3DD HTTP/1.1" 200 447 "-" "Mozilla/5.0 AppleWebKit/537.36 (KHTML, like Gecko; compatible; Amazonbot/0.1; +https://developer.amazon.com/support/amazonbot) Chrome/119.0.6045.214 Safari/537.36"
2a01:238:43f8:5f00:: - - [15/Dec/2025:01:02:48 +0100] "POST /wp-cron.php?doing_wp_cron=1765756968.1552491188049316406250 HTTP/1.1" 200 - "-" "cz5Z3bRaj8TR"
52.230.92.0 - - [15/Dec/2025:01:02:48 +0100] "GET /wp-good.php HTTP/1.1" 200 - "https://www.google.fr/" "Mozilla/5.0 (Linux; Android 12; V2134) AppleWebKit/537.36 (KHTML, like Gecko) Chrome/116.0.0.0 Mobile Safari/537.36"
185.111.111.0 - - [15/Dec/2025:01:02:49 +0100] "GET /wp-content/themes/busiprof-pro/print.css HTTP/1.1" 404 2655 "-" "WordPress/6.8.3; https://www.gebaeudetechnik.nrw"
52.230.92.0 - - [15/Dec/2025:01:02:49 +0100] "GET /wp-good.php HTTP/1.1" 200 237751 "https://www.google.fr/" "Mozilla/5.0 (Linux; Android 12; V2134) AppleWebKit/537.36 (KHTML, like Gecko) Chrome/116.0.0.0 Mobile Safari/537.36"
52.230.92.0 - - [15/Dec/2025:01:02:50 +0100] "GET /ioxi-o.php HTTP/1.1" 301 246 "https://www.google.co.uk/" "Mozilla/5.0 (Linux; Android 14; Pixel 8 Pro) AppleWebKit/537.36 (KHTML, like Gecko) Chrome/119.0.0.0 Mobile Safari/537.36"
52.230.92.0 - - [15/Dec/2025:01:02:50 +0100] "GET /ioxi-o.php HTTP/1.1" 200 - "https://www.google.co.uk/" "Mozilla/5.0 (Linux; Android 14; Pixel 8 Pro) AppleWebKit/537.36 (KHTML, like Gecko) Chrome/119.0.0.0 Mobile Safari/537.36"
185.111.111.0 - - [15/Dec/2025:01:02:51 +0100] "GET /wp-content/themes/busiprof-pro/print.css HTTP/1.1" 404 2655 "-" "WordPress/6.8.3; https://www.gebaeudetechnik.nrw"
52.230.92.0 - - [15/Dec/2025:01:02:50 +0100] "GET /ioxi-o.php HTTP/1.1" 200 237751 "https://www.google.co.uk/" "Mozilla/5.0 (Linux; Android 14; Pixel 8 Pro) AppleWebKit/537.36 (KHTML, like Gecko) Chrome/119.0.0.0 Mobile Safari/537.36"
52.230.92.0 - - [15/Dec/2025:01:02:51 +0100] "GET /file.php HTTP/1.1" 301 244 "https://www.google.fr/" "Mozilla/5.0 (iPhone; CPU iPhone OS 17_1_1 like Mac OS X) AppleWebKit/605.1.15 (KHTML, like Gecko) Version/17.1 Mobile/15E148 Safari/604.1"
52.230.92.0 - - [15/Dec/2025:01:02:51 +0100] "GET /file.php HTTP/1.1" 200 - "https://www.google.fr/" "Mozilla/5.0 (iPhone; CPU iPhone OS 17_1_1 like Mac OS X) AppleWebKit/605.1.15 (KHTML, like Gecko) Version/17.1 Mobile/15E148 Safari/604.1"
185.111.111.0 - - [15/Dec/2025:01:02:52 +0100] "GET /wp-content/themes/busiprof-pro/print.css HTTP/1.1" 404 2655 "-" "WordPress/6.8.3; https://www.gebaeudetechnik.nrw"
52.230.92.0 - - [15/Dec/2025:01:02:51 +0100] "GET /file.php HTTP/1.1" 200 237751 "https://www.google.fr/" "Mozilla/5.0 (iPhone; CPU iPhone OS 17_1_1 like Mac OS X) AppleWebKit/605.1.15 (KHTML, like Gecko) Version/17.1 Mobile/15E148 Safari/604.1"
52.230.92.0 - - [15/Dec/2025:01:02:52 +0100] "GET /wp-admin/css/colors/blue HTTP/1.1" 301 260 "https://www.google.fr/" "Mozilla/5.0 (iPhone; CPU iPhone OS 16_0 like Mac OS X) AppleWebKit/605.1.15 (KHTML, like Gecko) FxiOS/118.0 Mobile/15E148 Safari/605.1.15"
52.230.92.0 - - [15/Dec/2025:01:02:52 +0100] "GET /wp-admin/css/colors/blue HTTP/1.1" 301 261 "https://www.google.fr/" "Mozilla/5.0 (iPhone; CPU iPhone OS 16_0 like Mac OS X) AppleWebKit/605.1.15 (KHTML, like Gecko) FxiOS/118.0 Mobile/15E148 Safari/605.1.15"
52.230.92.0 - - [15/Dec/2025:01:02:52 +0100] "GET /wp-admin/css/colors/blue/ HTTP/1.1" 403 2598 "https://www.google.fr/" "Mozilla/5.0 (iPhone; CPU iPhone OS 16_0 like Mac OS X) AppleWebKit/605.1.15 (KHTML, like Gecko) FxiOS/118.0 Mobile/15E148 Safari/605.1.15"
52.230.92.0 - - [15/Dec/2025:01:02:53 +0100] "GET /wp-signin.php HTTP/1.1" 301 249 "https://www.bing.com/" "Mozilla/5.g (Linux; Android 13; Pixel 7) AppleWebKit/537.36 (KHTML, like Gecko) Chrome/116.0.0.0 Mobile Safari/537.36"
50.16.72.0 - - [15/Dec/2025:01:02:53 +0100] "GET /contao/vendor/imagine/imagine/src/resources/color.org/sRGB_IEC61966-2-1_black_scaled.icc HTTP/1.1" 200 2589 "-" "Mozilla/5.0 AppleWebKit/537.36 (KHTML, like Gecko; compatible; Amazonbot/0.1; +https://developer.amazon.com/support/amazonbot) Chrome/119.0.6045.214 Safari/537.36"
52.230.92.0 - - [15/Dec/2025:01:02:53 +0100] "GET /wp-signin.php HTTP/1.1" 200 - "https://www.bing.com/" "Mozilla/5.g (Linux; Android 13; Pixel 7) AppleWebKit/537.36 (KHTML, like Gecko) Chrome/116.0.0.0 Mobile Safari/537.36"
185.111.111.0 - - [15/Dec/2025:01:02:53 +0100] "GET /wp-content/themes/busiprof-pro/print.css HTTP/1.1" 404 2655 "-" "WordPress/6.8.3; https://www.gebaeudetechnik.nrw"
52.230.92.0 - - [15/Dec/2025:01:02:53 +0100] "GET /wp-signin.php HTTP/1.1" 200 237751 "https://www.bing.com/" "Mozilla/5.g (Linux; Android 13; Pixel 7) AppleWebKit/537.36 (KHTML, like Gecko) Chrome/116.0.0.0 Mobile Safari/537.36"
52.230.92.0 - - [15/Dec/2025:01:02:54 +0100] "GET /abcd.php HTTP/1.1" 301 244 "https://www.bing.com/" "Mozilla/5.0 (Linux; Android 11; CPH2251) AppleWebKit/537.36 (KHTML, like Gecko) Chrome/116.0.0.0 Mobile Safari/537.36"
52.230.92.0 - - [15/Dec/2025:01:02:54 +0100] "GET /abcd.php HTTP/1.1" 200 - "https://www.bing.com/" "Mozilla/5.0 (Linux; Android 11; CPH2251) AppleWebKit/537.36 (KHTML, like Gecko) Chrome/116.0.0.0 Mobile Safari/537.36"
185.111.111.0 - - [15/Dec/2025:01:02:54 +0100] "GET /wp-content/themes/busiprof-pro/print.css HTTP/1.1" 404 2655 "-" "WordPress/6.8.3; https://www.gebaeudetechnik.nrw"
52.230.92.0 - - [15/Dec/2025:01:02:54 +0100] "GET /abcd.php HTTP/1.1" 200 237751 "https://www.bing.com/" "Mozilla/5.0 (Linux; Android 11; CPH2251) AppleWebKit/537.36 (KHTML, like Gecko) Chrome/116.0.0.0 Mobile Safari/537.36"
52.230.92.0 - - [15/Dec/2025:01:02:55 +0100] "GET /wp-includes/block-bindings HTTP/1.1" 301 262 "https://www.google.de/" "Mozilla/5.0 (Linux; Android 11; CPH2251) AppleWebKit/537.36 (KHTML, like Gecko) Chrome/116.0.0.0 Mobile Safari/537.36"
52.230.92.0 - - [15/Dec/2025:01:02:55 +0100] "GET /wp-includes/block-bindings HTTP/1.1" 301 263 "https://www.google.de/" "Mozilla/5.0 (Linux; Android 11; CPH2251) AppleWebKit/537.36 (KHTML, like Gecko) Chrome/116.0.0.0 Mobile Safari/537.36"
52.230.92.0 - - [15/Dec/2025:01:02:55 +0100] "GET /wp-includes/block-bindings/ HTTP/1.1" 403 2598 "https://www.google.de/" "Mozilla/5.0 (Linux; Android 11; CPH2251) AppleWebKit/537.36 (KHTML, like Gecko) Chrome/116.0.0.0 Mobile Safari/537.36"
52.230.92.0 - - [15/Dec/2025:01:02:56 +0100] "GET /about.php HTTP/1.1" 301 245 "https://www.bing.com/" "Mozilla/5.0 (Linux; Android 14; Pixel 8 Pro) AppleWebKit/537.36 (KHTML, like Gecko) Chrome/119.0.0.0 Mobile Safari/537.36"
52.230.92.0 - - [15/Dec/2025:01:02:56 +0100] "GET /about.php HTTP/1.1" 200 - "https://www.bing.com/" "Mozilla/5.0 (Linux; Android 14; Pixel 8 Pro) AppleWebKit/537.36 (KHTML, like Gecko) Chrome/119.0.0.0 Mobile Safari/537.36"
54.163.136.0 - - [15/Dec/2025:01:02:56 +0100] "GET /contao/vendor/doctrine/orm/docs/en/reference/native-sql.rst HTTP/1.1" 200 7342 "-" "Mozilla/5.0 AppleWebKit/537.36 (KHTML, like Gecko; compatible; Amazonbot/0.1; +https://developer.amazon.com/support/amazonbot) Chrome/119.0.6045.214 Safari/537.36"
185.111.111.0 - - [15/Dec/2025:01:02:56 +0100] "GET /wp-content/themes/busiprof-pro/print.css HTTP/1.1" 404 2655 "-" "WordPress/6.8.3; https://www.gebaeudetechnik.nrw"
52.230.92.0 - - [15/Dec/2025:01:02:56 +0100] "GET /about.php HTTP/1.1" 200 237751 "https://www.bing.com/" "Mozilla/5.0 (Linux; Android 14; Pixel 8 Pro) AppleWebKit/537.36 (KHTML, like Gecko) Chrome/119.0.0.0 Mobile Safari/537.36"
52.230.92.0 - - [15/Dec/2025:01:02:57 +0100] "GET /bless.php HTTP/1.1" 301 245 "https://duckduckgo.com/" "Mozilla/5.0 (Linux; Android 11; CPH2251) AppleWebKit/537.36 (KHTML, like Gecko) Chrome/116.0.0.0 Mobile Safari/537.36"
52.230.92.0 - - [15/Dec/2025:01:02:57 +0100] "GET /bless.php HTTP/1.1" 200 - "https://duckduckgo.com/" "Mozilla/5.0 (Linux; Android 11; CPH2251) AppleWebKit/537.36 (KHTML, like Gecko) Chrome/116.0.0.0 Mobile Safari/537.36"
185.111.111.0 - - [15/Dec/2025:01:02:57 +0100] "GET /wp-content/themes/busiprof-pro/print.css HTTP/1.1" 404 2655 "-" "WordPress/6.8.3; https://www.gebaeudetechnik.nrw"
52.230.92.0 - - [15/Dec/2025:01:02:57 +0100] "GET /bless.php HTTP/1.1" 200 237751 "https://duckduckgo.com/" "Mozilla/5.0 (Linux; Android 11; CPH2251) AppleWebKit/537.36 (KHTML, like Gecko) Chrome/116.0.0.0 Mobile Safari/537.36"
52.230.92.0 - - [15/Dec/2025:01:02:58 +0100] "GET /images/install.php HTTP/1.1" 403 2596 "https://www.google.de/" "Mozilla/5.0 (iPad; CPU OS 17_0_3 like Mac OS X) AppleWebKit/605.1.15 (KHTML, like Gecko) Version/17.0.1 Mobile/15E148 Safari/604.1"
52.230.92.0 - - [15/Dec/2025:01:02:58 +0100] "GET /num.php HTTP/1.1" 301 243 "https://www.google.de/" "Mozilla/5.0 (Linux; Android 13; SM-G991U) AppleWebKit/537.36 (KHTML, like Gecko) Chrome/117.0.0.0 Mobile Safari/537.36"
52.230.92.0 - - [15/Dec/2025:01:02:58 +0100] "GET /num.php HTTP/1.1" 200 - "https://www.google.de/" "Mozilla/5.0 (Linux; Android 13; SM-G991U) AppleWebKit/537.36 (KHTML, like Gecko) Chrome/117.0.0.0 Mobile Safari/537.36"
185.111.111.0 - - [15/Dec/2025:01:02:59 +0100] "GET /wp-content/themes/busiprof-pro/print.css HTTP/1.1" 404 2655 "-" "WordPress/6.8.3; https://www.gebaeudetechnik.nrw"
52.230.92.0 - - [15/Dec/2025:01:02:59 +0100] "GET /num.php HTTP/1.1" 200 237751 "https://www.google.de/" "Mozilla/5.0 (Linux; Android 13; SM-G991U) AppleWebKit/537.36 (KHTML, like Gecko) Chrome/117.0.0.0 Mobile Safari/537.36"
52.230.92.0 - - [15/Dec/2025:01:02:59 +0100] "GET /txets.php HTTP/1.1" 301 245 "https://www.google.co.uk/" "Mozilla/5.0 (iPad; CPU OS 16_7_2 like Mac OS X) AppleWebKit/605.1.15 (KHTML, like Gecko) Version/16.6 Mobile/15E148 Safari/604.1"
52.230.92.0 - - [15/Dec/2025:01:02:59 +0100] "GET /txets.php HTTP/1.1" 200 - "https://www.google.co.uk/" "Mozilla/5.0 (iPad; CPU OS 16_7_2 like Mac OS X) AppleWebKit/605.1.15 (KHTML, like Gecko) Version/16.6 Mobile/15E148 Safari/604.1"
2001:470:1:c84:: - - [15/Dec/2025:01:03:00 +0100] "GET / HTTP/1.1" 200 729 "-" "Mozilla/5.0 (X11; Linux x86_64; rv:143.0) Gecko/20100101 Firefox/143.0"
185.111.111.0 - - [15/Dec/2025:01:03:00 +0100] "GET /wp-content/themes/busiprof-pro/print.css HTTP/1.1" 404 2655 "-" "WordPress/6.8.3; https://www.gebaeudetechnik.nrw"
52.230.92.0 - - [15/Dec/2025:01:03:00 +0100] "GET /txets.php HTTP/1.1" 200 237751 "https://www.google.co.uk/" "Mozilla/5.0 (iPad; CPU OS 16_7_2 like Mac OS X) AppleWebKit/605.1.15 (KHTML, like Gecko) Version/16.6 Mobile/15E148 Safari/604.1"
54.210.155.0 - - [15/Dec/2025:01:03:00 +0100] "GET /contao/vendor/twig/twig/src/Profiler/?C=M;O%3DD HTTP/1.1" 200 485 "-" "Mozilla/5.0 AppleWebKit/537.36 (KHTML, like Gecko; compatible; Amazonbot/0.1; +https://developer.amazon.com/support/amazonbot) Chrome/119.0.6045.214 Safari/537.36"
52.230.92.0 - - [15/Dec/2025:01:03:00 +0100] "GET /wp-blog.php HTTP/1.1" 301 247 "https://www.bing.com/" "Mozilla/5.0 (Linux; Android 13; SM-S908E) AppleWebKit/537.36 (KHTML, like Gecko) Chrome/116.0.0.0 Mobile Safari/537.36"
52.230.92.0 - - [15/Dec/2025:01:03:01 +0100] "GET /wp-blog.php HTTP/1.1" 200 - "https://www.bing.com/" "Mozilla/5.0 (Linux; Android 13; SM-S908E) AppleWebKit/537.36 (KHTML, like Gecko) Chrome/116.0.0.0 Mobile Safari/537.36"
185.111.111.0 - - [15/Dec/2025:01:03:01 +0100] "GET /wp-content/themes/busiprof-pro/print.css HTTP/1.1" 404 2655 "-" "WordPress/6.8.3; https://www.gebaeudetechnik.nrw"
52.230.92.0 - - [15/Dec/2025:01:03:01 +0100] "GET /wp-blog.php HTTP/1.1" 200 237751 "https://www.bing.com/" "Mozilla/5.0 (Linux; Android 13; SM-S908E) AppleWebKit/537.36 (KHTML, like Gecko) Chrome/116.0.0.0 Mobile Safari/537.36"
52.230.92.0 - - [15/Dec/2025:01:03:02 +0100] "GET /wp-content/admin-header.php HTTP/1.1" 301 263 "https://www.google.com/" "Mozilla/5.0 (iPhone; CPU iPhone OS 15_7_9 like Mac OS X) AppleWebKit/605.1.15 (KHTML, like Gecko) Version/15.6.5 Mobile/15E148 Safari/604.1"
52.230.92.0 - - [15/Dec/2025:01:03:02 +0100] "GET /wp-content/admin-header.php HTTP/1.1" 200 - "https://www.google.com/" "Mozilla/5.0 (iPhone; CPU iPhone OS 15_7_9 like Mac OS X) AppleWebKit/605.1.15 (KHTML, like Gecko) Version/15.6.5 Mobile/15E148 Safari/604.1"
185.111.111.0 - - [15/Dec/2025:01:03:02 +0100] "GET /wp-content/themes/busiprof-pro/print.css HTTP/1.1" 404 2655 "-" "WordPress/6.8.3; https://www.gebaeudetechnik.nrw"
52.230.92.0 - - [15/Dec/2025:01:03:02 +0100] "GET /wp-content/admin-header.php HTTP/1.1" 200 237751 "https://www.google.com/" "Mozilla/5.0 (iPhone; CPU iPhone OS 15_7_9 like Mac OS X) AppleWebKit/605.1.15 (KHTML, like Gecko) Version/15.6.5 Mobile/15E148 Safari/604.1"
52.230.92.0 - - [15/Dec/2025:01:03:03 +0100] "GET /wp-content/themes/about.php HTTP/1.1" 404 2784 "https://www.google.fr/" "Mozilla/5.0 (iPhone; CPU iPhone OS 16_6_1 like Mac OS X) AppleWebKit/605.1.15 (KHTML, like Gecko) Version/16.6 Mobile/15E148 Safari/604.1"
52.230.92.0 - - [15/Dec/2025:01:03:03 +0100] "GET /wp-includes/js/dist HTTP/1.1" 301 255 "https://www.google.fr/" "Mozilla/5.0 (Linux; Android 13; SM-S908E) AppleWebKit/537.36 (KHTML, like Gecko) Chrome/116.0.0.0 Mobile Safari/537.36"
52.230.92.0 - - [15/Dec/2025:01:03:03 +0100] "GET /wp-includes/js/dist HTTP/1.1" 301 256 "https://www.google.fr/" "Mozilla/5.0 (Linux; Android 13; SM-S908E) AppleWebKit/537.36 (KHTML, like Gecko) Chrome/116.0.0.0 Mobile Safari/537.36"
52.230.92.0 - - [15/Dec/2025:01:03:03 +0100] "GET /wp-includes/js/dist/ HTTP/1.1" 403 2598 "https://www.google.fr/" "Mozilla/5.0 (Linux; Android 13; SM-S908E) AppleWebKit/537.36 (KHTML, like Gecko) Chrome/116.0.0.0 Mobile Safari/537.36"
52.230.92.0 - - [15/Dec/2025:01:03:04 +0100] "GET /wp-includes/rest-api/fields HTTP/1.1" 301 263 "https://www.google.com/" "Mozilla/5.g (Linux; Android 13; Pixel 7) AppleWebKit/537.36 (KHTML, like Gecko) Chrome/116.0.0.0 Mobile Safari/537.36"
52.230.92.0 - - [15/Dec/2025:01:03:04 +0100] "GET /wp-includes/rest-api/fields HTTP/1.1" 301 264 "https://www.google.com/" "Mozilla/5.g (Linux; Android 13; Pixel 7) AppleWebKit/537.36 (KHTML, like Gecko) Chrome/116.0.0.0 Mobile Safari/537.36"
107.20.25.0 - - [15/Dec/2025:01:03:04 +0100] "GET /contao/vendor/symfony/web-profiler-bundle/Resources/views/Profiler/?C=N;O%3DA HTTP/1.1" 200 748 "-" "Mozilla/5.0 AppleWebKit/537.36 (KHTML, like Gecko; compatible; Amazonbot/0.1; +https://developer.amazon.com/support/amazonbot) Chrome/119.0.6045.214 Safari/537.36"
52.230.92.0 - - [15/Dec/2025:01:03:04 +0100] "GET /wp-includes/rest-api/fields/ HTTP/1.1" 403 2600 "https://www.google.com/" "Mozilla/5.g (Linux; Android 13; Pixel 7) AppleWebKit/537.36 (KHTML, like Gecko) Chrome/116.0.0.0 Mobile Safari/537.36"
52.230.92.0 - - [15/Dec/2025:01:03:04 +0100] "GET /wp.php HTTP/1.1" 301 242 "https://www.google.co.uk/" "Mozilla/5.0 (Linux; Android 10; LM-Q720) AppleWebKit/537.36 (KHTML, like Gecko) Chrome/116.0.0.0 Mobile Safari/537.36"
52.230.92.0 - - [15/Dec/2025:01:03:04 +0100] "GET /wp.php HTTP/1.1" 200 - "https://www.google.co.uk/" "Mozilla/5.0 (Linux; Android 10; LM-Q720) AppleWebKit/537.36 (KHTML, like Gecko) Chrome/116.0.0.0 Mobile Safari/537.36"
185.111.111.0 - - [15/Dec/2025:01:03:05 +0100] "GET /wp-content/themes/busiprof-pro/print.css HTTP/1.1" 404 2655 "-" "WordPress/6.8.3; https://www.gebaeudetechnik.nrw"
52.230.92.0 - - [15/Dec/2025:01:03:05 +0100] "GET /wp.php HTTP/1.1" 200 237751 "https://www.google.co.uk/" "Mozilla/5.0 (Linux; Android 10; LM-Q720) AppleWebKit/537.36 (KHTML, like Gecko) Chrome/116.0.0.0 Mobile Safari/537.36"
52.230.92.0 - - [15/Dec/2025:01:03:06 +0100] "GET /admin.php HTTP/1.1" 301 245 "https://www.google.fr/" "Mozilla/5.0 (Linux; Android 12; 2201116SG) AppleWebKit/537.36 (KHTML, like Gecko) Chrome/116.0.0.0 Mobile Safari/537.36"
52.230.92.0 - - [15/Dec/2025:01:03:06 +0100] "GET /admin.php HTTP/1.1" 200 - "https://www.google.fr/" "Mozilla/5.0 (Linux; Android 12; 2201116SG) AppleWebKit/537.36 (KHTML, like Gecko) Chrome/116.0.0.0 Mobile Safari/537.36"
185.111.111.0 - - [15/Dec/2025:01:03:06 +0100] "GET /wp-content/themes/busiprof-pro/print.css HTTP/1.1" 404 2655 "-" "WordPress/6.8.3; https://www.gebaeudetechnik.nrw"
52.230.92.0 - - [15/Dec/2025:01:03:06 +0100] "GET /admin.php HTTP/1.1" 200 237751 "https://www.google.fr/" "Mozilla/5.0 (Linux; Android 12; 2201116SG) AppleWebKit/537.36 (KHTML, like Gecko) Chrome/116.0.0.0 Mobile Safari/537.36"
52.230.92.0 - - [15/Dec/2025:01:03:07 +0100] "GET /adminfuns.php HTTP/1.1" 301 249 "https://www.google.fr/" "Mozilla/5.0 (Linux; Android 13; M2101K6G) AppleWebKit/537.36 (KHTML, like Gecko) Chrome/116.0.0.0 Mobile Safari/537.36"
52.230.92.0 - - [15/Dec/2025:01:03:07 +0100] "GET /adminfuns.php HTTP/1.1" 200 - "https://www.google.fr/" "Mozilla/5.0 (Linux; Android 13; M2101K6G) AppleWebKit/537.36 (KHTML, like Gecko) Chrome/116.0.0.0 Mobile Safari/537.36"
185.111.111.0 - - [15/Dec/2025:01:03:07 +0100] "GET /wp-content/themes/busiprof-pro/print.css HTTP/1.1" 404 2655 "-" "WordPress/6.8.3; https://www.gebaeudetechnik.nrw"
52.230.92.0 - - [15/Dec/2025:01:03:07 +0100] "GET /adminfuns.php HTTP/1.1" 200 237751 "https://www.google.fr/" "Mozilla/5.0 (Linux; Android 13; M2101K6G) AppleWebKit/537.36 (KHTML, like Gecko) Chrome/116.0.0.0 Mobile Safari/537.36"
52.230.92.0 - - [15/Dec/2025:01:03:08 +0100] "GET /chosen.php HTTP/1.1" 301 246 "https://www.google.co.uk/" "Mozilla/5.0 (Linux; Android 11; CPH2251) AppleWebKit/537.36 (KHTML, like Gecko) Chrome/116.0.0.0 Mobile Safari/537.36"
52.230.92.0 - - [15/Dec/2025:01:03:08 +0100] "GET /chosen.php HTTP/1.1" 200 - "https://www.google.co.uk/" "Mozilla/5.0 (Linux; Android 11; CPH2251) AppleWebKit/537.36 (KHTML, like Gecko) Chrome/116.0.0.0 Mobile Safari/537.36"
185.111.111.0 - - [15/Dec/2025:01:03:09 +0100] "GET /wp-content/themes/busiprof-pro/print.css HTTP/1.1" 404 2655 "-" "WordPress/6.8.3; https://www.gebaeudetechnik.nrw"
52.230.92.0 - - [15/Dec/2025:01:03:08 +0100] "GET /chosen.php HTTP/1.1" 200 237751 "https://www.google.co.uk/" "Mozilla/5.0 (Linux; Android 11; CPH2251) AppleWebKit/537.36 (KHTML, like Gecko) Chrome/116.0.0.0 Mobile Safari/537.36"
52.230.92.0 - - [15/Dec/2025:01:03:09 +0100] "GET /classwithtostring.php HTTP/1.1" 301 257 "https://www.google.co.uk/" "Mozilla/5.0 (Linux; Android 10; K) AppleWebKit/537.36 (KHTML, like Gecko) Chrome/117.0.0.0 Mobile Safari/537.36"
52.230.92.0 - - [15/Dec/2025:01:03:09 +0100] "GET /classwithtostring.php HTTP/1.1" 200 - "https://www.google.co.uk/" "Mozilla/5.0 (Linux; Android 10; K) AppleWebKit/537.36 (KHTML, like Gecko) Chrome/117.0.0.0 Mobile Safari/537.36"
185.111.111.0 - - [15/Dec/2025:01:03:10 +0100] "GET /wp-content/themes/busiprof-pro/print.css HTTP/1.1" 404 2655 "-" "WordPress/6.8.3; https://www.gebaeudetechnik.nrw"
52.230.92.0 - - [15/Dec/2025:01:03:10 +0100] "GET /classwithtostring.php HTTP/1.1" 200 237751 "https://www.google.co.uk/" "Mozilla/5.0 (Linux; Android 10; K) AppleWebKit/537.36 (KHTML, like Gecko) Chrome/117.0.0.0 Mobile Safari/537.36"
52.230.92.0 - - [15/Dec/2025:01:03:10 +0100] "GET /edit.php HTTP/1.1" 301 244 "https://www.google.fr/" "Mozilla/5.0 (Linux; Android 14; Pixel 8 Pro) AppleWebKit/537.36 (KHTML, like Gecko) Chrome/119.0.0.0 Mobile Safari/537.36"
52.230.92.0 - - [15/Dec/2025:01:03:11 +0100] "GET /edit.php HTTP/1.1" 200 - "https://www.google.fr/" "Mozilla/5.0 (Linux; Android 14; Pixel 8 Pro) AppleWebKit/537.36 (KHTML, like Gecko) Chrome/119.0.0.0 Mobile Safari/537.36"
185.111.111.0 - - [15/Dec/2025:01:03:11 +0100] "GET /wp-content/themes/busiprof-pro/print.css HTTP/1.1" 404 2655 "-" "WordPress/6.8.3; https://www.gebaeudetechnik.nrw"
52.230.92.0 - - [15/Dec/2025:01:03:11 +0100] "GET /edit.php HTTP/1.1" 200 237751 "https://www.google.fr/" "Mozilla/5.0 (Linux; Android 14; Pixel 8 Pro) AppleWebKit/537.36 (KHTML, like Gecko) Chrome/119.0.0.0 Mobile Safari/537.36"
52.230.92.0 - - [15/Dec/2025:01:03:11 +0100] "GET /goods.php HTTP/1.1" 301 245 "https://duckduckgo.com/" "Mozilla/5.0 (Linux; Android 11; 21081111RG) AppleWebKit/537.36 (KHTML, like Gecko) Chrome/116.0.0.0 Mobile Safari/537.36"
52.230.92.0 - - [15/Dec/2025:01:03:12 +0100] "GET /goods.php HTTP/1.1" 200 - "https://duckduckgo.com/" "Mozilla/5.0 (Linux; Android 11; 21081111RG) AppleWebKit/537.36 (KHTML, like Gecko) Chrome/116.0.0.0 Mobile Safari/537.36"
185.111.111.0 - - [15/Dec/2025:01:03:12 +0100] "GET /wp-content/themes/busiprof-pro/print.css HTTP/1.1" 404 2655 "-" "WordPress/6.8.3; https://www.gebaeudetechnik.nrw"
52.230.92.0 - - [15/Dec/2025:01:03:12 +0100] "GET /goods.php HTTP/1.1" 200 237751 "https://duckduckgo.com/" "Mozilla/5.0 (Linux; Android 11; 21081111RG) AppleWebKit/537.36 (KHTML, like Gecko) Chrome/116.0.0.0 Mobile Safari/537.36"
52.230.92.0 - - [15/Dec/2025:01:03:13 +0100] "GET /k.php HTTP/1.1" 301 241 "https://www.google.co.uk/" "Mozilla/5.0 (Linux; Android 10; K) AppleWebKit/537.36 (KHTML, like Gecko) Chrome/117.0.0.0 Mobile Safari/537.36"
52.230.92.0 - - [15/Dec/2025:01:03:13 +0100] "GET /k.php HTTP/1.1" 200 - "https://www.google.co.uk/" "Mozilla/5.0 (Linux; Android 10; K) AppleWebKit/537.36 (KHTML, like Gecko) Chrome/117.0.0.0 Mobile Safari/537.36"
185.111.111.0 - - [15/Dec/2025:01:03:13 +0100] "GET /wp-content/themes/busiprof-pro/print.css HTTP/1.1" 404 2655 "-" "WordPress/6.8.3; https://www.gebaeudetechnik.nrw"
52.230.92.0 - - [15/Dec/2025:01:03:13 +0100] "GET /k.php HTTP/1.1" 200 237751 "https://www.google.co.uk/" "Mozilla/5.0 (Linux; Android 10; K) AppleWebKit/537.36 (KHTML, like Gecko) Chrome/117.0.0.0 Mobile Safari/537.36"
52.230.92.0 - - [15/Dec/2025:01:03:14 +0100] "GET /mah/function.php HTTP/1.1" 301 252 "https://www.bing.com/" "Mozilla/5.0 (Linux; Android 12; V2134) AppleWebKit/537.36 (KHTML, like Gecko) Chrome/116.0.0.0 Mobile Safari/537.36"
52.230.92.0 - - [15/Dec/2025:01:03:14 +0100] "GET /mah/function.php HTTP/1.1" 200 - "https://www.bing.com/" "Mozilla/5.0 (Linux; Android 12; V2134) AppleWebKit/537.36 (KHTML, like Gecko) Chrome/116.0.0.0 Mobile Safari/537.36"
185.111.111.0 - - [15/Dec/2025:01:03:14 +0100] "GET /wp-content/themes/busiprof-pro/print.css HTTP/1.1" 404 2655 "-" "WordPress/6.8.3; https://www.gebaeudetechnik.nrw"
52.230.92.0 - - [15/Dec/2025:01:03:14 +0100] "GET /mah/function.php HTTP/1.1" 200 237751 "https://www.bing.com/" "Mozilla/5.0 (Linux; Android 12; V2134) AppleWebKit/537.36 (KHTML, like Gecko) Chrome/116.0.0.0 Mobile Safari/537.36"
52.230.92.0 - - [15/Dec/2025:01:03:15 +0100] "GET /wp-conflg/function.php HTTP/1.1" 301 258 "https://www.google.com/" "Mozilla/5.0 (Linux; Android 12; SM-A525F) AppleWebKit/537.36 (KHTML, like Gecko) Chrome/117.0.0.0 Mobile Safari/537.36"
52.230.92.0 - - [15/Dec/2025:01:03:15 +0100] "GET /wp-conflg/function.php HTTP/1.1" 200 - "https://www.google.com/" "Mozilla/5.0 (Linux; Android 12; SM-A525F) AppleWebKit/537.36 (KHTML, like Gecko) Chrome/117.0.0.0 Mobile Safari/537.36"
185.111.111.0 - - [15/Dec/2025:01:03:16 +0100] "GET /wp-content/themes/busiprof-pro/print.css HTTP/1.1" 404 2655 "-" "WordPress/6.8.3; https://www.gebaeudetechnik.nrw"
52.230.92.0 - - [15/Dec/2025:01:03:15 +0100] "GET /wp-conflg/function.php HTTP/1.1" 200 237751 "https://www.google.com/" "Mozilla/5.0 (Linux; Android 12; SM-A525F) AppleWebKit/537.36 (KHTML, like Gecko) Chrome/117.0.0.0 Mobile Safari/537.36"
52.230.92.0 - - [15/Dec/2025:01:03:16 +0100] "GET /wp-content/admin.php HTTP/1.1" 301 256 "https://www.bing.com/" "Mozilla/5.0 (iPad; CPU OS 16_7_2 like Mac OS X) AppleWebKit/605.1.15 (KHTML, like Gecko) Version/16.6 Mobile/15E148 Safari/604.1"
52.230.92.0 - - [15/Dec/2025:01:03:16 +0100] "GET /wp-content/admin.php HTTP/1.1" 200 - "https://www.bing.com/" "Mozilla/5.0 (iPad; CPU OS 16_7_2 like Mac OS X) AppleWebKit/605.1.15 (KHTML, like Gecko) Version/16.6 Mobile/15E148 Safari/604.1"
185.111.111.0 - - [15/Dec/2025:01:03:17 +0100] "GET /wp-content/themes/busiprof-pro/print.css HTTP/1.1" 404 2655 "-" "WordPress/6.8.3; https://www.gebaeudetechnik.nrw"
52.230.92.0 - - [15/Dec/2025:01:03:17 +0100] "GET /wp-content/admin.php HTTP/1.1" 200 237751 "https://www.bing.com/" "Mozilla/5.0 (iPad; CPU OS 16_7_2 like Mac OS X) AppleWebKit/605.1.15 (KHTML, like Gecko) Version/16.6 Mobile/15E148 Safari/604.1"
52.230.92.0 - - [15/Dec/2025:01:03:17 +0100] "GET /wp-content/languages/index.php HTTP/1.1" 301 266 "https://www.bing.com/" "Mozilla/5.0 (Linux; Android 10; LM-Q720) AppleWebKit/537.36 (KHTML, like Gecko) Chrome/116.0.0.0 Mobile Safari/537.36"
52.230.92.0 - - [15/Dec/2025:01:03:18 +0100] "GET /wp-content/languages/index.php HTTP/1.1" 200 - "https://www.bing.com/" "Mozilla/5.0 (Linux; Android 10; LM-Q720) AppleWebKit/537.36 (KHTML, like Gecko) Chrome/116.0.0.0 Mobile Safari/537.36"
52.230.92.0 - - [15/Dec/2025:01:03:18 +0100] "GET /wp-content/languages/ HTTP/1.1" 403 2604 "https://www.bing.com/" "Mozilla/5.0 (Linux; Android 10; LM-Q720) AppleWebKit/537.36 (KHTML, like Gecko) Chrome/116.0.0.0 Mobile Safari/537.36"
52.230.92.0 - - [15/Dec/2025:01:03:18 +0100] "GET /wp-includes/PHPMailer/index.php HTTP/1.1" 301 267 "https://www.google.fr/" "Mozilla/5.0 (Linux; Android 13; SM-G991U) AppleWebKit/537.36 (KHTML, like Gecko) Chrome/117.0.0.0 Mobile Safari/537.36"
52.230.92.0 - - [15/Dec/2025:01:03:18 +0100] "GET /wp-includes/PHPMailer/index.php HTTP/1.1" 200 - "https://www.google.fr/" "Mozilla/5.0 (Linux; Android 13; SM-G991U) AppleWebKit/537.36 (KHTML, like Gecko) Chrome/117.0.0.0 Mobile Safari/537.36"
52.230.92.0 - - [15/Dec/2025:01:03:18 +0100] "GET /wp-includes/PHPMailer/ HTTP/1.1" 403 2606 "https://www.google.fr/" "Mozilla/5.0 (Linux; Android 13; SM-G991U) AppleWebKit/537.36 (KHTML, like Gecko) Chrome/117.0.0.0 Mobile Safari/537.36"
52.230.92.0 - - [15/Dec/2025:01:03:19 +0100] "GET /wp-includes/images HTTP/1.1" 301 254 "https://www.bing.com/" "Mozilla/5.0 (Linux; Android 14; Pixel 8 Pro) AppleWebKit/537.36 (KHTML, like Gecko) Chrome/119.0.0.0 Mobile Safari/537.36"
52.230.92.0 - - [15/Dec/2025:01:03:19 +0100] "GET /wp-includes/images HTTP/1.1" 301 255 "https://www.bing.com/" "Mozilla/5.0 (Linux; Android 14; Pixel 8 Pro) AppleWebKit/537.36 (KHTML, like Gecko) Chrome/119.0.0.0 Mobile Safari/537.36"
52.230.92.0 - - [15/Dec/2025:01:03:19 +0100] "GET /wp-includes/images/ HTTP/1.1" 403 2596 "https://www.bing.com/" "Mozilla/5.0 (Linux; Android 14; Pixel 8 Pro) AppleWebKit/537.36 (KHTML, like Gecko) Chrome/119.0.0.0 Mobile Safari/537.36"
52.230.92.0 - - [15/Dec/2025:01:03:19 +0100] "GET /wp-includes/images/index.php HTTP/1.1" 301 264 "https://www.google.fr/" "Mozilla/5.0 (Linux; Android 12; SM-A525F) AppleWebKit/537.36 (KHTML, like Gecko) Chrome/117.0.0.0 Mobile Safari/537.36"
52.230.92.0 - - [15/Dec/2025:01:03:19 +0100] "GET /wp-includes/images/index.php HTTP/1.1" 200 - "https://www.google.fr/" "Mozilla/5.0 (Linux; Android 12; SM-A525F) AppleWebKit/537.36 (KHTML, like Gecko) Chrome/117.0.0.0 Mobile Safari/537.36"
52.230.92.0 - - [15/Dec/2025:01:03:20 +0100] "GET /wp-includes/images/ HTTP/1.1" 403 2606 "https://www.google.fr/" "Mozilla/5.0 (Linux; Android 12; SM-A525F) AppleWebKit/537.36 (KHTML, like Gecko) Chrome/117.0.0.0 Mobile Safari/537.36"
52.230.92.0 - - [15/Dec/2025:01:03:20 +0100] "GET /wp-includes/js/dist/development HTTP/1.1" 301 267 "https://www.bing.com/" "Mozilla/5.g (Linux; Android 13; Pixel 7) AppleWebKit/537.36 (KHTML, like Gecko) Chrome/116.0.0.0 Mobile Safari/537.36"
52.230.92.0 - - [15/Dec/2025:01:03:20 +0100] "GET /wp-includes/js/dist/development HTTP/1.1" 301 268 "https://www.bing.com/" "Mozilla/5.g (Linux; Android 13; Pixel 7) AppleWebKit/537.36 (KHTML, like Gecko) Chrome/116.0.0.0 Mobile Safari/537.36"
52.230.92.0 - - [15/Dec/2025:01:03:20 +0100] "GET /wp-includes/js/dist/development/ HTTP/1.1" 403 2596 "https://www.bing.com/" "Mozilla/5.g (Linux; Android 13; Pixel 7) AppleWebKit/537.36 (KHTML, like Gecko) Chrome/116.0.0.0 Mobile Safari/537.36"
52.230.92.0 - - [15/Dec/2025:01:03:20 +0100] "GET /wp-user.php HTTP/1.1" 301 247 "https://www.google.co.uk/" "Mozilla/5.0 (Linux; Android 10; LM-Q720) AppleWebKit/537.36 (KHTML, like Gecko) Chrome/116.0.0.0 Mobile Safari/537.36"
2a01:238:43f8:5f00:: - - [15/Dec/2025:01:03:21 +0100] "POST /wp-cron.php?doing_wp_cron=1765757001.1732840538024902343750 HTTP/1.1" 200 - "-" "sCrcl1ROeM27"
52.230.92.0 - - [15/Dec/2025:01:03:21 +0100] "GET /wp-user.php HTTP/1.1" 200 - "https://www.google.co.uk/" "Mozilla/5.0 (Linux; Android 10; LM-Q720) AppleWebKit/537.36 (KHTML, like Gecko) Chrome/116.0.0.0 Mobile Safari/537.36"
185.111.111.0 - - [15/Dec/2025:01:03:21 +0100] "GET /wp-content/themes/busiprof-pro/print.css HTTP/1.1" 404 2655 "-" "WordPress/6.8.3; https://www.gebaeudetechnik.nrw"
52.230.92.0 - - [15/Dec/2025:01:03:21 +0100] "GET /wp-user.php HTTP/1.1" 200 237751 "https://www.google.co.uk/" "Mozilla/5.0 (Linux; Android 10; LM-Q720) AppleWebKit/537.36 (KHTML, like Gecko) Chrome/116.0.0.0 Mobile Safari/537.36"
52.230.92.0 - - [15/Dec/2025:01:03:22 +0100] "GET /404.php HTTP/1.1" 301 243 "https://www.yahoo.com/" "Mozilla/5.0 (Linux; Android 11; CPH2251) AppleWebKit/537.36 (KHTML, like Gecko) Chrome/116.0.0.0 Mobile Safari/537.36"
52.230.92.0 - - [15/Dec/2025:01:03:22 +0100] "GET /404.php HTTP/1.1" 200 - "https://www.yahoo.com/" "Mozilla/5.0 (Linux; Android 11; CPH2251) AppleWebKit/537.36 (KHTML, like Gecko) Chrome/116.0.0.0 Mobile Safari/537.36"
185.111.111.0 - - [15/Dec/2025:01:03:23 +0100] "GET /wp-content/themes/busiprof-pro/print.css HTTP/1.1" 404 2655 "-" "WordPress/6.8.3; https://www.gebaeudetechnik.nrw"
52.230.92.0 - - [15/Dec/2025:01:03:23 +0100] "GET /404.php HTTP/1.1" 200 237751 "https://www.yahoo.com/" "Mozilla/5.0 (Linux; Android 11; CPH2251) AppleWebKit/537.36 (KHTML, like Gecko) Chrome/116.0.0.0 Mobile Safari/537.36"
52.230.92.0 - - [15/Dec/2025:01:03:23 +0100] "GET /akcc.php HTTP/1.1" 301 244 "https://www.google.fr/" "Mozilla/5.0 (Linux; Android 13; M2101K6G) AppleWebKit/537.36 (KHTML, like Gecko) Chrome/116.0.0.0 Mobile Safari/537.36"
52.230.92.0 - - [15/Dec/2025:01:03:23 +0100] "GET /akcc.php HTTP/1.1" 200 - "https://www.google.fr/" "Mozilla/5.0 (Linux; Android 13; M2101K6G) AppleWebKit/537.36 (KHTML, like Gecko) Chrome/116.0.0.0 Mobile Safari/537.36"
185.111.111.0 - - [15/Dec/2025:01:03:24 +0100] "GET /wp-content/themes/busiprof-pro/print.css HTTP/1.1" 404 2655 "-" "WordPress/6.8.3; https://www.gebaeudetechnik.nrw"
52.230.92.0 - - [15/Dec/2025:01:03:24 +0100] "GET /akcc.php HTTP/1.1" 200 237751 "https://www.google.fr/" "Mozilla/5.0 (Linux; Android 13; M2101K6G) AppleWebKit/537.36 (KHTML, like Gecko) Chrome/116.0.0.0 Mobile Safari/537.36"
52.230.92.0 - - [15/Dec/2025:01:03:24 +0100] "GET /gg.php HTTP/1.1" 301 242 "https://www.google.de/" "Mozilla/5.0 (Linux; Android 13; M2101K6G) AppleWebKit/537.36 (KHTML, like Gecko) Chrome/116.0.0.0 Mobile Safari/537.36"
52.230.92.0 - - [15/Dec/2025:01:03:25 +0100] "GET /gg.php HTTP/1.1" 200 - "https://www.google.de/" "Mozilla/5.0 (Linux; Android 13; M2101K6G) AppleWebKit/537.36 (KHTML, like Gecko) Chrome/116.0.0.0 Mobile Safari/537.36"
185.111.111.0 - - [15/Dec/2025:01:03:25 +0100] "GET /wp-content/themes/busiprof-pro/print.css HTTP/1.1" 404 2655 "-" "WordPress/6.8.3; https://www.gebaeudetechnik.nrw"
52.230.92.0 - - [15/Dec/2025:01:03:25 +0100] "GET /gg.php HTTP/1.1" 200 237751 "https://www.google.de/" "Mozilla/5.0 (Linux; Android 13; M2101K6G) AppleWebKit/537.36 (KHTML, like Gecko) Chrome/116.0.0.0 Mobile Safari/537.36"
52.230.92.0 - - [15/Dec/2025:01:03:26 +0100] "GET /mah.php HTTP/1.1" 301 243 "https://www.google.co.uk/" "Mozilla/5.0 (Linux; Android 11; 21081111RG) AppleWebKit/537.36 (KHTML, like Gecko) Chrome/116.0.0.0 Mobile Safari/537.36"
52.230.92.0 - - [15/Dec/2025:01:03:26 +0100] "GET /mah.php HTTP/1.1" 200 - "https://www.google.co.uk/" "Mozilla/5.0 (Linux; Android 11; 21081111RG) AppleWebKit/537.36 (KHTML, like Gecko) Chrome/116.0.0.0 Mobile Safari/537.36"
185.111.111.0 - - [15/Dec/2025:01:03:26 +0100] "GET /wp-content/themes/busiprof-pro/print.css HTTP/1.1" 404 2655 "-" "WordPress/6.8.3; https://www.gebaeudetechnik.nrw"
52.230.92.0 - - [15/Dec/2025:01:03:26 +0100] "GET /mah.php HTTP/1.1" 200 237751 "https://www.google.co.uk/" "Mozilla/5.0 (Linux; Android 11; 21081111RG) AppleWebKit/537.36 (KHTML, like Gecko) Chrome/116.0.0.0 Mobile Safari/537.36"
52.230.92.0 - - [15/Dec/2025:01:03:27 +0100] "GET /new.php HTTP/1.1" 301 243 "https://duckduckgo.com/" "Mozilla/5.0 (Linux; Android 13; M2101K6G) AppleWebKit/537.36 (KHTML, like Gecko) Chrome/116.0.0.0 Mobile Safari/537.36"
52.230.92.0 - - [15/Dec/2025:01:03:27 +0100] "GET /new.php HTTP/1.1" 200 - "https://duckduckgo.com/" "Mozilla/5.0 (Linux; Android 13; M2101K6G) AppleWebKit/537.36 (KHTML, like Gecko) Chrome/116.0.0.0 Mobile Safari/537.36"
185.111.111.0 - - [15/Dec/2025:01:03:27 +0100] "GET /wp-content/themes/busiprof-pro/print.css HTTP/1.1" 404 2655 "-" "WordPress/6.8.3; https://www.gebaeudetechnik.nrw"
52.230.92.0 - - [15/Dec/2025:01:03:27 +0100] "GET /new.php HTTP/1.1" 200 237751 "https://duckduckgo.com/" "Mozilla/5.0 (Linux; Android 13; M2101K6G) AppleWebKit/537.36 (KHTML, like Gecko) Chrome/116.0.0.0 Mobile Safari/537.36"
52.230.92.0 - - [15/Dec/2025:01:03:28 +0100] "GET /themes.php HTTP/1.1" 301 246 "https://www.yahoo.com/" "Mozilla/5.0 (iPhone; CPU iPhone OS 17_1_1 like Mac OS X) AppleWebKit/605.1.15 (KHTML, like Gecko) Version/17.1 Mobile/15E148 Safari/604.1"
52.230.92.0 - - [15/Dec/2025:01:03:28 +0100] "GET /themes.php HTTP/1.1" 200 - "https://www.yahoo.com/" "Mozilla/5.0 (iPhone; CPU iPhone OS 17_1_1 like Mac OS X) AppleWebKit/605.1.15 (KHTML, like Gecko) Version/17.1 Mobile/15E148 Safari/604.1"
185.111.111.0 - - [15/Dec/2025:01:03:29 +0100] "GET /wp-content/themes/busiprof-pro/print.css HTTP/1.1" 404 2655 "-" "WordPress/6.8.3; https://www.gebaeudetechnik.nrw"
52.230.92.0 - - [15/Dec/2025:01:03:28 +0100] "GET /themes.php HTTP/1.1" 200 237751 "https://www.yahoo.com/" "Mozilla/5.0 (iPhone; CPU iPhone OS 17_1_1 like Mac OS X) AppleWebKit/605.1.15 (KHTML, like Gecko) Version/17.1 Mobile/15E148 Safari/604.1"
52.230.92.0 - - [15/Dec/2025:01:03:29 +0100] "GET /uploads/index.php HTTP/1.1" 301 253 "https://www.google.de/" "Mozilla/5.0 (Linux; Android 14; Pixel 8 Pro) AppleWebKit/537.36 (KHTML, like Gecko) Chrome/119.0.0.0 Mobile Safari/537.36"
52.230.92.0 - - [15/Dec/2025:01:03:29 +0100] "GET /uploads/index.php HTTP/1.1" 200 - "https://www.google.de/" "Mozilla/5.0 (Linux; Android 14; Pixel 8 Pro) AppleWebKit/537.36 (KHTML, like Gecko) Chrome/119.0.0.0 Mobile Safari/537.36"
185.111.111.0 - - [15/Dec/2025:01:03:30 +0100] "GET /wp-content/themes/busiprof-pro/print.css HTTP/1.1" 404 2655 "-" "WordPress/6.8.3; https://www.gebaeudetechnik.nrw"
52.230.92.0 - - [15/Dec/2025:01:03:30 +0100] "GET /uploads/ HTTP/1.1" 200 237751 "https://www.google.de/" "Mozilla/5.0 (Linux; Android 14; Pixel 8 Pro) AppleWebKit/537.36 (KHTML, like Gecko) Chrome/119.0.0.0 Mobile Safari/537.36"
52.230.92.0 - - [15/Dec/2025:01:03:30 +0100] "GET /wp-admin HTTP/1.1" 301 244 "https://duckduckgo.com/" "Mozilla/5.0 (Linux; Android 12; V2134) AppleWebKit/537.36 (KHTML, like Gecko) Chrome/116.0.0.0 Mobile Safari/537.36"
52.230.92.0 - - [15/Dec/2025:01:03:31 +0100] "GET /wp-admin HTTP/1.1" 301 245 "https://duckduckgo.com/" "Mozilla/5.0 (Linux; Android 12; V2134) AppleWebKit/537.36 (KHTML, like Gecko) Chrome/116.0.0.0 Mobile Safari/537.36"
52.230.92.0 - - [15/Dec/2025:01:03:31 +0100] "GET /wp-admin/ HTTP/1.1" 302 - "https://duckduckgo.com/" "Mozilla/5.0 (Linux; Android 12; V2134) AppleWebKit/537.36 (KHTML, like Gecko) Chrome/116.0.0.0 Mobile Safari/537.36"
52.230.92.0 - - [15/Dec/2025:01:03:31 +0100] "GET /nicht-erlaubt/ HTTP/1.1" 200 - "https://duckduckgo.com/" "Mozilla/5.0 (Linux; Android 12; V2134) AppleWebKit/537.36 (KHTML, like Gecko) Chrome/116.0.0.0 Mobile Safari/537.36"
185.111.111.0 - - [15/Dec/2025:01:03:31 +0100] "GET /wp-content/themes/busiprof-pro/print.css HTTP/1.1" 404 2655 "-" "WordPress/6.8.3; https://www.gebaeudetechnik.nrw"
52.230.92.0 - - [15/Dec/2025:01:03:31 +0100] "GET /kontaktformular/nicht-erlaubt/ HTTP/1.1" 200 241993 "https://duckduckgo.com/" "Mozilla/5.0 (Linux; Android 12; V2134) AppleWebKit/537.36 (KHTML, like Gecko) Chrome/116.0.0.0 Mobile Safari/537.36"
52.230.92.0 - - [15/Dec/2025:01:03:32 +0100] "GET /wp-admin/classwithtostring.php HTTP/1.1" 301 266 "https://www.bing.com/" "Mozilla/5.0 (iPhone; CPU iPhone OS 17_1_1 like Mac OS X) AppleWebKit/605.1.15 (KHTML, like Gecko) Version/17.1 Mobile/15E148 Safari/604.1"
52.230.92.0 - - [15/Dec/2025:01:03:32 +0100] "GET /wp-admin/classwithtostring.php HTTP/1.1" 200 - "https://www.bing.com/" "Mozilla/5.0 (iPhone; CPU iPhone OS 17_1_1 like Mac OS X) AppleWebKit/605.1.15 (KHTML, like Gecko) Version/17.1 Mobile/15E148 Safari/604.1"
185.111.111.0 - - [15/Dec/2025:01:03:33 +0100] "GET /wp-content/themes/busiprof-pro/print.css HTTP/1.1" 404 2655 "-" "WordPress/6.8.3; https://www.gebaeudetechnik.nrw"
52.230.92.0 - - [15/Dec/2025:01:03:33 +0100] "GET /wp-admin/classwithtostring.php HTTP/1.1" 200 237751 "https://www.bing.com/" "Mozilla/5.0 (iPhone; CPU iPhone OS 17_1_1 like Mac OS X) AppleWebKit/605.1.15 (KHTML, like Gecko) Version/17.1 Mobile/15E148 Safari/604.1"
52.230.92.0 - - [15/Dec/2025:01:03:33 +0100] "GET /wp-admin/css HTTP/1.1" 301 248 "https://www.google.de/" "Mozilla/5.0 (Linux; Android 13; SM-G991U) AppleWebKit/537.36 (KHTML, like Gecko) Chrome/117.0.0.0 Mobile Safari/537.36"
52.230.92.0 - - [15/Dec/2025:01:03:33 +0100] "GET /wp-admin/css HTTP/1.1" 301 249 "https://www.google.de/" "Mozilla/5.0 (Linux; Android 13; SM-G991U) AppleWebKit/537.36 (KHTML, like Gecko) Chrome/117.0.0.0 Mobile Safari/537.36"
52.230.92.0 - - [15/Dec/2025:01:03:33 +0100] "GET /wp-admin/css/ HTTP/1.1" 403 2598 "https://www.google.de/" "Mozilla/5.0 (Linux; Android 13; SM-G991U) AppleWebKit/537.36 (KHTML, like Gecko) Chrome/117.0.0.0 Mobile Safari/537.36"
52.230.92.0 - - [15/Dec/2025:01:03:34 +0100] "GET /wp-admin/css/about.php HTTP/1.1" 301 258 "https://www.google.fr/" "Mozilla/5.0 (iPhone; CPU iPhone OS 16_0 like Mac OS X) AppleWebKit/605.1.15 (KHTML, like Gecko) FxiOS/118.0 Mobile/15E148 Safari/605.1.15"
2a01:238:43f8:5f00:: - - [15/Dec/2025:01:03:34 +0100] "POST /wp-cron.php?doing_wp_cron=1765757014.4221670627593994140625 HTTP/1.1" 200 - "-" "wBWvL0VasItJ"
52.230.92.0 - - [15/Dec/2025:01:03:34 +0100] "GET /wp-admin/css/about.php HTTP/1.1" 200 - "https://www.google.fr/" "Mozilla/5.0 (iPhone; CPU iPhone OS 16_0 like Mac OS X) AppleWebKit/605.1.15 (KHTML, like Gecko) FxiOS/118.0 Mobile/15E148 Safari/605.1.15"
185.111.111.0 - - [15/Dec/2025:01:03:34 +0100] "GET /wp-content/themes/busiprof-pro/print.css HTTP/1.1" 404 2655 "-" "WordPress/6.8.3; https://www.gebaeudetechnik.nrw"
52.230.92.0 - - [15/Dec/2025:01:03:34 +0100] "GET /wp-admin/css/about.php HTTP/1.1" 200 237751 "https://www.google.fr/" "Mozilla/5.0 (iPhone; CPU iPhone OS 16_0 like Mac OS X) AppleWebKit/605.1.15 (KHTML, like Gecko) FxiOS/118.0 Mobile/15E148 Safari/605.1.15"
52.230.92.0 - - [15/Dec/2025:01:03:35 +0100] "GET /wp-admin/includes/colour.php HTTP/1.1" 301 264 "https://duckduckgo.com/" "Mozilla/5.0 (Linux; Android 12; V2134) AppleWebKit/537.36 (KHTML, like Gecko) Chrome/116.0.0.0 Mobile Safari/537.36"
52.230.92.0 - - [15/Dec/2025:01:03:35 +0100] "GET /wp-admin/includes/colour.php HTTP/1.1" 403 2600 "https://duckduckgo.com/" "Mozilla/5.0 (Linux; Android 12; V2134) AppleWebKit/537.36 (KHTML, like Gecko) Chrome/116.0.0.0 Mobile Safari/537.36"
52.230.92.0 - - [15/Dec/2025:01:03:36 +0100] "GET /wp-admin/js HTTP/1.1" 301 247 "https://www.bing.com/" "Mozilla/5.0 (iPhone; CPU iPhone OS 16_6_1 like Mac OS X) AppleWebKit/605.1.15 (KHTML, like Gecko) Version/16.6 Mobile/15E148 Safari/604.1"
52.230.92.0 - - [15/Dec/2025:01:03:36 +0100] "GET /wp-admin/js HTTP/1.1" 301 248 "https://www.bing.com/" "Mozilla/5.0 (iPhone; CPU iPhone OS 16_6_1 like Mac OS X) AppleWebKit/605.1.15 (KHTML, like Gecko) Version/16.6 Mobile/15E148 Safari/604.1"
52.230.92.0 - - [15/Dec/2025:01:03:36 +0100] "GET /wp-admin/js/ HTTP/1.1" 403 2596 "https://www.bing.com/" "Mozilla/5.0 (iPhone; CPU iPhone OS 16_6_1 like Mac OS X) AppleWebKit/605.1.15 (KHTML, like Gecko) Version/16.6 Mobile/15E148 Safari/604.1"
52.230.92.0 - - [15/Dec/2025:01:03:36 +0100] "GET /wp-admin/js/autoload_classmap.php HTTP/1.1" 301 269 "https://www.google.fr/" "Mozilla/5.0 (iPhone; CPU iPhone OS 15_7_9 like Mac OS X) AppleWebKit/605.1.15 (KHTML, like Gecko) Version/15.6.5 Mobile/15E148 Safari/604.1"
52.230.92.0 - - [15/Dec/2025:01:03:36 +0100] "GET /wp-admin/js/autoload_classmap.php HTTP/1.1" 200 - "https://www.google.fr/" "Mozilla/5.0 (iPhone; CPU iPhone OS 15_7_9 like Mac OS X) AppleWebKit/605.1.15 (KHTML, like Gecko) Version/15.6.5 Mobile/15E148 Safari/604.1"
185.111.111.0 - - [15/Dec/2025:01:03:37 +0100] "GET /wp-content/themes/busiprof-pro/print.css HTTP/1.1" 404 2655 "-" "WordPress/6.8.3; https://www.gebaeudetechnik.nrw"
52.230.92.0 - - [15/Dec/2025:01:03:37 +0100] "GET /wp-admin/js/autoload_classmap.php HTTP/1.1" 200 237751 "https://www.google.fr/" "Mozilla/5.0 (iPhone; CPU iPhone OS 15_7_9 like Mac OS X) AppleWebKit/605.1.15 (KHTML, like Gecko) Version/15.6.5 Mobile/15E148 Safari/604.1"
52.230.92.0 - - [15/Dec/2025:01:03:38 +0100] "GET /wp-admin/js/widgets HTTP/1.1" 301 255 "https://www.google.com/" "Mozilla/5.0 (iPhone; CPU iPhone OS 16_6_1 like Mac OS X) AppleWebKit/605.1.15 (KHTML, like Gecko) Version/16.6 Mobile/15E148 Safari/604.1"
52.230.92.0 - - [15/Dec/2025:01:03:38 +0100] "GET /wp-admin/js/widgets HTTP/1.1" 301 256 "https://www.google.com/" "Mozilla/5.0 (iPhone; CPU iPhone OS 16_6_1 like Mac OS X) AppleWebKit/605.1.15 (KHTML, like Gecko) Version/16.6 Mobile/15E148 Safari/604.1"
52.230.92.0 - - [15/Dec/2025:01:03:38 +0100] "GET /wp-admin/js/widgets/ HTTP/1.1" 403 2600 "https://www.google.com/" "Mozilla/5.0 (iPhone; CPU iPhone OS 16_6_1 like Mac OS X) AppleWebKit/605.1.15 (KHTML, like Gecko) Version/16.6 Mobile/15E148 Safari/604.1"
52.230.92.0 - - [15/Dec/2025:01:03:38 +0100] "GET /wp-content/autoload_classmap.php HTTP/1.1" 301 268 "https://www.google.com/" "Mozilla/5.0 (Linux; Android 12; V2134) AppleWebKit/537.36 (KHTML, like Gecko) Chrome/116.0.0.0 Mobile Safari/537.36"
52.230.92.0 - - [15/Dec/2025:01:03:38 +0100] "GET /wp-content/autoload_classmap.php HTTP/1.1" 200 - "https://www.google.com/" "Mozilla/5.0 (Linux; Android 12; V2134) AppleWebKit/537.36 (KHTML, like Gecko) Chrome/116.0.0.0 Mobile Safari/537.36"
185.111.111.0 - - [15/Dec/2025:01:03:39 +0100] "GET /wp-content/themes/busiprof-pro/print.css HTTP/1.1" 404 2655 "-" "WordPress/6.8.3; https://www.gebaeudetechnik.nrw"
52.230.92.0 - - [15/Dec/2025:01:03:39 +0100] "GET /wp-content/autoload_classmap.php HTTP/1.1" 200 237751 "https://www.google.com/" "Mozilla/5.0 (Linux; Android 12; V2134) AppleWebKit/537.36 (KHTML, like Gecko) Chrome/116.0.0.0 Mobile Safari/537.36"
52.230.92.0 - - [15/Dec/2025:01:03:40 +0100] "GET /wp-content/backups-dup-lite HTTP/1.1" 301 263 "https://www.google.fr/" "Mozilla/5.0 (Linux; Android 12; V2134) AppleWebKit/537.36 (KHTML, like Gecko) Chrome/116.0.0.0 Mobile Safari/537.36"
52.230.92.0 - - [15/Dec/2025:01:03:40 +0100] "GET /wp-content/backups-dup-lite HTTP/1.1" 200 - "https://www.google.fr/" "Mozilla/5.0 (Linux; Android 12; V2134) AppleWebKit/537.36 (KHTML, like Gecko) Chrome/116.0.0.0 Mobile Safari/537.36"
185.111.111.0 - - [15/Dec/2025:01:03:40 +0100] "GET /wp-content/themes/busiprof-pro/print.css HTTP/1.1" 404 2655 "-" "WordPress/6.8.3; https://www.gebaeudetechnik.nrw"
52.230.92.0 - - [15/Dec/2025:01:03:40 +0100] "GET /wp-content/backups-dup-lite HTTP/1.1" 200 237751 "https://www.google.fr/" "Mozilla/5.0 (Linux; Android 12; V2134) AppleWebKit/537.36 (KHTML, like Gecko) Chrome/116.0.0.0 Mobile Safari/537.36"
52.230.92.0 - - [15/Dec/2025:01:03:41 +0100] "GET /wp-content/languages HTTP/1.1" 301 256 "https://www.google.com/" "Mozilla/5.0 (Linux; Android 10; LM-Q720) AppleWebKit/537.36 (KHTML, like Gecko) Chrome/116.0.0.0 Mobile Safari/537.36"
52.230.92.0 - - [15/Dec/2025:01:03:41 +0100] "GET /wp-content/languages HTTP/1.1" 301 257 "https://www.google.com/" "Mozilla/5.0 (Linux; Android 10; LM-Q720) AppleWebKit/537.36 (KHTML, like Gecko) Chrome/116.0.0.0 Mobile Safari/537.36"
52.230.92.0 - - [15/Dec/2025:01:03:41 +0100] "GET /wp-content/languages/ HTTP/1.1" 403 2600 "https://www.google.com/" "Mozilla/5.0 (Linux; Android 10; LM-Q720) AppleWebKit/537.36 (KHTML, like Gecko) Chrome/116.0.0.0 Mobile Safari/537.36"
52.230.92.0 - - [15/Dec/2025:01:03:41 +0100] "GET /wp-content/plugins/admin.php HTTP/1.1" 301 264 "https://www.yahoo.com/" "Mozilla/5.0 (Linux; Android 11; 21081111RG) AppleWebKit/537.36 (KHTML, like Gecko) Chrome/116.0.0.0 Mobile Safari/537.36"
52.230.92.0 - - [15/Dec/2025:01:03:42 +0100] "GET /wp-content/plugins/admin.php HTTP/1.1" 200 - "https://www.yahoo.com/" "Mozilla/5.0 (Linux; Android 11; 21081111RG) AppleWebKit/537.36 (KHTML, like Gecko) Chrome/116.0.0.0 Mobile Safari/537.36"
185.111.111.0 - - [15/Dec/2025:01:03:42 +0100] "GET /wp-content/themes/busiprof-pro/print.css HTTP/1.1" 404 2655 "-" "WordPress/6.8.3; https://www.gebaeudetechnik.nrw"
52.230.92.0 - - [15/Dec/2025:01:03:42 +0100] "GET /wp-content/plugins/admin.php HTTP/1.1" 200 237751 "https://www.yahoo.com/" "Mozilla/5.0 (Linux; Android 11; 21081111RG) AppleWebKit/537.36 (KHTML, like Gecko) Chrome/116.0.0.0 Mobile Safari/537.36"
52.230.92.0 - - [15/Dec/2025:01:03:43 +0100] "GET /wp-content/themes/admin.php HTTP/1.1" 404 2782 "https://www.bing.com/" "Mozilla/5.0 (Linux; Android 10; LM-Q720) AppleWebKit/537.36 (KHTML, like Gecko) Chrome/116.0.0.0 Mobile Safari/537.36"
52.230.92.0 - - [15/Dec/2025:01:03:43 +0100] "GET /wp-content/uploads HTTP/1.1" 301 254 "https://www.yahoo.com/" "Mozilla/5.0 (iPhone; CPU iPhone OS 17_1_1 like Mac OS X) AppleWebKit/605.1.15 (KHTML, like Gecko) Version/17.1 Mobile/15E148 Safari/604.1"
52.230.92.0 - - [15/Dec/2025:01:03:43 +0100] "GET /wp-content/uploads/ HTTP/1.1" 403 2596 "https://www.yahoo.com/" "Mozilla/5.0 (iPhone; CPU iPhone OS 17_1_1 like Mac OS X) AppleWebKit/605.1.15 (KHTML, like Gecko) Version/17.1 Mobile/15E148 Safari/604.1"
52.230.92.0 - - [15/Dec/2025:01:03:43 +0100] "GET /wp-content/uploads/2025 HTTP/1.1" 301 259 "https://duckduckgo.com/" "Mozilla/5.0 (Linux; Android 12; SM-A525F) AppleWebKit/537.36 (KHTML, like Gecko) Chrome/117.0.0.0 Mobile Safari/537.36"
52.230.92.0 - - [15/Dec/2025:01:03:43 +0100] "GET /wp-content/uploads/2025/ HTTP/1.1" 403 2598 "https://duckduckgo.com/" "Mozilla/5.0 (Linux; Android 12; SM-A525F) AppleWebKit/537.36 (KHTML, like Gecko) Chrome/117.0.0.0 Mobile Safari/537.36"
52.230.92.0 - - [15/Dec/2025:01:03:43 +0100] "GET /wp-includes/IXR HTTP/1.1" 301 251 "https://www.google.de/" "Mozilla/5.0 (Linux; Android 10; LM-Q720) AppleWebKit/537.36 (KHTML, like Gecko) Chrome/116.0.0.0 Mobile Safari/537.36"
52.230.92.0 - - [15/Dec/2025:01:03:44 +0100] "GET /wp-includes/IXR HTTP/1.1" 301 252 "https://www.google.de/" "Mozilla/5.0 (Linux; Android 10; LM-Q720) AppleWebKit/537.36 (KHTML, like Gecko) Chrome/116.0.0.0 Mobile Safari/537.36"
52.230.92.0 - - [15/Dec/2025:01:03:44 +0100] "GET /wp-includes/IXR/ HTTP/1.1" 403 2598 "https://www.google.de/" "Mozilla/5.0 (Linux; Android 10; LM-Q720) AppleWebKit/537.36 (KHTML, like Gecko) Chrome/116.0.0.0 Mobile Safari/537.36"
52.230.92.0 - - [15/Dec/2025:01:03:44 +0100] "GET /wp-includes/IXR/index.php HTTP/1.1" 301 261 "https://www.google.de/" "Mozilla/5.0 (Linux; Android 13; SM-S908E) AppleWebKit/537.36 (KHTML, like Gecko) Chrome/116.0.0.0 Mobile Safari/537.36"
52.230.92.0 - - [15/Dec/2025:01:03:44 +0100] "GET /wp-includes/IXR/index.php HTTP/1.1" 200 - "https://www.google.de/" "Mozilla/5.0 (Linux; Android 13; SM-S908E) AppleWebKit/537.36 (KHTML, like Gecko) Chrome/116.0.0.0 Mobile Safari/537.36"
52.230.92.0 - - [15/Dec/2025:01:03:44 +0100] "GET /wp-includes/IXR/ HTTP/1.1" 403 2606 "https://www.google.de/" "Mozilla/5.0 (Linux; Android 13; SM-S908E) AppleWebKit/537.36 (KHTML, like Gecko) Chrome/116.0.0.0 Mobile Safari/537.36"
52.230.92.0 - - [15/Dec/2025:01:03:45 +0100] "GET /wp-includes/SimplePie/index.php HTTP/1.1" 301 267 "https://www.google.de/" "Mozilla/5.0 (Linux; Android 13; SM-S908E) AppleWebKit/537.36 (KHTML, like Gecko) Chrome/116.0.0.0 Mobile Safari/537.36"
52.230.92.0 - - [15/Dec/2025:01:03:45 +0100] "GET /wp-includes/SimplePie/index.php HTTP/1.1" 200 - "https://www.google.de/" "Mozilla/5.0 (Linux; Android 13; SM-S908E) AppleWebKit/537.36 (KHTML, like Gecko) Chrome/116.0.0.0 Mobile Safari/537.36"
52.230.92.0 - - [15/Dec/2025:01:03:45 +0100] "GET /wp-includes/SimplePie/ HTTP/1.1" 403 2606 "https://www.google.de/" "Mozilla/5.0 (Linux; Android 13; SM-S908E) AppleWebKit/537.36 (KHTML, like Gecko) Chrome/116.0.0.0 Mobile Safari/537.36"
52.230.92.0 - - [15/Dec/2025:01:03:45 +0100] "GET /wp-includes/Text HTTP/1.1" 301 252 "https://www.google.com/" "Mozilla/5.0 (Linux; Android 13; M2101K6G) AppleWebKit/537.36 (KHTML, like Gecko) Chrome/116.0.0.0 Mobile Safari/537.36"
52.230.92.0 - - [15/Dec/2025:01:03:46 +0100] "GET /wp-includes/Text HTTP/1.1" 301 253 "https://www.google.com/" "Mozilla/5.0 (Linux; Android 13; M2101K6G) AppleWebKit/537.36 (KHTML, like Gecko) Chrome/116.0.0.0 Mobile Safari/537.36"
52.230.92.0 - - [15/Dec/2025:01:03:46 +0100] "GET /wp-includes/Text/ HTTP/1.1" 403 2600 "https://www.google.com/" "Mozilla/5.0 (Linux; Android 13; M2101K6G) AppleWebKit/537.36 (KHTML, like Gecko) Chrome/116.0.0.0 Mobile Safari/537.36"
