74.225.204.0 - - [15/Dec/2025:05:22:19 +0100] "GET /wp-admin/css/colors/blue HTTP/1.1" 301 254 "https://duckduckgo.com/" "Mozilla/5.0 (iPhone; CPU iPhone OS 17_1 like Mac OS X) AppleWebKit/605.1.15 (KHTML, like Gecko) CriOS/119.0.6045.109 Mobile/15E148 Safari/604.1"
74.225.204.0 - - [15/Dec/2025:05:22:19 +0100] "GET /wp-admin/css/colors/blue/ HTTP/1.1" 403 2586 "https://duckduckgo.com/" "Mozilla/5.0 (iPhone; CPU iPhone OS 17_1 like Mac OS X) AppleWebKit/605.1.15 (KHTML, like Gecko) CriOS/119.0.6045.109 Mobile/15E148 Safari/604.1"
74.225.204.0 - - [15/Dec/2025:05:22:19 +0100] "GET /wp-signin.php HTTP/1.1" 301 242 "https://duckduckgo.com/" "Mozilla/5.0 (Linux; Android 13; SM-G991U) AppleWebKit/537.36 (KHTML, like Gecko) Chrome/117.0.0.0 Mobile Safari/537.36"
2a01:238:43f8:5f00:: - - [15/Dec/2025:05:22:20 +0100] "POST /wp-cron.php?doing_wp_cron=1765772540.1487450599670410156250 HTTP/1.1" 200 - "-" "9FUFtkkqhsaT"
185.111.111.0 - - [15/Dec/2025:05:22:20 +0100] "GET /wp-content/themes/busiprof-pro/print.css HTTP/1.1" 404 2655 "-" "WordPress/6.8.3; https://www.gebaeudetechnik.nrw"
74.225.204.0 - - [15/Dec/2025:05:22:20 +0100] "GET /wp-signin.php HTTP/1.1" 200 237811 "https://duckduckgo.com/" "Mozilla/5.0 (Linux; Android 13; SM-G991U) AppleWebKit/537.36 (KHTML, like Gecko) Chrome/117.0.0.0 Mobile Safari/537.36"
74.225.204.0 - - [15/Dec/2025:05:22:20 +0100] "GET /abcd.php HTTP/1.1" 301 237 "https://www.bing.com/" "Mozilla/5.0 (iPhone; CPU iPhone OS 17_1 like Mac OS X) AppleWebKit/605.1.15 (KHTML, like Gecko) CriOS/119.0.6045.109 Mobile/15E148 Safari/604.1"
185.111.111.0 - - [15/Dec/2025:05:22:21 +0100] "GET /wp-content/themes/busiprof-pro/print.css HTTP/1.1" 404 2655 "-" "WordPress/6.8.3; https://www.gebaeudetechnik.nrw"
74.225.204.0 - - [15/Dec/2025:05:22:20 +0100] "GET /abcd.php HTTP/1.1" 200 237811 "https://www.bing.com/" "Mozilla/5.0 (iPhone; CPU iPhone OS 17_1 like Mac OS X) AppleWebKit/605.1.15 (KHTML, like Gecko) CriOS/119.0.6045.109 Mobile/15E148 Safari/604.1"
74.225.204.0 - - [15/Dec/2025:05:22:21 +0100] "GET /wp-includes/block-bindings HTTP/1.1" 301 255 "https://duckduckgo.com/" "Mozilla/5.0 (iPhone; CPU iPhone OS 15_7_9 like Mac OS X) AppleWebKit/605.1.15 (KHTML, like Gecko) Version/15.6.5 Mobile/15E148 Safari/604.1"
74.225.204.0 - - [15/Dec/2025:05:22:21 +0100] "GET /wp-includes/block-bindings HTTP/1.1" 301 256 "https://duckduckgo.com/" "Mozilla/5.0 (iPhone; CPU iPhone OS 15_7_9 like Mac OS X) AppleWebKit/605.1.15 (KHTML, like Gecko) Version/15.6.5 Mobile/15E148 Safari/604.1"
74.225.204.0 - - [15/Dec/2025:05:22:21 +0100] "GET /wp-includes/block-bindings/ HTTP/1.1" 403 2586 "https://duckduckgo.com/" "Mozilla/5.0 (iPhone; CPU iPhone OS 15_7_9 like Mac OS X) AppleWebKit/605.1.15 (KHTML, like Gecko) Version/15.6.5 Mobile/15E148 Safari/604.1"
74.225.204.0 - - [15/Dec/2025:05:22:21 +0100] "GET /about.php HTTP/1.1" 301 238 "https://www.google.fr/" "Mozilla/5.0 (iPhone; CPU iPhone OS 15_7_9 like Mac OS X) AppleWebKit/605.1.15 (KHTML, like Gecko) Version/15.6.5 Mobile/15E148 Safari/604.1"
34.231.118.0 - - [15/Dec/2025:05:22:22 +0100] "GET /contao/vendor/symfony/swiftmailer-bundle/Tests/DependencyInjection/Fixtures/config/?C=N;O%3DA HTTP/1.1" 200 471 "-" "Mozilla/5.0 AppleWebKit/537.36 (KHTML, like Gecko; compatible; Amazonbot/0.1; +https://developer.amazon.com/support/amazonbot) Chrome/119.0.6045.214 Safari/537.36"
185.111.111.0 - - [15/Dec/2025:05:22:22 +0100] "GET /wp-content/themes/busiprof-pro/print.css HTTP/1.1" 404 2655 "-" "WordPress/6.8.3; https://www.gebaeudetechnik.nrw"
74.225.204.0 - - [15/Dec/2025:05:22:21 +0100] "GET /about.php HTTP/1.1" 200 237811 "https://www.google.fr/" "Mozilla/5.0 (iPhone; CPU iPhone OS 15_7_9 like Mac OS X) AppleWebKit/605.1.15 (KHTML, like Gecko) Version/15.6.5 Mobile/15E148 Safari/604.1"
74.225.204.0 - - [15/Dec/2025:05:22:22 +0100] "GET /bless.php HTTP/1.1" 301 238 "https://www.google.de/" "Mozilla/5.0 (iPhone; CPU iPhone OS 17_0_3 like Mac OS X) AppleWebKit/605.1.15 (KHTML, like Gecko) Version/17.0.1 Mobile/15E148 Safari/604.1"
185.111.111.0 - - [15/Dec/2025:05:22:22 +0100] "GET /wp-content/themes/busiprof-pro/print.css HTTP/1.1" 404 2655 "-" "WordPress/6.8.3; https://www.gebaeudetechnik.nrw"
74.225.204.0 - - [15/Dec/2025:05:22:22 +0100] "GET /bless.php HTTP/1.1" 200 237811 "https://www.google.de/" "Mozilla/5.0 (iPhone; CPU iPhone OS 17_0_3 like Mac OS X) AppleWebKit/605.1.15 (KHTML, like Gecko) Version/17.0.1 Mobile/15E148 Safari/604.1"
74.225.204.0 - - [15/Dec/2025:05:22:23 +0100] "GET /images/install.php HTTP/1.1" 403 2582 "https://www.google.fr/" "Mozilla/5.0 (iPhone; CPU iPhone OS 16_6_1 like Mac OS X) AppleWebKit/605.1.15 (KHTML, like Gecko) Version/16.6 Mobile/15E148 Safari/604.1"
74.225.204.0 - - [15/Dec/2025:05:22:23 +0100] "GET /num.php HTTP/1.1" 301 236 "https://www.bing.com/" "Mozilla/5.0 (Linux; Android 10; LM-Q720) AppleWebKit/537.36 (KHTML, like Gecko) Chrome/116.0.0.0 Mobile Safari/537.36"
185.111.111.0 - - [15/Dec/2025:05:22:23 +0100] "GET /wp-content/themes/busiprof-pro/print.css HTTP/1.1" 404 2655 "-" "WordPress/6.8.3; https://www.gebaeudetechnik.nrw"
74.225.204.0 - - [15/Dec/2025:05:22:23 +0100] "GET /num.php HTTP/1.1" 200 237811 "https://www.bing.com/" "Mozilla/5.0 (Linux; Android 10; LM-Q720) AppleWebKit/537.36 (KHTML, like Gecko) Chrome/116.0.0.0 Mobile Safari/537.36"
74.225.204.0 - - [15/Dec/2025:05:22:23 +0100] "GET /txets.php HTTP/1.1" 301 238 "https://www.google.fr/" "Mozilla/5.0 (Linux; Android 10; LM-Q720) AppleWebKit/537.36 (KHTML, like Gecko) Chrome/116.0.0.0 Mobile Safari/537.36"
185.111.111.0 - - [15/Dec/2025:05:22:24 +0100] "GET /wp-content/themes/busiprof-pro/print.css HTTP/1.1" 404 2655 "-" "WordPress/6.8.3; https://www.gebaeudetechnik.nrw"
74.225.204.0 - - [15/Dec/2025:05:22:23 +0100] "GET /txets.php HTTP/1.1" 200 237811 "https://www.google.fr/" "Mozilla/5.0 (Linux; Android 10; LM-Q720) AppleWebKit/537.36 (KHTML, like Gecko) Chrome/116.0.0.0 Mobile Safari/537.36"
74.225.204.0 - - [15/Dec/2025:05:22:24 +0100] "GET /wp-blog.php HTTP/1.1" 301 240 "https://duckduckgo.com/" "Mozilla/5.0 (Linux; Android 12; SM-A525F) AppleWebKit/537.36 (KHTML, like Gecko) Chrome/117.0.0.0 Mobile Safari/537.36"
185.111.111.0 - - [15/Dec/2025:05:22:24 +0100] "GET /wp-content/themes/busiprof-pro/print.css HTTP/1.1" 404 2655 "-" "WordPress/6.8.3; https://www.gebaeudetechnik.nrw"
74.225.204.0 - - [15/Dec/2025:05:22:24 +0100] "GET /wp-blog.php HTTP/1.1" 200 237811 "https://duckduckgo.com/" "Mozilla/5.0 (Linux; Android 12; SM-A525F) AppleWebKit/537.36 (KHTML, like Gecko) Chrome/117.0.0.0 Mobile Safari/537.36"
74.225.204.0 - - [15/Dec/2025:05:22:24 +0100] "GET /wp-content/admin-header.php HTTP/1.1" 301 256 "https://www.google.co.uk/" "Mozilla/5.0 (Linux; Android 12; V2134) AppleWebKit/537.36 (KHTML, like Gecko) Chrome/116.0.0.0 Mobile Safari/537.36"
185.111.111.0 - - [15/Dec/2025:05:22:25 +0100] "GET /wp-content/themes/busiprof-pro/print.css HTTP/1.1" 404 2655 "-" "WordPress/6.8.3; https://www.gebaeudetechnik.nrw"
74.225.204.0 - - [15/Dec/2025:05:22:25 +0100] "GET /wp-content/admin-header.php HTTP/1.1" 200 237811 "https://www.google.co.uk/" "Mozilla/5.0 (Linux; Android 12; V2134) AppleWebKit/537.36 (KHTML, like Gecko) Chrome/116.0.0.0 Mobile Safari/537.36"
74.225.204.0 - - [15/Dec/2025:05:22:25 +0100] "GET /wp-content/themes/about.php HTTP/1.1" 404 2762 "https://www.google.co.uk/" "Mozilla/5.g (Linux; Android 13; Pixel 7) AppleWebKit/537.36 (KHTML, like Gecko) Chrome/116.0.0.0 Mobile Safari/537.36"
74.225.204.0 - - [15/Dec/2025:05:22:25 +0100] "GET /wp-includes/js/dist HTTP/1.1" 301 248 "https://www.google.de/" "Mozilla/5.0 (iPhone; CPU iPhone OS 17_0_3 like Mac OS X) AppleWebKit/605.1.15 (KHTML, like Gecko) Version/17.0.1 Mobile/15E148 Safari/604.1"
74.225.204.0 - - [15/Dec/2025:05:22:25 +0100] "GET /wp-includes/js/dist HTTP/1.1" 301 249 "https://www.google.de/" "Mozilla/5.0 (iPhone; CPU iPhone OS 17_0_3 like Mac OS X) AppleWebKit/605.1.15 (KHTML, like Gecko) Version/17.0.1 Mobile/15E148 Safari/604.1"
74.225.204.0 - - [15/Dec/2025:05:22:25 +0100] "GET /wp-includes/js/dist/ HTTP/1.1" 403 2584 "https://www.google.de/" "Mozilla/5.0 (iPhone; CPU iPhone OS 17_0_3 like Mac OS X) AppleWebKit/605.1.15 (KHTML, like Gecko) Version/17.0.1 Mobile/15E148 Safari/604.1"
74.225.204.0 - - [15/Dec/2025:05:22:26 +0100] "GET /wp-includes/rest-api/fields HTTP/1.1" 301 256 "https://www.bing.com/" "Mozilla/5.0 (iPhone; CPU iPhone OS 17_1_1 like Mac OS X) AppleWebKit/605.1.15 (KHTML, like Gecko) Version/17.1 Mobile/15E148 Safari/604.1"
74.225.204.0 - - [15/Dec/2025:05:22:26 +0100] "GET /wp-includes/rest-api/fields HTTP/1.1" 301 257 "https://www.bing.com/" "Mozilla/5.0 (iPhone; CPU iPhone OS 17_1_1 like Mac OS X) AppleWebKit/605.1.15 (KHTML, like Gecko) Version/17.1 Mobile/15E148 Safari/604.1"
54.85.7.0 - - [15/Dec/2025:05:22:26 +0100] "GET /contao/vendor/contao/comments-bundle/src/Resources/contao/elements/?C=M;O%3DA HTTP/1.1" 200 446 "-" "Mozilla/5.0 AppleWebKit/537.36 (KHTML, like Gecko; compatible; Amazonbot/0.1; +https://developer.amazon.com/support/amazonbot) Chrome/119.0.6045.214 Safari/537.36"
74.225.204.0 - - [15/Dec/2025:05:22:26 +0100] "GET /wp-includes/rest-api/fields/ HTTP/1.1" 403 2582 "https://www.bing.com/" "Mozilla/5.0 (iPhone; CPU iPhone OS 17_1_1 like Mac OS X) AppleWebKit/605.1.15 (KHTML, like Gecko) Version/17.1 Mobile/15E148 Safari/604.1"
45.156.129.0 - - [15/Dec/2025:05:22:26 +0100] "GET /api/session/properties HTTP/1.1" 404 2579 "-" "Mozilla/5.0 (Windows NT 10.0; Win64; x64) AppleWebKit/537.36 (KHTML, like Gecko) Chrome/60.0.3112.113 Safari/537.36"
74.225.204.0 - - [15/Dec/2025:05:22:26 +0100] "GET /wp.php HTTP/1.1" 301 235 "https://www.google.com/" "Mozilla/5.0 (Linux; Android 10; K) AppleWebKit/537.36 (KHTML, like Gecko) Chrome/117.0.0.0 Mobile Safari/537.36"
185.111.111.0 - - [15/Dec/2025:05:22:26 +0100] "GET /wp-content/themes/busiprof-pro/print.css HTTP/1.1" 404 2655 "-" "WordPress/6.8.3; https://www.gebaeudetechnik.nrw"
74.225.204.0 - - [15/Dec/2025:05:22:26 +0100] "GET /wp.php HTTP/1.1" 200 237811 "https://www.google.com/" "Mozilla/5.0 (Linux; Android 10; K) AppleWebKit/537.36 (KHTML, like Gecko) Chrome/117.0.0.0 Mobile Safari/537.36"
74.225.204.0 - - [15/Dec/2025:05:22:27 +0100] "GET /admin.php HTTP/1.1" 301 238 "https://www.google.fr/" "Mozilla/5.0 (Linux; Android 13; SM-S908E) AppleWebKit/537.36 (KHTML, like Gecko) Chrome/116.0.0.0 Mobile Safari/537.36"
185.111.111.0 - - [15/Dec/2025:05:22:27 +0100] "GET /wp-content/themes/busiprof-pro/print.css HTTP/1.1" 404 2655 "-" "WordPress/6.8.3; https://www.gebaeudetechnik.nrw"
74.225.204.0 - - [15/Dec/2025:05:22:27 +0100] "GET /admin.php HTTP/1.1" 200 237811 "https://www.google.fr/" "Mozilla/5.0 (Linux; Android 13; SM-S908E) AppleWebKit/537.36 (KHTML, like Gecko) Chrome/116.0.0.0 Mobile Safari/537.36"
74.225.204.0 - - [15/Dec/2025:05:22:27 +0100] "GET /adminfuns.php HTTP/1.1" 301 242 "https://www.google.fr/" "Mozilla/5.g (Linux; Android 13; Pixel 7) AppleWebKit/537.36 (KHTML, like Gecko) Chrome/116.0.0.0 Mobile Safari/537.36"
185.111.111.0 - - [15/Dec/2025:05:22:28 +0100] "GET /wp-content/themes/busiprof-pro/print.css HTTP/1.1" 404 2655 "-" "WordPress/6.8.3; https://www.gebaeudetechnik.nrw"
74.225.204.0 - - [15/Dec/2025:05:22:27 +0100] "GET /adminfuns.php HTTP/1.1" 200 237811 "https://www.google.fr/" "Mozilla/5.g (Linux; Android 13; Pixel 7) AppleWebKit/537.36 (KHTML, like Gecko) Chrome/116.0.0.0 Mobile Safari/537.36"
74.225.204.0 - - [15/Dec/2025:05:22:28 +0100] "GET /chosen.php HTTP/1.1" 301 239 "https://www.google.fr/" "Mozilla/5.0 (Linux; Android 12; SM-A525F) AppleWebKit/537.36 (KHTML, like Gecko) Chrome/117.0.0.0 Mobile Safari/537.36"
185.111.111.0 - - [15/Dec/2025:05:22:28 +0100] "GET /wp-content/themes/busiprof-pro/print.css HTTP/1.1" 404 2655 "-" "WordPress/6.8.3; https://www.gebaeudetechnik.nrw"
74.225.204.0 - - [15/Dec/2025:05:22:28 +0100] "GET /chosen.php HTTP/1.1" 200 237811 "https://www.google.fr/" "Mozilla/5.0 (Linux; Android 12; SM-A525F) AppleWebKit/537.36 (KHTML, like Gecko) Chrome/117.0.0.0 Mobile Safari/537.36"
74.225.204.0 - - [15/Dec/2025:05:22:29 +0100] "GET /classwithtostring.php HTTP/1.1" 301 250 "https://www.yahoo.com/" "Mozilla/5.0 (iPhone; CPU iPhone OS 16_0 like Mac OS X) AppleWebKit/605.1.15 (KHTML, like Gecko) FxiOS/118.0 Mobile/15E148 Safari/605.1.15"
18.232.11.0 - - [15/Dec/2025:05:22:29 +0100] "GET /contao/vendor/contao/comments-bundle/src/Resources/contao/classes/?C=S;O%3DA HTTP/1.1" 200 444 "-" "Mozilla/5.0 AppleWebKit/537.36 (KHTML, like Gecko; compatible; Amazonbot/0.1; +https://developer.amazon.com/support/amazonbot) Chrome/119.0.6045.214 Safari/537.36"
185.111.111.0 - - [15/Dec/2025:05:22:29 +0100] "GET /wp-content/themes/busiprof-pro/print.css HTTP/1.1" 404 2655 "-" "WordPress/6.8.3; https://www.gebaeudetechnik.nrw"
74.225.204.0 - - [15/Dec/2025:05:22:29 +0100] "GET /classwithtostring.php HTTP/1.1" 200 237811 "https://www.yahoo.com/" "Mozilla/5.0 (iPhone; CPU iPhone OS 16_0 like Mac OS X) AppleWebKit/605.1.15 (KHTML, like Gecko) FxiOS/118.0 Mobile/15E148 Safari/605.1.15"
74.225.204.0 - - [15/Dec/2025:05:22:29 +0100] "GET /edit.php HTTP/1.1" 301 237 "https://www.google.co.uk/" "Mozilla/5.0 (iPad; CPU OS 17_0_3 like Mac OS X) AppleWebKit/605.1.15 (KHTML, like Gecko) Version/17.0.1 Mobile/15E148 Safari/604.1"
185.111.111.0 - - [15/Dec/2025:05:22:29 +0100] "GET /wp-content/themes/busiprof-pro/print.css HTTP/1.1" 404 2655 "-" "WordPress/6.8.3; https://www.gebaeudetechnik.nrw"
74.225.204.0 - - [15/Dec/2025:05:22:29 +0100] "GET /edit.php HTTP/1.1" 200 237811 "https://www.google.co.uk/" "Mozilla/5.0 (iPad; CPU OS 17_0_3 like Mac OS X) AppleWebKit/605.1.15 (KHTML, like Gecko) Version/17.0.1 Mobile/15E148 Safari/604.1"
74.225.204.0 - - [15/Dec/2025:05:22:30 +0100] "GET /goods.php HTTP/1.1" 301 238 "https://www.google.com/" "Mozilla/5.0 (Linux; Android 11; 21081111RG) AppleWebKit/537.36 (KHTML, like Gecko) Chrome/116.0.0.0 Mobile Safari/537.36"
185.111.111.0 - - [15/Dec/2025:05:22:30 +0100] "GET /wp-content/themes/busiprof-pro/print.css HTTP/1.1" 404 2655 "-" "WordPress/6.8.3; https://www.gebaeudetechnik.nrw"
74.225.204.0 - - [15/Dec/2025:05:22:30 +0100] "GET /goods.php HTTP/1.1" 200 237811 "https://www.google.com/" "Mozilla/5.0 (Linux; Android 11; 21081111RG) AppleWebKit/537.36 (KHTML, like Gecko) Chrome/116.0.0.0 Mobile Safari/537.36"
74.225.204.0 - - [15/Dec/2025:05:22:30 +0100] "GET /k.php HTTP/1.1" 301 234 "https://www.google.de/" "Mozilla/5.0 (iPad; CPU OS 16_7_2 like Mac OS X) AppleWebKit/605.1.15 (KHTML, like Gecko) Version/16.6 Mobile/15E148 Safari/604.1"
185.111.111.0 - - [15/Dec/2025:05:22:31 +0100] "GET /wp-content/themes/busiprof-pro/print.css HTTP/1.1" 404 2655 "-" "WordPress/6.8.3; https://www.gebaeudetechnik.nrw"
74.225.204.0 - - [15/Dec/2025:05:22:30 +0100] "GET /k.php HTTP/1.1" 200 237811 "https://www.google.de/" "Mozilla/5.0 (iPad; CPU OS 16_7_2 like Mac OS X) AppleWebKit/605.1.15 (KHTML, like Gecko) Version/16.6 Mobile/15E148 Safari/604.1"
74.225.204.0 - - [15/Dec/2025:05:22:31 +0100] "GET /mah/function.php HTTP/1.1" 301 245 "https://duckduckgo.com/" "Mozilla/5.0 (Linux; Android 13; M2101K6G) AppleWebKit/537.36 (KHTML, like Gecko) Chrome/116.0.0.0 Mobile Safari/537.36"
185.111.111.0 - - [15/Dec/2025:05:22:31 +0100] "GET /wp-content/themes/busiprof-pro/print.css HTTP/1.1" 404 2655 "-" "WordPress/6.8.3; https://www.gebaeudetechnik.nrw"
74.225.204.0 - - [15/Dec/2025:05:22:31 +0100] "GET /mah/function.php HTTP/1.1" 200 237811 "https://duckduckgo.com/" "Mozilla/5.0 (Linux; Android 13; M2101K6G) AppleWebKit/537.36 (KHTML, like Gecko) Chrome/116.0.0.0 Mobile Safari/537.36"
74.225.204.0 - - [15/Dec/2025:05:22:32 +0100] "GET /wp-conflg/function.php HTTP/1.1" 301 251 "https://www.bing.com/" "Mozilla/5.0 (iPhone; CPU iPhone OS 17_1_1 like Mac OS X) AppleWebKit/605.1.15 (KHTML, like Gecko) Version/17.1 Mobile/15E148 Safari/604.1"
185.111.111.0 - - [15/Dec/2025:05:22:32 +0100] "GET /wp-content/themes/busiprof-pro/print.css HTTP/1.1" 404 2655 "-" "WordPress/6.8.3; https://www.gebaeudetechnik.nrw"
74.225.204.0 - - [15/Dec/2025:05:22:32 +0100] "GET /wp-conflg/function.php HTTP/1.1" 200 237811 "https://www.bing.com/" "Mozilla/5.0 (iPhone; CPU iPhone OS 17_1_1 like Mac OS X) AppleWebKit/605.1.15 (KHTML, like Gecko) Version/17.1 Mobile/15E148 Safari/604.1"
45.156.129.0 - - [15/Dec/2025:05:22:32 +0100] "GET /admin/ HTTP/1.1" 404 2547 "-" "Mozilla/5.0 (Windows NT 10.0; Win64; x64) AppleWebKit/537.36 (KHTML, like Gecko) Chrome/60.0.3112.113 Safari/537.36"
74.225.204.0 - - [15/Dec/2025:05:22:32 +0100] "GET /wp-content/admin.php HTTP/1.1" 301 249 "https://duckduckgo.com/" "Mozilla/5.0 (Linux; Android 13; SM-G991U) AppleWebKit/537.36 (KHTML, like Gecko) Chrome/117.0.0.0 Mobile Safari/537.36"
185.111.111.0 - - [15/Dec/2025:05:22:32 +0100] "GET /wp-content/themes/busiprof-pro/print.css HTTP/1.1" 404 2655 "-" "WordPress/6.8.3; https://www.gebaeudetechnik.nrw"
45.156.129.0 - - [15/Dec/2025:05:22:32 +0100] "GET / HTTP/1.1" 200 729 "-" "Mozilla/5.0 (Windows NT 10.0; Win64; x64) AppleWebKit/537.36 (KHTML, like Gecko) Chrome/60.0.3112.113 Safari/537.36"
74.225.204.0 - - [15/Dec/2025:05:22:32 +0100] "GET /wp-content/admin.php HTTP/1.1" 200 237811 "https://duckduckgo.com/" "Mozilla/5.0 (Linux; Android 13; SM-G991U) AppleWebKit/537.36 (KHTML, like Gecko) Chrome/117.0.0.0 Mobile Safari/537.36"
74.225.204.0 - - [15/Dec/2025:05:22:33 +0100] "GET /wp-content/languages/index.php HTTP/1.1" 301 259 "https://www.yahoo.com/" "Mozilla/5.0 (iPad; CPU OS 17_0_3 like Mac OS X) AppleWebKit/605.1.15 (KHTML, like Gecko) Version/17.0.1 Mobile/15E148 Safari/604.1"
45.156.129.0 - - [15/Dec/2025:05:22:33 +0100] "GET /Web/Auth HTTP/1.1" 404 2551 "-" "Mozilla/5.0 (Windows NT 10.0; Win64; x64) AppleWebKit/537.36 (KHTML, like Gecko) Chrome/60.0.3112.113 Safari/537.36"
74.225.204.0 - - [15/Dec/2025:05:22:33 +0100] "GET /wp-content/languages/index.php HTTP/1.1" 200 - "https://www.yahoo.com/" "Mozilla/5.0 (iPad; CPU OS 17_0_3 like Mac OS X) AppleWebKit/605.1.15 (KHTML, like Gecko) Version/17.0.1 Mobile/15E148 Safari/604.1"
74.225.204.0 - - [15/Dec/2025:05:22:33 +0100] "GET /wp-content/languages/ HTTP/1.1" 403 2584 "https://www.yahoo.com/" "Mozilla/5.0 (iPad; CPU OS 17_0_3 like Mac OS X) AppleWebKit/605.1.15 (KHTML, like Gecko) Version/17.0.1 Mobile/15E148 Safari/604.1"
98.82.59.0 - - [15/Dec/2025:05:22:33 +0100] "GET /contao/vendor/contao/faq-bundle/src/Resources/contao/languages/da/ HTTP/1.1" 200 554 "-" "Mozilla/5.0 AppleWebKit/537.36 (KHTML, like Gecko; compatible; Amazonbot/0.1; +https://developer.amazon.com/support/amazonbot) Chrome/119.0.6045.214 Safari/537.36"
74.225.204.0 - - [15/Dec/2025:05:22:33 +0100] "GET /wp-includes/PHPMailer/index.php HTTP/1.1" 301 260 "https://www.bing.com/" "Mozilla/5.0 (iPhone; CPU iPhone OS 16_0 like Mac OS X) AppleWebKit/605.1.15 (KHTML, like Gecko) FxiOS/118.0 Mobile/15E148 Safari/605.1.15"
74.225.204.0 - - [15/Dec/2025:05:22:33 +0100] "GET /wp-includes/PHPMailer/index.php HTTP/1.1" 200 - "https://www.bing.com/" "Mozilla/5.0 (iPhone; CPU iPhone OS 16_0 like Mac OS X) AppleWebKit/605.1.15 (KHTML, like Gecko) FxiOS/118.0 Mobile/15E148 Safari/605.1.15"
74.225.204.0 - - [15/Dec/2025:05:22:34 +0100] "GET /wp-includes/PHPMailer/ HTTP/1.1" 403 2582 "https://www.bing.com/" "Mozilla/5.0 (iPhone; CPU iPhone OS 16_0 like Mac OS X) AppleWebKit/605.1.15 (KHTML, like Gecko) FxiOS/118.0 Mobile/15E148 Safari/605.1.15"
74.225.204.0 - - [15/Dec/2025:05:22:34 +0100] "GET /wp-includes/images HTTP/1.1" 301 247 "https://www.google.de/" "Mozilla/5.0 (Linux; Android 12; 2201116SG) AppleWebKit/537.36 (KHTML, like Gecko) Chrome/116.0.0.0 Mobile Safari/537.36"
74.225.204.0 - - [15/Dec/2025:05:22:34 +0100] "GET /wp-includes/images HTTP/1.1" 301 248 "https://www.google.de/" "Mozilla/5.0 (Linux; Android 12; 2201116SG) AppleWebKit/537.36 (KHTML, like Gecko) Chrome/116.0.0.0 Mobile Safari/537.36"
74.225.204.0 - - [15/Dec/2025:05:22:34 +0100] "GET /wp-includes/images/ HTTP/1.1" 403 2584 "https://www.google.de/" "Mozilla/5.0 (Linux; Android 12; 2201116SG) AppleWebKit/537.36 (KHTML, like Gecko) Chrome/116.0.0.0 Mobile Safari/537.36"
74.225.204.0 - - [15/Dec/2025:05:22:34 +0100] "GET /wp-includes/images/index.php HTTP/1.1" 301 257 "https://www.google.fr/" "Mozilla/5.0 (iPhone; CPU iPhone OS 17_1_1 like Mac OS X) AppleWebKit/605.1.15 (KHTML, like Gecko) Version/17.1 Mobile/15E148 Safari/604.1"
74.225.204.0 - - [15/Dec/2025:05:22:34 +0100] "GET /wp-includes/images/index.php HTTP/1.1" 200 - "https://www.google.fr/" "Mozilla/5.0 (iPhone; CPU iPhone OS 17_1_1 like Mac OS X) AppleWebKit/605.1.15 (KHTML, like Gecko) Version/17.1 Mobile/15E148 Safari/604.1"
74.225.204.0 - - [15/Dec/2025:05:22:35 +0100] "GET /wp-includes/images/ HTTP/1.1" 403 2584 "https://www.google.fr/" "Mozilla/5.0 (iPhone; CPU iPhone OS 17_1_1 like Mac OS X) AppleWebKit/605.1.15 (KHTML, like Gecko) Version/17.1 Mobile/15E148 Safari/604.1"
74.225.204.0 - - [15/Dec/2025:05:22:35 +0100] "GET /wp-includes/js/dist/development HTTP/1.1" 301 260 "https://www.google.com/" "Mozilla/5.0 (iPad; CPU OS 17_0_3 like Mac OS X) AppleWebKit/605.1.15 (KHTML, like Gecko) Version/17.0.1 Mobile/15E148 Safari/604.1"
74.225.204.0 - - [15/Dec/2025:05:22:35 +0100] "GET /wp-includes/js/dist/development HTTP/1.1" 301 261 "https://www.google.com/" "Mozilla/5.0 (iPad; CPU OS 17_0_3 like Mac OS X) AppleWebKit/605.1.15 (KHTML, like Gecko) Version/17.0.1 Mobile/15E148 Safari/604.1"
74.225.204.0 - - [15/Dec/2025:05:22:35 +0100] "GET /wp-includes/js/dist/development/ HTTP/1.1" 403 2586 "https://www.google.com/" "Mozilla/5.0 (iPad; CPU OS 17_0_3 like Mac OS X) AppleWebKit/605.1.15 (KHTML, like Gecko) Version/17.0.1 Mobile/15E148 Safari/604.1"
74.225.204.0 - - [15/Dec/2025:05:22:35 +0100] "GET /wp-user.php HTTP/1.1" 301 240 "https://duckduckgo.com/" "Mozilla/5.0 (iPhone; CPU iPhone OS 15_7_9 like Mac OS X) AppleWebKit/605.1.15 (KHTML, like Gecko) Version/15.6.5 Mobile/15E148 Safari/604.1"
185.111.111.0 - - [15/Dec/2025:05:22:35 +0100] "GET /wp-content/themes/busiprof-pro/print.css HTTP/1.1" 404 2655 "-" "WordPress/6.8.3; https://www.gebaeudetechnik.nrw"
74.225.204.0 - - [15/Dec/2025:05:22:35 +0100] "GET /wp-user.php HTTP/1.1" 200 237811 "https://duckduckgo.com/" "Mozilla/5.0 (iPhone; CPU iPhone OS 15_7_9 like Mac OS X) AppleWebKit/605.1.15 (KHTML, like Gecko) Version/15.6.5 Mobile/15E148 Safari/604.1"
74.225.204.0 - - [15/Dec/2025:05:22:36 +0100] "GET /404.php HTTP/1.1" 301 236 "https://www.google.co.uk/" "Mozilla/5.0 (Linux; Android 11; CPH2251) AppleWebKit/537.36 (KHTML, like Gecko) Chrome/116.0.0.0 Mobile Safari/537.36"
185.111.111.0 - - [15/Dec/2025:05:22:36 +0100] "GET /wp-content/themes/busiprof-pro/print.css HTTP/1.1" 404 2655 "-" "WordPress/6.8.3; https://www.gebaeudetechnik.nrw"
74.225.204.0 - - [15/Dec/2025:05:22:36 +0100] "GET /404.php HTTP/1.1" 200 237811 "https://www.google.co.uk/" "Mozilla/5.0 (Linux; Android 11; CPH2251) AppleWebKit/537.36 (KHTML, like Gecko) Chrome/116.0.0.0 Mobile Safari/537.36"
3.223.181.0 - - [15/Dec/2025:05:22:36 +0100] "GET /contao/vendor/contao/comments-bundle/src/Resources/contao/languages/zh/ HTTP/1.1" 200 524 "-" "Mozilla/5.0 AppleWebKit/537.36 (KHTML, like Gecko; compatible; Amazonbot/0.1; +https://developer.amazon.com/support/amazonbot) Chrome/119.0.6045.214 Safari/537.36"
74.225.204.0 - - [15/Dec/2025:05:22:37 +0100] "GET /akcc.php HTTP/1.1" 301 237 "https://www.google.de/" "Mozilla/5.0 (iPhone; CPU iPhone OS 17_1_1 like Mac OS X) AppleWebKit/605.1.15 (KHTML, like Gecko) Version/17.1 Mobile/15E148 Safari/604.1"
185.111.111.0 - - [15/Dec/2025:05:22:37 +0100] "GET /wp-content/themes/busiprof-pro/print.css HTTP/1.1" 404 2655 "-" "WordPress/6.8.3; https://www.gebaeudetechnik.nrw"
74.225.204.0 - - [15/Dec/2025:05:22:37 +0100] "GET /akcc.php HTTP/1.1" 200 237811 "https://www.google.de/" "Mozilla/5.0 (iPhone; CPU iPhone OS 17_1_1 like Mac OS X) AppleWebKit/605.1.15 (KHTML, like Gecko) Version/17.1 Mobile/15E148 Safari/604.1"
74.225.204.0 - - [15/Dec/2025:05:22:37 +0100] "GET /gg.php HTTP/1.1" 301 235 "https://duckduckgo.com/" "Mozilla/5.0 (iPhone; CPU iPhone OS 15_7_9 like Mac OS X) AppleWebKit/605.1.15 (KHTML, like Gecko) Version/15.6.5 Mobile/15E148 Safari/604.1"
185.111.111.0 - - [15/Dec/2025:05:22:37 +0100] "GET /wp-content/themes/busiprof-pro/print.css HTTP/1.1" 404 2655 "-" "WordPress/6.8.3; https://www.gebaeudetechnik.nrw"
74.225.204.0 - - [15/Dec/2025:05:22:37 +0100] "GET /gg.php HTTP/1.1" 200 237811 "https://duckduckgo.com/" "Mozilla/5.0 (iPhone; CPU iPhone OS 15_7_9 like Mac OS X) AppleWebKit/605.1.15 (KHTML, like Gecko) Version/15.6.5 Mobile/15E148 Safari/604.1"
74.225.204.0 - - [15/Dec/2025:05:22:38 +0100] "GET /mah.php HTTP/1.1" 301 236 "https://www.google.de/" "Mozilla/5.0 (Linux; Android 10; LM-Q720) AppleWebKit/537.36 (KHTML, like Gecko) Chrome/116.0.0.0 Mobile Safari/537.36"
185.111.111.0 - - [15/Dec/2025:05:22:38 +0100] "GET /wp-content/themes/busiprof-pro/print.css HTTP/1.1" 404 2655 "-" "WordPress/6.8.3; https://www.gebaeudetechnik.nrw"
74.225.204.0 - - [15/Dec/2025:05:22:38 +0100] "GET /mah.php HTTP/1.1" 200 237811 "https://www.google.de/" "Mozilla/5.0 (Linux; Android 10; LM-Q720) AppleWebKit/537.36 (KHTML, like Gecko) Chrome/116.0.0.0 Mobile Safari/537.36"
74.225.204.0 - - [15/Dec/2025:05:22:38 +0100] "GET /new.php HTTP/1.1" 301 236 "https://www.google.com/" "Mozilla/5.0 (Linux; Android 13; SM-S908E) AppleWebKit/537.36 (KHTML, like Gecko) Chrome/116.0.0.0 Mobile Safari/537.36"
45.156.129.0 - - [15/Dec/2025:05:22:38 +0100] "GET /cgi-bin/authLogin.cgi HTTP/1.1" 404 2577 "-" "Mozilla/5.0 (Windows NT 10.0; Win64; x64) AppleWebKit/537.36 (KHTML, like Gecko) Chrome/60.0.3112.113 Safari/537.36"
185.111.111.0 - - [15/Dec/2025:05:22:39 +0100] "GET /wp-content/themes/busiprof-pro/print.css HTTP/1.1" 404 2655 "-" "WordPress/6.8.3; https://www.gebaeudetechnik.nrw"
74.225.204.0 - - [15/Dec/2025:05:22:38 +0100] "GET /new.php HTTP/1.1" 200 237811 "https://www.google.com/" "Mozilla/5.0 (Linux; Android 13; SM-S908E) AppleWebKit/537.36 (KHTML, like Gecko) Chrome/116.0.0.0 Mobile Safari/537.36"
74.225.204.0 - - [15/Dec/2025:05:22:39 +0100] "GET /themes.php HTTP/1.1" 301 239 "https://www.google.de/" "Mozilla/5.0 (iPhone; CPU iPhone OS 17_1 like Mac OS X) AppleWebKit/605.1.15 (KHTML, like Gecko) CriOS/119.0.6045.109 Mobile/15E148 Safari/604.1"
185.111.111.0 - - [15/Dec/2025:05:22:39 +0100] "GET /wp-content/themes/busiprof-pro/print.css HTTP/1.1" 404 2655 "-" "WordPress/6.8.3; https://www.gebaeudetechnik.nrw"
74.225.204.0 - - [15/Dec/2025:05:22:39 +0100] "GET /themes.php HTTP/1.1" 200 237811 "https://www.google.de/" "Mozilla/5.0 (iPhone; CPU iPhone OS 17_1 like Mac OS X) AppleWebKit/605.1.15 (KHTML, like Gecko) CriOS/119.0.6045.109 Mobile/15E148 Safari/604.1"
74.225.204.0 - - [15/Dec/2025:05:22:40 +0100] "GET /uploads/index.php HTTP/1.1" 301 246 "https://www.google.fr/" "Mozilla/5.0 (Linux; Android 13; SM-G991U) AppleWebKit/537.36 (KHTML, like Gecko) Chrome/117.0.0.0 Mobile Safari/537.36"
74.225.204.0 - - [15/Dec/2025:05:22:40 +0100] "GET /uploads/index.php HTTP/1.1" 200 - "https://www.google.fr/" "Mozilla/5.0 (Linux; Android 13; SM-G991U) AppleWebKit/537.36 (KHTML, like Gecko) Chrome/117.0.0.0 Mobile Safari/537.36"
91.201.113.0 - - [15/Dec/2025:05:22:40 +0100] "GET /reports/usage_202511.html HTTP/1.0" 200 94062 "https://vykup-auto-prm.ru/" "Mozilla/5.0 (Windows NT 10.0; Win64; x64) AppleWebKit/537.36 (KHTML, like Gecko) Chrome/129.0.0.0 Safari/537.36"
185.111.111.0 - - [15/Dec/2025:05:22:40 +0100] "GET /wp-content/themes/busiprof-pro/print.css HTTP/1.1" 404 2655 "-" "WordPress/6.8.3; https://www.gebaeudetechnik.nrw"
74.225.204.0 - - [15/Dec/2025:05:22:40 +0100] "GET /uploads/ HTTP/1.1" 200 237811 "https://www.google.fr/" "Mozilla/5.0 (Linux; Android 13; SM-G991U) AppleWebKit/537.36 (KHTML, like Gecko) Chrome/117.0.0.0 Mobile Safari/537.36"
18.210.58.0 - - [15/Dec/2025:05:22:40 +0100] "GET /contao/vendor/contao/comments-bundle/src/Resources/contao/languages/ja/ HTTP/1.1" 200 521 "-" "Mozilla/5.0 AppleWebKit/537.36 (KHTML, like Gecko; compatible; Amazonbot/0.1; +https://developer.amazon.com/support/amazonbot) Chrome/119.0.6045.214 Safari/537.36"
74.225.204.0 - - [15/Dec/2025:05:22:40 +0100] "GET /wp-admin HTTP/1.1" 301 237 "https://www.yahoo.com/" "Mozilla/5.0 (Linux; Android 13; SM-S908E) AppleWebKit/537.36 (KHTML, like Gecko) Chrome/116.0.0.0 Mobile Safari/537.36"
74.225.204.0 - - [15/Dec/2025:05:22:40 +0100] "GET /wp-admin HTTP/1.1" 301 238 "https://www.yahoo.com/" "Mozilla/5.0 (Linux; Android 13; SM-S908E) AppleWebKit/537.36 (KHTML, like Gecko) Chrome/116.0.0.0 Mobile Safari/537.36"
74.225.204.0 - - [15/Dec/2025:05:22:41 +0100] "GET /wp-admin/ HTTP/1.1" 302 - "https://www.yahoo.com/" "Mozilla/5.0 (Linux; Android 13; SM-S908E) AppleWebKit/537.36 (KHTML, like Gecko) Chrome/116.0.0.0 Mobile Safari/537.36"
74.225.204.0 - - [15/Dec/2025:05:22:41 +0100] "GET /nicht-erlaubt/ HTTP/1.1" 200 - "https://www.yahoo.com/" "Mozilla/5.0 (Linux; Android 13; SM-S908E) AppleWebKit/537.36 (KHTML, like Gecko) Chrome/116.0.0.0 Mobile Safari/537.36"
185.111.111.0 - - [15/Dec/2025:05:22:42 +0100] "GET /wp-content/themes/busiprof-pro/print.css HTTP/1.1" 404 2655 "-" "WordPress/6.8.3; https://www.gebaeudetechnik.nrw"
91.201.113.0 - - [15/Dec/2025:05:22:42 +0100] "GET /reports/usage_202511.html HTTP/1.0" 200 94062 "https://vykup-auto-prm.ru/" "Mozilla/5.0 (Windows NT 10.0; Win64; x64) AppleWebKit/537.36 (KHTML, like Gecko) Chrome/131.0.0.0 Safari/537.36"
74.225.204.0 - - [15/Dec/2025:05:22:42 +0100] "GET /kontaktformular/nicht-erlaubt/ HTTP/1.1" 200 241993 "https://www.yahoo.com/" "Mozilla/5.0 (Linux; Android 13; SM-S908E) AppleWebKit/537.36 (KHTML, like Gecko) Chrome/116.0.0.0 Mobile Safari/537.36"
74.225.204.0 - - [15/Dec/2025:05:22:42 +0100] "GET /wp-admin/classwithtostring.php HTTP/1.1" 301 259 "https://www.google.fr/" "Mozilla/5.0 (iPhone; CPU iPhone OS 15_7_9 like Mac OS X) AppleWebKit/605.1.15 (KHTML, like Gecko) Version/15.6.5 Mobile/15E148 Safari/604.1"
185.111.111.0 - - [15/Dec/2025:05:22:43 +0100] "GET /wp-content/themes/busiprof-pro/print.css HTTP/1.1" 404 2655 "-" "WordPress/6.8.3; https://www.gebaeudetechnik.nrw"
74.225.204.0 - - [15/Dec/2025:05:22:43 +0100] "GET /wp-admin/classwithtostring.php HTTP/1.1" 200 237811 "https://www.google.fr/" "Mozilla/5.0 (iPhone; CPU iPhone OS 15_7_9 like Mac OS X) AppleWebKit/605.1.15 (KHTML, like Gecko) Version/15.6.5 Mobile/15E148 Safari/604.1"
74.225.204.0 - - [15/Dec/2025:05:22:43 +0100] "GET /wp-admin/css HTTP/1.1" 301 241 "https://www.yahoo.com/" "Mozilla/5.0 (Linux; Android 12; V2134) AppleWebKit/537.36 (KHTML, like Gecko) Chrome/116.0.0.0 Mobile Safari/537.36"
74.225.204.0 - - [15/Dec/2025:05:22:44 +0100] "GET /wp-admin/css HTTP/1.1" 301 242 "https://www.yahoo.com/" "Mozilla/5.0 (Linux; Android 12; V2134) AppleWebKit/537.36 (KHTML, like Gecko) Chrome/116.0.0.0 Mobile Safari/537.36"
74.225.204.0 - - [15/Dec/2025:05:22:44 +0100] "GET /wp-admin/css/ HTTP/1.1" 403 2584 "https://www.yahoo.com/" "Mozilla/5.0 (Linux; Android 12; V2134) AppleWebKit/537.36 (KHTML, like Gecko) Chrome/116.0.0.0 Mobile Safari/537.36"
45.156.129.0 - - [15/Dec/2025:05:22:44 +0100] "GET /ext-js/app/common/zld_product_spec.js HTTP/1.1" 404 2609 "-" "Mozilla/5.0 (Windows NT 10.0; Win64; x64) AppleWebKit/537.36 (KHTML, like Gecko) Chrome/60.0.3112.113 Safari/537.36"
74.225.204.0 - - [15/Dec/2025:05:22:44 +0100] "GET /wp-admin/css/about.php HTTP/1.1" 301 251 "https://duckduckgo.com/" "Mozilla/5.0 (Linux; Android 13; SM-S908E) AppleWebKit/537.36 (KHTML, like Gecko) Chrome/116.0.0.0 Mobile Safari/537.36"
91.201.113.0 - - [15/Dec/2025:05:22:44 +0100] "GET /reports/usage_202511.html HTTP/1.0" 200 94062 "https://vykup-auto-prm.ru/" "Mozilla/5.0 (Windows NT 10.0; Win64; x64) AppleWebKit/537.36 (KHTML, like Gecko) Chrome/130.0.0.0 Safari/537.36 CCleaner/130.0.0.0"
185.111.111.0 - - [15/Dec/2025:05:22:44 +0100] "GET /wp-content/themes/busiprof-pro/print.css HTTP/1.1" 404 2655 "-" "WordPress/6.8.3; https://www.gebaeudetechnik.nrw"
74.225.204.0 - - [15/Dec/2025:05:22:44 +0100] "GET /wp-admin/css/about.php HTTP/1.1" 200 237811 "https://duckduckgo.com/" "Mozilla/5.0 (Linux; Android 13; SM-S908E) AppleWebKit/537.36 (KHTML, like Gecko) Chrome/116.0.0.0 Mobile Safari/537.36"
45.156.129.0 - - [15/Dec/2025:05:22:44 +0100] "GET /zabbix/favicon.ico HTTP/1.1" 404 2571 "-" "Mozilla/5.0 (Windows NT 10.0; Win64; x64) AppleWebKit/537.36 (KHTML, like Gecko) Chrome/60.0.3112.113 Safari/537.36"
74.225.204.0 - - [15/Dec/2025:05:22:45 +0100] "GET /wp-admin/includes/colour.php HTTP/1.1" 301 257 "https://www.google.co.uk/" "Mozilla/5.0 (Linux; Android 12; SM-A525F) AppleWebKit/537.36 (KHTML, like Gecko) Chrome/117.0.0.0 Mobile Safari/537.36"
74.225.204.0 - - [15/Dec/2025:05:22:45 +0100] "GET /wp-admin/includes/colour.php HTTP/1.1" 403 2590 "https://www.google.co.uk/" "Mozilla/5.0 (Linux; Android 12; SM-A525F) AppleWebKit/537.36 (KHTML, like Gecko) Chrome/117.0.0.0 Mobile Safari/537.36"
74.225.204.0 - - [15/Dec/2025:05:22:45 +0100] "GET /wp-admin/js HTTP/1.1" 301 240 "https://www.google.co.uk/" "Mozilla/5.0 (Linux; Android 13; M2101K6G) AppleWebKit/537.36 (KHTML, like Gecko) Chrome/116.0.0.0 Mobile Safari/537.36"
74.225.204.0 - - [15/Dec/2025:05:22:45 +0100] "GET /wp-admin/js HTTP/1.1" 301 241 "https://www.google.co.uk/" "Mozilla/5.0 (Linux; Android 13; M2101K6G) AppleWebKit/537.36 (KHTML, like Gecko) Chrome/116.0.0.0 Mobile Safari/537.36"
74.225.204.0 - - [15/Dec/2025:05:22:45 +0100] "GET /wp-admin/js/ HTTP/1.1" 403 2590 "https://www.google.co.uk/" "Mozilla/5.0 (Linux; Android 13; M2101K6G) AppleWebKit/537.36 (KHTML, like Gecko) Chrome/116.0.0.0 Mobile Safari/537.36"
74.225.204.0 - - [15/Dec/2025:05:22:45 +0100] "GET /wp-admin/js/autoload_classmap.php HTTP/1.1" 301 262 "https://www.google.com/" "Mozilla/5.0 (Linux; Android 12; 2201116SG) AppleWebKit/537.36 (KHTML, like Gecko) Chrome/116.0.0.0 Mobile Safari/537.36"
185.111.111.0 - - [15/Dec/2025:05:22:45 +0100] "GET /wp-content/themes/busiprof-pro/print.css HTTP/1.1" 404 2655 "-" "WordPress/6.8.3; https://www.gebaeudetechnik.nrw"
74.225.204.0 - - [15/Dec/2025:05:22:45 +0100] "GET /wp-admin/js/autoload_classmap.php HTTP/1.1" 200 237811 "https://www.google.com/" "Mozilla/5.0 (Linux; Android 12; 2201116SG) AppleWebKit/537.36 (KHTML, like Gecko) Chrome/116.0.0.0 Mobile Safari/537.36"
74.225.204.0 - - [15/Dec/2025:05:22:46 +0100] "GET /wp-admin/js/widgets HTTP/1.1" 301 248 "https://www.google.de/" "Mozilla/5.0 (Linux; Android 13; SM-G991U) AppleWebKit/537.36 (KHTML, like Gecko) Chrome/117.0.0.0 Mobile Safari/537.36"
74.225.204.0 - - [15/Dec/2025:05:22:46 +0100] "GET /wp-admin/js/widgets HTTP/1.1" 301 249 "https://www.google.de/" "Mozilla/5.0 (Linux; Android 13; SM-G991U) AppleWebKit/537.36 (KHTML, like Gecko) Chrome/117.0.0.0 Mobile Safari/537.36"
74.225.204.0 - - [15/Dec/2025:05:22:46 +0100] "GET /wp-admin/js/widgets/ HTTP/1.1" 403 2584 "https://www.google.de/" "Mozilla/5.0 (Linux; Android 13; SM-G991U) AppleWebKit/537.36 (KHTML, like Gecko) Chrome/117.0.0.0 Mobile Safari/537.36"
74.225.204.0 - - [15/Dec/2025:05:22:46 +0100] "GET /wp-content/autoload_classmap.php HTTP/1.1" 301 261 "https://www.google.co.uk/" "Mozilla/5.g (Linux; Android 13; Pixel 7) AppleWebKit/537.36 (KHTML, like Gecko) Chrome/116.0.0.0 Mobile Safari/537.36"
185.111.111.0 - - [15/Dec/2025:05:22:47 +0100] "GET /wp-content/themes/busiprof-pro/print.css HTTP/1.1" 404 2655 "-" "WordPress/6.8.3; https://www.gebaeudetechnik.nrw"
74.225.204.0 - - [15/Dec/2025:05:22:46 +0100] "GET /wp-content/autoload_classmap.php HTTP/1.1" 200 237811 "https://www.google.co.uk/" "Mozilla/5.g (Linux; Android 13; Pixel 7) AppleWebKit/537.36 (KHTML, like Gecko) Chrome/116.0.0.0 Mobile Safari/537.36"
74.225.204.0 - - [15/Dec/2025:05:22:47 +0100] "GET /wp-content/backups-dup-lite HTTP/1.1" 301 256 "https://www.google.co.uk/" "Mozilla/5.0 (iPhone; CPU iPhone OS 17_1_1 like Mac OS X) AppleWebKit/605.1.15 (KHTML, like Gecko) Version/17.1 Mobile/15E148 Safari/604.1"
185.111.111.0 - - [15/Dec/2025:05:22:47 +0100] "GET /wp-content/themes/busiprof-pro/print.css HTTP/1.1" 404 2655 "-" "WordPress/6.8.3; https://www.gebaeudetechnik.nrw"
74.225.204.0 - - [15/Dec/2025:05:22:47 +0100] "GET /wp-content/backups-dup-lite HTTP/1.1" 200 237811 "https://www.google.co.uk/" "Mozilla/5.0 (iPhone; CPU iPhone OS 17_1_1 like Mac OS X) AppleWebKit/605.1.15 (KHTML, like Gecko) Version/17.1 Mobile/15E148 Safari/604.1"
74.225.204.0 - - [15/Dec/2025:05:22:48 +0100] "GET /wp-content/languages HTTP/1.1" 301 249 "https://www.google.co.uk/" "Mozilla/5.0 (Linux; Android 12; 2201116SG) AppleWebKit/537.36 (KHTML, like Gecko) Chrome/116.0.0.0 Mobile Safari/537.36"
74.225.204.0 - - [15/Dec/2025:05:22:48 +0100] "GET /wp-content/languages HTTP/1.1" 301 250 "https://www.google.co.uk/" "Mozilla/5.0 (Linux; Android 12; 2201116SG) AppleWebKit/537.36 (KHTML, like Gecko) Chrome/116.0.0.0 Mobile Safari/537.36"
74.225.204.0 - - [15/Dec/2025:05:22:48 +0100] "GET /wp-content/languages/ HTTP/1.1" 403 2590 "https://www.google.co.uk/" "Mozilla/5.0 (Linux; Android 12; 2201116SG) AppleWebKit/537.36 (KHTML, like Gecko) Chrome/116.0.0.0 Mobile Safari/537.36"
74.225.204.0 - - [15/Dec/2025:05:22:48 +0100] "GET /wp-content/plugins/admin.php HTTP/1.1" 301 257 "https://duckduckgo.com/" "Mozilla/5.0 (Linux; Android 11; 21081111RG) AppleWebKit/537.36 (KHTML, like Gecko) Chrome/116.0.0.0 Mobile Safari/537.36"
185.111.111.0 - - [15/Dec/2025:05:22:48 +0100] "GET /wp-content/themes/busiprof-pro/print.css HTTP/1.1" 404 2655 "-" "WordPress/6.8.3; https://www.gebaeudetechnik.nrw"
74.225.204.0 - - [15/Dec/2025:05:22:48 +0100] "GET /wp-content/plugins/admin.php HTTP/1.1" 200 237811 "https://duckduckgo.com/" "Mozilla/5.0 (Linux; Android 11; 21081111RG) AppleWebKit/537.36 (KHTML, like Gecko) Chrome/116.0.0.0 Mobile Safari/537.36"
44.209.187.0 - - [15/Dec/2025:05:22:48 +0100] "GET /contao/vendor/doctrine/orm/docs/en/tutorials/?C=D;O%3DD HTTP/1.1" 200 660 "-" "Mozilla/5.0 AppleWebKit/537.36 (KHTML, like Gecko; compatible; Amazonbot/0.1; +https://developer.amazon.com/support/amazonbot) Chrome/119.0.6045.214 Safari/537.36"
74.225.204.0 - - [15/Dec/2025:05:22:49 +0100] "GET /wp-content/themes/admin.php HTTP/1.1" 404 2758 "https://duckduckgo.com/" "Mozilla/5.0 (iPhone; CPU iPhone OS 17_1_1 like Mac OS X) AppleWebKit/605.1.15 (KHTML, like Gecko) Version/17.1 Mobile/15E148 Safari/604.1"
74.225.204.0 - - [15/Dec/2025:05:22:49 +0100] "GET /wp-content/uploads HTTP/1.1" 301 247 "https://duckduckgo.com/" "Mozilla/5.0 (Linux; Android 10; LM-Q720) AppleWebKit/537.36 (KHTML, like Gecko) Chrome/116.0.0.0 Mobile Safari/537.36"
74.225.204.0 - - [15/Dec/2025:05:22:49 +0100] "GET /wp-content/uploads/ HTTP/1.1" 403 2584 "https://duckduckgo.com/" "Mozilla/5.0 (Linux; Android 10; LM-Q720) AppleWebKit/537.36 (KHTML, like Gecko) Chrome/116.0.0.0 Mobile Safari/537.36"
74.225.204.0 - - [15/Dec/2025:05:22:49 +0100] "GET /wp-content/uploads/2025 HTTP/1.1" 301 252 "https://www.google.co.uk/" "Mozilla/5.0 (iPad; CPU OS 17_0_3 like Mac OS X) AppleWebKit/605.1.15 (KHTML, like Gecko) Version/17.0.1 Mobile/15E148 Safari/604.1"
74.225.204.0 - - [15/Dec/2025:05:22:49 +0100] "GET /wp-content/uploads/2025/ HTTP/1.1" 403 2588 "https://www.google.co.uk/" "Mozilla/5.0 (iPad; CPU OS 17_0_3 like Mac OS X) AppleWebKit/605.1.15 (KHTML, like Gecko) Version/17.0.1 Mobile/15E148 Safari/604.1"
74.225.204.0 - - [15/Dec/2025:05:22:49 +0100] "GET /wp-includes/IXR HTTP/1.1" 301 244 "https://www.yahoo.com/" "Mozilla/5.0 (iPhone; CPU iPhone OS 17_1 like Mac OS X) AppleWebKit/605.1.15 (KHTML, like Gecko) CriOS/119.0.6045.109 Mobile/15E148 Safari/604.1"
74.225.204.0 - - [15/Dec/2025:05:22:49 +0100] "GET /wp-includes/IXR HTTP/1.1" 301 245 "https://www.yahoo.com/" "Mozilla/5.0 (iPhone; CPU iPhone OS 17_1 like Mac OS X) AppleWebKit/605.1.15 (KHTML, like Gecko) CriOS/119.0.6045.109 Mobile/15E148 Safari/604.1"
74.225.204.0 - - [15/Dec/2025:05:22:50 +0100] "GET /wp-includes/IXR/ HTTP/1.1" 403 2584 "https://www.yahoo.com/" "Mozilla/5.0 (iPhone; CPU iPhone OS 17_1 like Mac OS X) AppleWebKit/605.1.15 (KHTML, like Gecko) CriOS/119.0.6045.109 Mobile/15E148 Safari/604.1"
74.225.204.0 - - [15/Dec/2025:05:22:50 +0100] "GET /wp-includes/IXR/index.php HTTP/1.1" 301 254 "https://www.google.fr/" "Mozilla/5.g (Linux; Android 13; Pixel 7) AppleWebKit/537.36 (KHTML, like Gecko) Chrome/116.0.0.0 Mobile Safari/537.36"
74.225.204.0 - - [15/Dec/2025:05:22:50 +0100] "GET /wp-includes/IXR/index.php HTTP/1.1" 200 - "https://www.google.fr/" "Mozilla/5.g (Linux; Android 13; Pixel 7) AppleWebKit/537.36 (KHTML, like Gecko) Chrome/116.0.0.0 Mobile Safari/537.36"
74.225.204.0 - - [15/Dec/2025:05:22:50 +0100] "GET /wp-includes/IXR/ HTTP/1.1" 403 2584 "https://www.google.fr/" "Mozilla/5.g (Linux; Android 13; Pixel 7) AppleWebKit/537.36 (KHTML, like Gecko) Chrome/116.0.0.0 Mobile Safari/537.36"
74.225.204.0 - - [15/Dec/2025:05:22:50 +0100] "GET /wp-includes/SimplePie/index.php HTTP/1.1" 301 260 "https://www.google.co.uk/" "Mozilla/5.0 (iPhone; CPU iPhone OS 17_1_1 like Mac OS X) AppleWebKit/605.1.15 (KHTML, like Gecko) Version/17.1 Mobile/15E148 Safari/604.1"
74.225.204.0 - - [15/Dec/2025:05:22:50 +0100] "GET /wp-includes/SimplePie/index.php HTTP/1.1" 200 - "https://www.google.co.uk/" "Mozilla/5.0 (iPhone; CPU iPhone OS 17_1_1 like Mac OS X) AppleWebKit/605.1.15 (KHTML, like Gecko) Version/17.1 Mobile/15E148 Safari/604.1"
74.225.204.0 - - [15/Dec/2025:05:22:51 +0100] "GET /wp-includes/SimplePie/ HTTP/1.1" 403 2590 "https://www.google.co.uk/" "Mozilla/5.0 (iPhone; CPU iPhone OS 17_1_1 like Mac OS X) AppleWebKit/605.1.15 (KHTML, like Gecko) Version/17.1 Mobile/15E148 Safari/604.1"
74.225.204.0 - - [15/Dec/2025:05:22:51 +0100] "GET /wp-includes/Text HTTP/1.1" 301 245 "https://www.bing.com/" "Mozilla/5.0 (Linux; Android 10; LM-Q720) AppleWebKit/537.36 (KHTML, like Gecko) Chrome/116.0.0.0 Mobile Safari/537.36"
74.225.204.0 - - [15/Dec/2025:05:22:51 +0100] "GET /wp-includes/Text HTTP/1.1" 301 246 "https://www.bing.com/" "Mozilla/5.0 (Linux; Android 10; LM-Q720) AppleWebKit/537.36 (KHTML, like Gecko) Chrome/116.0.0.0 Mobile Safari/537.36"
74.225.204.0 - - [15/Dec/2025:05:22:51 +0100] "GET /wp-includes/Text/ HTTP/1.1" 403 2582 "https://www.bing.com/" "Mozilla/5.0 (Linux; Android 10; LM-Q720) AppleWebKit/537.36 (KHTML, like Gecko) Chrome/116.0.0.0 Mobile Safari/537.36"
74.225.204.0 - - [15/Dec/2025:05:22:51 +0100] "GET /wp-includes/Text/Diff/Engine HTTP/1.1" 301 257 "https://www.yahoo.com/" "Mozilla/5.0 (iPhone; CPU iPhone OS 15_7_9 like Mac OS X) AppleWebKit/605.1.15 (KHTML, like Gecko) Version/15.6.5 Mobile/15E148 Safari/604.1"
74.225.204.0 - - [15/Dec/2025:05:22:51 +0100] "GET /wp-includes/Text/Diff/Engine HTTP/1.1" 301 258 "https://www.yahoo.com/" "Mozilla/5.0 (iPhone; CPU iPhone OS 15_7_9 like Mac OS X) AppleWebKit/605.1.15 (KHTML, like Gecko) Version/15.6.5 Mobile/15E148 Safari/604.1"
74.225.204.0 - - [15/Dec/2025:05:22:51 +0100] "GET /wp-includes/Text/Diff/Engine/ HTTP/1.1" 403 2584 "https://www.yahoo.com/" "Mozilla/5.0 (iPhone; CPU iPhone OS 15_7_9 like Mac OS X) AppleWebKit/605.1.15 (KHTML, like Gecko) Version/15.6.5 Mobile/15E148 Safari/604.1"
74.225.204.0 - - [15/Dec/2025:05:22:52 +0100] "GET /wp-includes/block-bindings/index.php HTTP/1.1" 301 265 "https://www.yahoo.com/" "Mozilla/5.0 (iPhone; CPU iPhone OS 15_7_9 like Mac OS X) AppleWebKit/605.1.15 (KHTML, like Gecko) Version/15.6.5 Mobile/15E148 Safari/604.1"
74.225.204.0 - - [15/Dec/2025:05:22:52 +0100] "GET /wp-includes/block-bindings/index.php HTTP/1.1" 200 - "https://www.yahoo.com/" "Mozilla/5.0 (iPhone; CPU iPhone OS 15_7_9 like Mac OS X) AppleWebKit/605.1.15 (KHTML, like Gecko) Version/15.6.5 Mobile/15E148 Safari/604.1"
74.225.204.0 - - [15/Dec/2025:05:22:52 +0100] "GET /wp-includes/block-bindings/ HTTP/1.1" 403 2584 "https://www.yahoo.com/" "Mozilla/5.0 (iPhone; CPU iPhone OS 15_7_9 like Mac OS X) AppleWebKit/605.1.15 (KHTML, like Gecko) Version/15.6.5 Mobile/15E148 Safari/604.1"
45.156.129.0 - - [15/Dec/2025:05:22:52 +0100] "GET /console HTTP/1.1" 404 2549 "-" "Mozilla/5.0 (Windows NT 10.0; Win64; x64) AppleWebKit/537.36 (KHTML, like Gecko) Chrome/60.0.3112.113 Safari/537.36"
74.225.204.0 - - [15/Dec/2025:05:22:52 +0100] "GET /wp-includes/block-supports HTTP/1.1" 301 255 "https://www.yahoo.com/" "Mozilla/5.0 (iPad; CPU OS 16_7_2 like Mac OS X) AppleWebKit/605.1.15 (KHTML, like Gecko) Version/16.6 Mobile/15E148 Safari/604.1"
74.225.204.0 - - [15/Dec/2025:05:22:52 +0100] "GET /wp-includes/block-supports HTTP/1.1" 301 256 "https://www.yahoo.com/" "Mozilla/5.0 (iPad; CPU OS 16_7_2 like Mac OS X) AppleWebKit/605.1.15 (KHTML, like Gecko) Version/16.6 Mobile/15E148 Safari/604.1"
54.84.93.0 - - [15/Dec/2025:05:22:52 +0100] "GET /contao/vendor/doctrine/orm/docs/en/_exts/?C=D;O%3DD HTTP/1.1" 200 437 "-" "Mozilla/5.0 AppleWebKit/537.36 (KHTML, like Gecko; compatible; Amazonbot/0.1; +https://developer.amazon.com/support/amazonbot) Chrome/119.0.6045.214 Safari/537.36"
74.225.204.0 - - [15/Dec/2025:05:22:52 +0100] "GET /wp-includes/block-supports/ HTTP/1.1" 403 2584 "https://www.yahoo.com/" "Mozilla/5.0 (iPad; CPU OS 16_7_2 like Mac OS X) AppleWebKit/605.1.15 (KHTML, like Gecko) Version/16.6 Mobile/15E148 Safari/604.1"
74.225.204.0 - - [15/Dec/2025:05:22:53 +0100] "GET /wp-includes/blocks/code HTTP/1.1" 301 252 "https://www.google.fr/" "Mozilla/5.0 (Linux; Android 12; SM-A525F) AppleWebKit/537.36 (KHTML, like Gecko) Chrome/117.0.0.0 Mobile Safari/537.36"
74.225.204.0 - - [15/Dec/2025:05:22:53 +0100] "GET /wp-includes/blocks/code HTTP/1.1" 301 253 "https://www.google.fr/" "Mozilla/5.0 (Linux; Android 12; SM-A525F) AppleWebKit/537.36 (KHTML, like Gecko) Chrome/117.0.0.0 Mobile Safari/537.36"
74.225.204.0 - - [15/Dec/2025:05:22:53 +0100] "GET /wp-includes/blocks/code/ HTTP/1.1" 403 2584 "https://www.google.fr/" "Mozilla/5.0 (Linux; Android 12; SM-A525F) AppleWebKit/537.36 (KHTML, like Gecko) Chrome/117.0.0.0 Mobile Safari/537.36"
74.225.204.0 - - [15/Dec/2025:05:22:53 +0100] "GET /wp-includes/customize/chosen.php HTTP/1.1" 301 261 "https://www.yahoo.com/" "Mozilla/5.0 (iPad; CPU OS 17_0_3 like Mac OS X) AppleWebKit/605.1.15 (KHTML, like Gecko) Version/17.0.1 Mobile/15E148 Safari/604.1"
185.111.111.0 - - [15/Dec/2025:05:22:53 +0100] "GET /wp-content/themes/busiprof-pro/print.css HTTP/1.1" 404 2655 "-" "WordPress/6.8.3; https://www.gebaeudetechnik.nrw"
74.225.204.0 - - [15/Dec/2025:05:22:53 +0100] "GET /wp-includes/customize/chosen.php HTTP/1.1" 200 237811 "https://www.yahoo.com/" "Mozilla/5.0 (iPad; CPU OS 17_0_3 like Mac OS X) AppleWebKit/605.1.15 (KHTML, like Gecko) Version/17.0.1 Mobile/15E148 Safari/604.1"
74.225.204.0 - - [15/Dec/2025:05:22:54 +0100] "GET /wp-includes/html-api/index.php HTTP/1.1" 301 259 "https://www.bing.com/" "Mozilla/5.0 (Linux; Android 11; CPH2251) AppleWebKit/537.36 (KHTML, like Gecko) Chrome/116.0.0.0 Mobile Safari/537.36"
74.225.204.0 - - [15/Dec/2025:05:22:54 +0100] "GET /wp-includes/html-api/index.php HTTP/1.1" 200 - "https://www.bing.com/" "Mozilla/5.0 (Linux; Android 11; CPH2251) AppleWebKit/537.36 (KHTML, like Gecko) Chrome/116.0.0.0 Mobile Safari/537.36"
74.225.204.0 - - [15/Dec/2025:05:22:54 +0100] "GET /wp-includes/html-api/ HTTP/1.1" 403 2582 "https://www.bing.com/" "Mozilla/5.0 (Linux; Android 11; CPH2251) AppleWebKit/537.36 (KHTML, like Gecko) Chrome/116.0.0.0 Mobile Safari/537.36"
74.225.204.0 - - [15/Dec/2025:05:22:54 +0100] "GET /wp-includes/index.php HTTP/1.1" 301 250 "https://www.google.de/" "Mozilla/5.0 (iPhone; CPU iPhone OS 16_6_1 like Mac OS X) AppleWebKit/605.1.15 (KHTML, like Gecko) Version/16.6 Mobile/15E148 Safari/604.1"
74.225.204.0 - - [15/Dec/2025:05:22:54 +0100] "GET /wp-includes/index.php HTTP/1.1" 403 2584 "https://www.google.de/" "Mozilla/5.0 (iPhone; CPU iPhone OS 16_6_1 like Mac OS X) AppleWebKit/605.1.15 (KHTML, like Gecko) Version/16.6 Mobile/15E148 Safari/604.1"
74.225.204.0 - - [15/Dec/2025:05:22:55 +0100] "GET /wp-includes/js/dist/development/index.php HTTP/1.1" 301 270 "https://www.google.com/" "Mozilla/5.0 (iPhone; CPU iPhone OS 17_0_3 like Mac OS X) AppleWebKit/605.1.15 (KHTML, like Gecko) Version/17.0.1 Mobile/15E148 Safari/604.1"
74.225.204.0 - - [15/Dec/2025:05:22:55 +0100] "GET /wp-includes/js/dist/development/index.php HTTP/1.1" 200 - "https://www.google.com/" "Mozilla/5.0 (iPhone; CPU iPhone OS 17_0_3 like Mac OS X) AppleWebKit/605.1.15 (KHTML, like Gecko) Version/17.0.1 Mobile/15E148 Safari/604.1"
74.225.204.0 - - [15/Dec/2025:05:22:55 +0100] "GET /wp-includes/js/dist/development/ HTTP/1.1" 403 2586 "https://www.google.com/" "Mozilla/5.0 (iPhone; CPU iPhone OS 17_0_3 like Mac OS X) AppleWebKit/605.1.15 (KHTML, like Gecko) Version/17.0.1 Mobile/15E148 Safari/604.1"
74.225.204.0 - - [15/Dec/2025:05:22:55 +0100] "GET /wp-includes/pomo/index.php HTTP/1.1" 301 255 "https://www.google.fr/" "Mozilla/5.0 (iPhone; CPU iPhone OS 17_0_3 like Mac OS X) AppleWebKit/605.1.15 (KHTML, like Gecko) Version/17.0.1 Mobile/15E148 Safari/604.1"
74.225.204.0 - - [15/Dec/2025:05:22:55 +0100] "GET /wp-includes/pomo/index.php HTTP/1.1" 200 - "https://www.google.fr/" "Mozilla/5.0 (iPhone; CPU iPhone OS 17_0_3 like Mac OS X) AppleWebKit/605.1.15 (KHTML, like Gecko) Version/17.0.1 Mobile/15E148 Safari/604.1"
74.225.204.0 - - [15/Dec/2025:05:22:55 +0100] "GET /wp-includes/pomo/ HTTP/1.1" 403 2584 "https://www.google.fr/" "Mozilla/5.0 (iPhone; CPU iPhone OS 17_0_3 like Mac OS X) AppleWebKit/605.1.15 (KHTML, like Gecko) Version/17.0.1 Mobile/15E148 Safari/604.1"
74.225.204.0 - - [15/Dec/2025:05:22:56 +0100] "GET /wp-includes/rest-api HTTP/1.1" 301 249 "https://www.yahoo.com/" "Mozilla/5.0 (iPhone; CPU iPhone OS 17_1_1 like Mac OS X) AppleWebKit/605.1.15 (KHTML, like Gecko) Version/17.1 Mobile/15E148 Safari/604.1"
74.225.204.0 - - [15/Dec/2025:05:22:56 +0100] "GET /wp-includes/rest-api HTTP/1.1" 301 250 "https://www.yahoo.com/" "Mozilla/5.0 (iPhone; CPU iPhone OS 17_1_1 like Mac OS X) AppleWebKit/605.1.15 (KHTML, like Gecko) Version/17.1 Mobile/15E148 Safari/604.1"
