91.201.113.0 - - [15/Dec/2025:11:41:43 +0100] "GET /reports/usage_202511.html HTTP/1.0" 200 94062 "https://vykup-auto-prm.ru/" "Mozilla/5.0 (Windows NT 10.0; Win64; x64) AppleWebKit/537.36 (KHTML, like Gecko) Chrome/131.0.0.0 Safari/537.36"
91.201.113.0 - - [15/Dec/2025:11:41:45 +0100] "GET /reports/usage_202511.html HTTP/1.0" 200 94062 "https://vykup-auto-prm.ru/" "Mozilla/5.0 (Windows NT 10.0; Win64; x64) AppleWebKit/537.36 (KHTML, like Gecko) Chrome/130.0.0.0 Safari/537.36 CCleaner/130.0.0.0"
91.201.113.0 - - [15/Dec/2025:11:41:47 +0100] "GET /reports/usage_202511.html HTTP/1.0" 200 94062 "https://vykup-auto-prm.ru/" "Mozilla/5.0 (Windows NT 10.0; Win64; x64) AppleWebKit/537.36 (KHTML, like Gecko) Chrome/130.0.0.0 Safari/537.36"
64.62.197.0 - - [15/Dec/2025:11:43:08 +0100] "\x16\x03\x01" 400 226 "-" "-"
95.108.213.0 - - [15/Dec/2025:11:44:15 +0100] "GET /robots.txt HTTP/1.1" 200 223 "-" "Mozilla/5.0 (compatible; YandexBot/3.0; +http://yandex.com/bots)"
185.111.111.0 - - [15/Dec/2025:11:44:18 +0100] "GET /wp-content/themes/busiprof-pro/print.css HTTP/1.1" 404 2655 "-" "WordPress/6.8.3; https://www.gebaeudetechnik.nrw"
87.250.224.0 - - [15/Dec/2025:11:44:16 +0100] "GET /definition-unterhaltsreinigung/favicon/favicon-76.png HTTP/1.1" 200 43756 "-" "Mozilla/5.0 (compatible; YandexFavicons/1.0; +http://yandex.com/bots)"
2a01:238:43f8:5f00:: - - [15/Dec/2025:11:44:16 +0100] "POST /wp-cron.php?doing_wp_cron=1765795456.8178079128265380859375 HTTP/1.1" 200 - "-" "JoYVIIVDNXVa"
91.201.113.0 - - [15/Dec/2025:11:45:16 +0100] "GET /reports/usage_202511.html HTTP/1.0" 200 94062 "https://vykup-auto-prm.ru/" "Mozilla/5.0 (Windows NT 10.0; Win64; x64) AppleWebKit/537.36 (KHTML, like Gecko) Chrome/131.0.0.0 Safari/537.36 Avast/131.0.0.0"
91.201.113.0 - - [15/Dec/2025:11:45:18 +0100] "GET /reports/usage_202511.html HTTP/1.0" 200 94062 "https://vykup-auto-prm.ru/" "Mozilla/5.0 (Windows NT 10.0; Win64; x64) AppleWebKit/537.36 (KHTML, like Gecko) Chrome/131.0.0.0 Safari/537.36 Avast/131.0.0.0"
91.201.113.0 - - [15/Dec/2025:11:45:20 +0100] "GET /reports/usage_202511.html HTTP/1.0" 200 94062 "https://vykup-auto-prm.ru/" "Mozilla/5.0 (Windows NT 10.0; Win64; x64) AppleWebKit/537.36 (KHTML, like Gecko) Chrome/130.0.0.0 Safari/537.36 CCleaner/130.0.0.0"
91.201.113.0 - - [15/Dec/2025:11:48:49 +0100] "GET /reports/usage_202511.html HTTP/1.0" 200 94062 "https://vykup-auto-prm.ru/" "Mozilla/5.0 (Windows NT 10.0; Win64; x64) AppleWebKit/537.36 (KHTML, like Gecko) Chrome/131.0.0.0 Safari/537.36"
91.201.113.0 - - [15/Dec/2025:11:48:51 +0100] "GET /reports/usage_202511.html HTTP/1.0" 200 94062 "https://vykup-auto-prm.ru/" "Mozilla/5.0 (Windows NT 10.0; Win64; x64) AppleWebKit/537.36 (KHTML, like Gecko) Chrome/131.0.0.0 Safari/537.36 Avast/131.0.0.0"
91.201.113.0 - - [15/Dec/2025:11:48:53 +0100] "GET /reports/usage_202511.html HTTP/1.0" 200 94062 "https://vykup-auto-prm.ru/" "Mozilla/5.0 (Windows NT 10.0; Win64; x64) AppleWebKit/537.36 (KHTML, like Gecko) Chrome/130.0.0.0 Safari/537.36 CCleaner/130.0.0.0"
204.76.203.0 - - [15/Dec/2025:11:49:26 +0100] "GET / HTTP/1.1" 200 3510 "-" "-"
204.76.203.0 - - [15/Dec/2025:11:49:26 +0100] "POST /HNAP1/ HTTP/1.1" 404 2543 "-" "Mozila/5.0"
216.244.66.0 - - [15/Dec/2025:11:49:38 +0100] "GET /contao/vendor/symfony/security-core/User/?C=D;O=A HTTP/1.1" 200 3495 "-" "Mozilla/5.0 (compatible; DotBot/1.2; +https://opensiteexplorer.org/dotbot; help@moz.com)"
185.111.111.0 - - [15/Dec/2025:11:50:13 +0100] "GET / HTTP/1.1" 301 236 "-" "Mozilla/5.0 (iPhone; CPU iPhone OS 13_2_3 like Mac OS X) AppleWebKit/605.1.15 (KHTML, like Gecko) Version/13.0.3 Mobile/15E148 Safari/604.1"
2a01:238:43f8:5f00:: - - [15/Dec/2025:11:50:15 +0100] "POST /wp-cron.php?doing_wp_cron=1765795815.2084019184112548828125 HTTP/1.1" 200 - "-" "39W5m0w8lKal"
170.106.35.0 - - [15/Dec/2025:11:50:15 +0100] "GET / HTTP/1.1" 301 - "http://cdn.gebaeudetechnik.nrw" "Mozilla/5.0 (iPhone; CPU iPhone OS 13_2_3 like Mac OS X) AppleWebKit/605.1.15 (KHTML, like Gecko) Version/13.0.3 Mobile/15E148 Safari/604.1"
185.111.111.0 - - [15/Dec/2025:11:50:16 +0100] "GET /wp-content/themes/busiprof-pro/print.css HTTP/1.1" 404 2655 "-" "WordPress/6.8.3; https://www.gebaeudetechnik.nrw"
170.106.35.0 - - [15/Dec/2025:11:50:16 +0100] "GET / HTTP/1.1" 200 49429 "https://gebaeudetechnik.nrw/" "Mozilla/5.0 (iPhone; CPU iPhone OS 13_2_3 like Mac OS X) AppleWebKit/605.1.15 (KHTML, like Gecko) Version/13.0.3 Mobile/15E148 Safari/604.1"
216.244.66.0 - - [15/Dec/2025:11:51:59 +0100] "GET /contao/vendor/symfony/cache/Simple/PhpFilesCache.php HTTP/1.1" 500 - "-" "Mozilla/5.0 (compatible; DotBot/1.2; +https://opensiteexplorer.org/dotbot; help@moz.com)"
62.60.135.0 - - [15/Dec/2025:11:51:59 +0100] "GET /frontend/.git/config HTTP/1.1" 404 2575 "-" "Mozilla/5.0"
62.60.135.0 - - [15/Dec/2025:11:51:59 +0100] "GET /api/.git/config HTTP/1.1" 404 2565 "-" "Mozilla/5.0"
216.244.66.0 - - [15/Dec/2025:11:52:08 +0100] "GET /contao/vendor/symfony/finder/Iterator/SizeRangeFilterIterator.php HTTP/1.1" 200 - "-" "Mozilla/5.0 (compatible; DotBot/1.2; +https://opensiteexplorer.org/dotbot; help@moz.com)"
91.201.113.0 - - [15/Dec/2025:11:52:22 +0100] "GET /reports/usage_202511.html HTTP/1.0" 200 94062 "https://vykup-auto-prm.ru/" "Mozilla/5.0 (Windows NT 10.0; Win64; x64) AppleWebKit/537.36 (KHTML, like Gecko) Chrome/131.0.0.0 Safari/537.36"
91.201.113.0 - - [15/Dec/2025:11:52:24 +0100] "GET /reports/usage_202511.html HTTP/1.0" 200 94062 "https://vykup-auto-prm.ru/" "Mozilla/5.0 (Windows NT 10.0; Win64; x64) AppleWebKit/537.36 (KHTML, like Gecko) Chrome/130.0.0.0 Safari/537.36 CCleaner/130.0.0.0"
91.201.113.0 - - [15/Dec/2025:11:52:26 +0100] "GET /reports/usage_202511.html HTTP/1.0" 200 94062 "https://vykup-auto-prm.ru/" "Mozilla/5.0 (Windows NT 10.0; Win64; x64) AppleWebKit/537.36 (KHTML, like Gecko) Chrome/130.0.0.0 Safari/537.36"
216.244.66.0 - - [15/Dec/2025:11:53:35 +0100] "GET /contao/vendor/contao/core-bundle/src/EventListener/ HTTP/1.1" 200 8187 "-" "Mozilla/5.0 (compatible; DotBot/1.2; +https://opensiteexplorer.org/dotbot; help@moz.com)"
216.244.66.0 - - [15/Dec/2025:11:53:43 +0100] "GET /contao/vendor/symfony/event-dispatcher/Debug/?C=N;O=A HTTP/1.1" 200 1492 "-" "Mozilla/5.0 (compatible; DotBot/1.2; +https://opensiteexplorer.org/dotbot; help@moz.com)"
216.244.66.0 - - [15/Dec/2025:11:53:48 +0100] "GET /contao/vendor/symfony/yaml/Tag/?C=M;O=A HTTP/1.1" 200 969 "-" "Mozilla/5.0 (compatible; DotBot/1.2; +https://opensiteexplorer.org/dotbot; help@moz.com)"
216.244.66.0 - - [15/Dec/2025:11:53:54 +0100] "GET /contao/vendor/true/punycode/src/?C=D;O=A HTTP/1.1" 200 1182 "-" "Mozilla/5.0 (compatible; DotBot/1.2; +https://opensiteexplorer.org/dotbot; help@moz.com)"
84.17.46.0 - - [15/Dec/2025:11:54:18 +0100] "GET / HTTP/1.1" 301 236 "-" "Mozilla/5.0 (Windows NT 10.0; Win64; x64) AppleWebKit/537.36 (KHTML, like Gecko) Chrome/134.0.0.0 Safari/537.3"
2a14:7c1:: - - [15/Dec/2025:11:54:18 +0100] "GET / HTTP/1.1" 301 - "-" "Mozilla/5.0 (Windows NT 10.0; Win64; x64) AppleWebKit/537.36 (KHTML, like Gecko) Chrome/134.0.0.0 Safari/537.3"
2a14:7c1:: - - [15/Dec/2025:11:54:18 +0100] "GET / HTTP/1.1" 200 259487 "-" "Mozilla/5.0 (Windows NT 10.0; Win64; x64) AppleWebKit/537.36 (KHTML, like Gecko) Chrome/134.0.0.0 Safari/537.3"
91.201.113.0 - - [15/Dec/2025:11:55:54 +0100] "GET /reports/usage_202511.html HTTP/1.0" 200 94062 "https://vykup-auto-prm.ru/" "Mozilla/5.0 (Windows NT 10.0; Win64; x64) AppleWebKit/537.36 (KHTML, like Gecko) Chrome/129.0.0.0 Safari/537.36"
91.201.113.0 - - [15/Dec/2025:11:55:56 +0100] "GET /reports/usage_202511.html HTTP/1.0" 200 94062 "https://vykup-auto-prm.ru/" "Mozilla/5.0 (Windows NT 10.0; Win64; x64) AppleWebKit/537.36 (KHTML, like Gecko) Chrome/131.0.0.0 Safari/537.36 Avast/131.0.0.0"
91.201.113.0 - - [15/Dec/2025:11:55:58 +0100] "GET /reports/usage_202511.html HTTP/1.0" 200 94062 "https://vykup-auto-prm.ru/" "Mozilla/5.0 (Windows NT 10.0; Win64; x64) AppleWebKit/537.36 (KHTML, like Gecko) Chrome/131.0.0.0 Safari/537.36 Avast/131.0.0.0"
45.156.129.0 - - [15/Dec/2025:11:59:24 +0100] "GET / HTTP/1.1" 301 236 "-" "Mozilla/5.0 (Windows NT 10.0; Win64; x64) AppleWebKit/537.36 (KHTML, like Gecko) Chrome/60.0.3112.113 Safari/537.36"
45.156.129.0 - - [15/Dec/2025:11:59:25 +0100] "GET / HTTP/1.1" 301 - "http://gebaeudetechnik.nrw/" "Mozilla/5.0 (Windows NT 10.0; Win64; x64) AppleWebKit/537.36 (KHTML, like Gecko) Chrome/60.0.3112.113 Safari/537.36"
45.156.129.0 - - [15/Dec/2025:11:59:25 +0100] "GET / HTTP/1.1" 200 49427 "https://gebaeudetechnik.nrw/" "Mozilla/5.0 (Windows NT 10.0; Win64; x64) AppleWebKit/537.36 (KHTML, like Gecko) Chrome/60.0.3112.113 Safari/537.36"
91.201.113.0 - - [15/Dec/2025:11:59:27 +0100] "GET /reports/usage_202511.html HTTP/1.0" 200 94062 "https://vykup-auto-prm.ru/" "Mozilla/5.0 (Windows NT 10.0; Win64; x64) AppleWebKit/537.36 (KHTML, like Gecko) Chrome/131.0.0.0 Safari/537.36 Avast/131.0.0.0"
91.201.113.0 - - [15/Dec/2025:11:59:30 +0100] "GET /reports/usage_202511.html HTTP/1.0" 200 94062 "https://vykup-auto-prm.ru/" "Mozilla/5.0 (Windows NT 10.0; Win64; x64) AppleWebKit/537.36 (KHTML, like Gecko) Chrome/131.0.0.0 Safari/537.36"
91.201.113.0 - - [15/Dec/2025:11:59:32 +0100] "GET /reports/usage_202511.html HTTP/1.0" 200 94062 "https://vykup-auto-prm.ru/" "Mozilla/5.0 (Windows NT 10.0; Win64; x64) AppleWebKit/537.36 (KHTML, like Gecko) Chrome/131.0.0.0 Safari/537.36 Avast/131.0.0.0"
45.156.129.0 - - [15/Dec/2025:11:59:44 +0100] "GET / HTTP/1.1" 301 236 "-" "Mozilla/5.0 (Windows NT 10.0; Win64; x64) AppleWebKit/537.36 (KHTML, like Gecko) Chrome/60.0.3112.113 Safari/537.36"
45.156.129.0 - - [15/Dec/2025:11:59:45 +0100] "GET /aspera/faspex/ HTTP/1.1" 301 250 "-" "Mozilla/5.0 (Windows NT 10.0; Win64; x64) AppleWebKit/537.36 (KHTML, like Gecko) Chrome/60.0.3112.113 Safari/537.36"
45.156.129.0 - - [15/Dec/2025:11:59:47 +0100] "GET /license.txt HTTP/1.1" 301 247 "-" "Mozilla/5.0 (Windows NT 10.0; Win64; x64) AppleWebKit/537.36 (KHTML, like Gecko) Chrome/60.0.3112.113 Safari/537.36"
45.156.129.0 - - [15/Dec/2025:11:59:47 +0100] "GET /license.txt HTTP/1.1" 200 7292 "http://gebaeudetechnik.nrw/license.txt" "Mozilla/5.0 (Windows NT 10.0; Win64; x64) AppleWebKit/537.36 (KHTML, like Gecko) Chrome/60.0.3112.113 Safari/537.36"
62.246.84.0 - - [15/Dec/2025:12:00:09 +0100] "GET / HTTP/1.1" 301 240 "-" "python-requests/2.31.0"
45.156.129.0 - - [15/Dec/2025:12:00:22 +0100] "GET /wp-content/plugins/kingcomposer/readme.txt HTTP/1.1" 301 278 "-" "Mozilla/5.0 (Windows NT 10.0; Win64; x64) AppleWebKit/537.36 (KHTML, like Gecko) Chrome/60.0.3112.113 Safari/537.36"
2a01:238:43f8:5f00:: - - [15/Dec/2025:12:00:22 +0100] "POST /wp-cron.php?doing_wp_cron=1765796422.8298718929290771484375 HTTP/1.1" 200 - "-" "WlxjfsffsKIK"
45.156.129.0 - - [15/Dec/2025:12:00:22 +0100] "GET /wp-content/plugins/kingcomposer/readme.txt HTTP/1.1" 200 - "http://gebaeudetechnik.nrw/wp-content/plugins/kingcomposer/readme.txt" "Mozilla/5.0 (Windows NT 10.0; Win64; x64) AppleWebKit/537.36 (KHTML, like Gecko) Chrome/60.0.3112.113 Safari/537.36"
185.111.111.0 - - [15/Dec/2025:12:00:23 +0100] "GET /wp-content/themes/busiprof-pro/print.css HTTP/1.1" 404 2655 "-" "WordPress/6.8.3; https://www.gebaeudetechnik.nrw"
45.156.129.0 - - [15/Dec/2025:12:00:23 +0100] "GET /wp-content/plugins/kingcomposer/readme.txt HTTP/1.1" 200 43756 "https://gebaeudetechnik.nrw/wp-content/plugins/kingcomposer/readme.txt" "Mozilla/5.0 (Windows NT 10.0; Win64; x64) AppleWebKit/537.36 (KHTML, like Gecko) Chrome/60.0.3112.113 Safari/537.36"
216.244.66.0 - - [15/Dec/2025:12:00:56 +0100] "GET /contao/vendor/contao-community-alliance/composer-plugin/?C=D;O=A HTTP/1.1" 200 10305 "-" "Mozilla/5.0 (compatible; DotBot/1.2; +https://opensiteexplorer.org/dotbot; help@moz.com)"
45.156.129.0 - - [15/Dec/2025:12:00:59 +0100] "GET /wp-content/plugins/wordpress-database-reset/readme.txt HTTP/1.1" 301 290 "-" "Mozilla/5.0 (Windows NT 10.0; Win64; x64) AppleWebKit/537.36 (KHTML, like Gecko) Chrome/60.0.3112.113 Safari/537.36"
2a01:238:43f8:5f00:: - - [15/Dec/2025:12:01:00 +0100] "POST /wp-cron.php?doing_wp_cron=1765796459.9471380710601806640625 HTTP/1.1" 200 - "-" "n0ZfAIyzaue0"
45.156.129.0 - - [15/Dec/2025:12:00:59 +0100] "GET /wp-content/plugins/wordpress-database-reset/readme.txt HTTP/1.1" 200 - "http://gebaeudetechnik.nrw/wp-content/plugins/wordpress-database-reset/readme.txt" "Mozilla/5.0 (Windows NT 10.0; Win64; x64) AppleWebKit/537.36 (KHTML, like Gecko) Chrome/60.0.3112.113 Safari/537.36"
216.244.66.0 - - [15/Dec/2025:12:01:00 +0100] "GET /contao/vendor/simplepie/simplepie/idn/?C=M;O=D HTTP/1.1" 200 1630 "-" "Mozilla/5.0 (compatible; DotBot/1.2; +https://opensiteexplorer.org/dotbot; help@moz.com)"
185.111.111.0 - - [15/Dec/2025:12:01:00 +0100] "GET /wp-content/themes/busiprof-pro/print.css HTTP/1.1" 404 2655 "-" "WordPress/6.8.3; https://www.gebaeudetechnik.nrw"
45.156.129.0 - - [15/Dec/2025:12:01:00 +0100] "GET /wp-content/plugins/wordpress-database-reset/readme.txt HTTP/1.1" 200 43756 "https://gebaeudetechnik.nrw/wp-content/plugins/wordpress-database-reset/readme.txt" "Mozilla/5.0 (Windows NT 10.0; Win64; x64) AppleWebKit/537.36 (KHTML, like Gecko) Chrome/60.0.3112.113 Safari/537.36"
216.244.66.0 - - [15/Dec/2025:12:01:03 +0100] "GET /contao/vendor/symfony/polyfill-mbstring/Resources/?C=M;O=D HTTP/1.1" 200 1012 "-" "Mozilla/5.0 (compatible; DotBot/1.2; +https://opensiteexplorer.org/dotbot; help@moz.com)"
109.191.119.0 - - [15/Dec/2025:12:00:55 +0100] "GET /reports/usage_202402.html HTTP/1.0" 200 91181 "https://dez-tsentr.ru/" "Mozilla/5.0 (Windows NT 10.0; Win64; x64) AppleWebKit/537.36 (KHTML, like Gecko) Chrome/131.0.0.0 Safari/537.36"
45.156.129.0 - - [15/Dec/2025:12:01:22 +0100] "GET /wp-content/plugins/elementor/readme.txt HTTP/1.1" 301 275 "-" "Mozilla/5.0 (Windows NT 10.0; Win64; x64) AppleWebKit/537.36 (KHTML, like Gecko) Chrome/60.0.3112.113 Safari/537.36"
2a01:238:43f8:5f00:: - - [15/Dec/2025:12:01:22 +0100] "POST /wp-cron.php?doing_wp_cron=1765796482.8403589725494384765625 HTTP/1.1" 200 - "-" "RPKaYtWexnHa"
45.156.129.0 - - [15/Dec/2025:12:01:22 +0100] "GET /wp-content/plugins/elementor/readme.txt HTTP/1.1" 200 - "http://gebaeudetechnik.nrw/wp-content/plugins/elementor/readme.txt" "Mozilla/5.0 (Windows NT 10.0; Win64; x64) AppleWebKit/537.36 (KHTML, like Gecko) Chrome/60.0.3112.113 Safari/537.36"
185.111.111.0 - - [15/Dec/2025:12:01:23 +0100] "GET /wp-content/themes/busiprof-pro/print.css HTTP/1.1" 404 2655 "-" "WordPress/6.8.3; https://www.gebaeudetechnik.nrw"
45.156.129.0 - - [15/Dec/2025:12:01:23 +0100] "GET /wp-content/plugins/elementor/readme.txt HTTP/1.1" 200 43756 "https://gebaeudetechnik.nrw/wp-content/plugins/elementor/readme.txt" "Mozilla/5.0 (Windows NT 10.0; Win64; x64) AppleWebKit/537.36 (KHTML, like Gecko) Chrome/60.0.3112.113 Safari/537.36"
216.73.216.0 - - [15/Dec/2025:12:01:43 +0100] "GET /robots.txt HTTP/2.0" 200 162 "-" "Mozilla/5.0 AppleWebKit/537.36 (KHTML, like Gecko; compatible; ClaudeBot/1.0; +claudebot@anthropic.com)"
216.73.216.0 - - [15/Dec/2025:12:01:43 +0100] "GET /sitemap_index.xml HTTP/2.0" 200 351 "-" "Mozilla/5.0 AppleWebKit/537.36 (KHTML, like Gecko; compatible; ClaudeBot/1.0; +claudebot@anthropic.com)"
45.156.129.0 - - [15/Dec/2025:12:01:50 +0100] "GET /wp-content/plugins/fancy-product-designer/readme.txt HTTP/1.1" 301 288 "-" "Mozilla/5.0 (Windows NT 10.0; Win64; x64) AppleWebKit/537.36 (KHTML, like Gecko) Chrome/60.0.3112.113 Safari/537.36"
45.156.129.0 - - [15/Dec/2025:12:01:51 +0100] "GET /wp-content/plugins/fancy-product-designer/readme.txt HTTP/1.1" 200 - "http://gebaeudetechnik.nrw/wp-content/plugins/fancy-product-designer/readme.txt" "Mozilla/5.0 (Windows NT 10.0; Win64; x64) AppleWebKit/537.36 (KHTML, like Gecko) Chrome/60.0.3112.113 Safari/537.36"
185.111.111.0 - - [15/Dec/2025:12:01:52 +0100] "GET /wp-content/themes/busiprof-pro/print.css HTTP/1.1" 404 2655 "-" "WordPress/6.8.3; https://www.gebaeudetechnik.nrw"
45.156.129.0 - - [15/Dec/2025:12:01:51 +0100] "GET /wp-content/plugins/fancy-product-designer/readme.txt HTTP/1.1" 200 43756 "https://gebaeudetechnik.nrw/wp-content/plugins/fancy-product-designer/readme.txt" "Mozilla/5.0 (Windows NT 10.0; Win64; x64) AppleWebKit/537.36 (KHTML, like Gecko) Chrome/60.0.3112.113 Safari/537.36"
45.156.129.0 - - [15/Dec/2025:12:02:08 +0100] "GET /wp-content/plugins/optinmonster/readme.txt HTTP/1.1" 301 278 "-" "Mozilla/5.0 (Windows NT 10.0; Win64; x64) AppleWebKit/537.36 (KHTML, like Gecko) Chrome/60.0.3112.113 Safari/537.36"
45.156.129.0 - - [15/Dec/2025:12:02:08 +0100] "GET /wp-content/plugins/optinmonster/readme.txt HTTP/1.1" 200 - "http://gebaeudetechnik.nrw/wp-content/plugins/optinmonster/readme.txt" "Mozilla/5.0 (Windows NT 10.0; Win64; x64) AppleWebKit/537.36 (KHTML, like Gecko) Chrome/60.0.3112.113 Safari/537.36"
185.111.111.0 - - [15/Dec/2025:12:02:09 +0100] "GET /wp-content/themes/busiprof-pro/print.css HTTP/1.1" 404 2655 "-" "WordPress/6.8.3; https://www.gebaeudetechnik.nrw"
45.156.129.0 - - [15/Dec/2025:12:02:09 +0100] "GET /wp-content/plugins/optinmonster/readme.txt HTTP/1.1" 200 43756 "https://gebaeudetechnik.nrw/wp-content/plugins/optinmonster/readme.txt" "Mozilla/5.0 (Windows NT 10.0; Win64; x64) AppleWebKit/537.36 (KHTML, like Gecko) Chrome/60.0.3112.113 Safari/537.36"
199.127.62.0 - - [15/Dec/2025:12:02:29 +0100] "GET /wp-content/uploads/2021/05/print-1850481_1920-300x200.jpg HTTP/1.1" 404 2689 "-" "Mozilla/5.0 (Windows NT 10.0; Win64; x64) AppleWebKit/537.36"
199.127.62.0 - - [15/Dec/2025:12:02:29 +0100] "GET /wp-content/uploads/2021/05/print-1850481_1920-300x200.jpg HTTP/1.1" 404 2689 "-" "Mozilla/5.0 (Windows NT 10.0; Win64; x64) AppleWebKit/537.36"
199.127.62.0 - - [15/Dec/2025:12:02:30 +0100] "GET /wp-content/uploads/2021/05/print-1850481_1920-300x200.jpg HTTP/1.1" 404 2689 "-" "Mozilla/5.0 (Windows NT 10.0; Win64; x64) AppleWebKit/537.36"
45.156.129.0 - - [15/Dec/2025:12:02:30 +0100] "GET /wp-content/plugins/iwp-client/readme.txt HTTP/1.1" 301 276 "-" "Mozilla/5.0 (Windows NT 10.0; Win64; x64) AppleWebKit/537.36 (KHTML, like Gecko) Chrome/60.0.3112.113 Safari/537.36"
2a01:238:43f8:5f00:: - - [15/Dec/2025:12:02:31 +0100] "POST /wp-cron.php?doing_wp_cron=1765796551.5071470737457275390625 HTTP/1.1" 200 - "-" "HkAVUQMcLOyY"
45.156.129.0 - - [15/Dec/2025:12:02:31 +0100] "GET /wp-content/plugins/iwp-client/readme.txt HTTP/1.1" 200 - "http://gebaeudetechnik.nrw/wp-content/plugins/iwp-client/readme.txt" "Mozilla/5.0 (Windows NT 10.0; Win64; x64) AppleWebKit/537.36 (KHTML, like Gecko) Chrome/60.0.3112.113 Safari/537.36"
185.111.111.0 - - [15/Dec/2025:12:02:32 +0100] "GET /wp-content/themes/busiprof-pro/print.css HTTP/1.1" 404 2655 "-" "WordPress/6.8.3; https://www.gebaeudetechnik.nrw"
45.156.129.0 - - [15/Dec/2025:12:02:32 +0100] "GET /wp-content/plugins/iwp-client/readme.txt HTTP/1.1" 200 43756 "https://gebaeudetechnik.nrw/wp-content/plugins/iwp-client/readme.txt" "Mozilla/5.0 (Windows NT 10.0; Win64; x64) AppleWebKit/537.36 (KHTML, like Gecko) Chrome/60.0.3112.113 Safari/537.36"
45.156.129.0 - - [15/Dec/2025:12:02:43 +0100] "GET /wp-content/plugins/wp-central/readme.txt HTTP/1.1" 301 276 "-" "Mozilla/5.0 (Windows NT 10.0; Win64; x64) AppleWebKit/537.36 (KHTML, like Gecko) Chrome/60.0.3112.113 Safari/537.36"
45.156.129.0 - - [15/Dec/2025:12:02:43 +0100] "GET /wp-content/plugins/wp-central/readme.txt HTTP/1.1" 200 - "http://gebaeudetechnik.nrw/wp-content/plugins/wp-central/readme.txt" "Mozilla/5.0 (Windows NT 10.0; Win64; x64) AppleWebKit/537.36 (KHTML, like Gecko) Chrome/60.0.3112.113 Safari/537.36"
185.111.111.0 - - [15/Dec/2025:12:02:44 +0100] "GET /wp-content/themes/busiprof-pro/print.css HTTP/1.1" 404 2655 "-" "WordPress/6.8.3; https://www.gebaeudetechnik.nrw"
45.156.129.0 - - [15/Dec/2025:12:02:44 +0100] "GET /wp-content/plugins/wp-central/readme.txt HTTP/1.1" 200 43756 "https://gebaeudetechnik.nrw/wp-content/plugins/wp-central/readme.txt" "Mozilla/5.0 (Windows NT 10.0; Win64; x64) AppleWebKit/537.36 (KHTML, like Gecko) Chrome/60.0.3112.113 Safari/537.36"
45.156.129.0 - - [15/Dec/2025:12:02:58 +0100] "GET /wp-content/plugins/google-site-kit/readme.txt HTTP/1.1" 301 281 "-" "Mozilla/5.0 (Windows NT 10.0; Win64; x64) AppleWebKit/537.36 (KHTML, like Gecko) Chrome/60.0.3112.113 Safari/537.36"
45.156.129.0 - - [15/Dec/2025:12:02:58 +0100] "GET /wp-content/plugins/all-in-one-seo-pack/readme.txt HTTP/1.1" 301 285 "-" "Mozilla/5.0 (Windows NT 10.0; Win64; x64) AppleWebKit/537.36 (KHTML, like Gecko) Chrome/60.0.3112.113 Safari/537.36"
45.156.129.0 - - [15/Dec/2025:12:02:58 +0100] "GET /wp-content/plugins/really-simple-ssl/readme.txt HTTP/1.1" 301 283 "-" "Mozilla/5.0 (Windows NT 10.0; Win64; x64) AppleWebKit/537.36 (KHTML, like Gecko) Chrome/60.0.3112.113 Safari/537.36"
45.156.129.0 - - [15/Dec/2025:12:02:58 +0100] "GET /wp-content/plugins/contact-form-7/readme.txt HTTP/1.1" 301 280 "-" "Mozilla/5.0 (Windows NT 10.0; Win64; x64) AppleWebKit/537.36 (KHTML, like Gecko) Chrome/60.0.3112.113 Safari/537.36"
45.156.129.0 - - [15/Dec/2025:12:02:58 +0100] "GET /wp-content/plugins/wpforms-lite/readme.txt HTTP/1.1" 301 278 "-" "Mozilla/5.0 (Windows NT 10.0; Win64; x64) AppleWebKit/537.36 (KHTML, like Gecko) Chrome/60.0.3112.113 Safari/537.36"
45.156.129.0 - - [15/Dec/2025:12:02:58 +0100] "GET /wp-content/plugins/loginizer/readme.txt HTTP/1.1" 301 275 "-" "Mozilla/5.0 (Windows NT 10.0; Win64; x64) AppleWebKit/537.36 (KHTML, like Gecko) Chrome/60.0.3112.113 Safari/537.36"
45.156.129.0 - - [15/Dec/2025:12:02:58 +0100] "GET /wp-content/plugins/woocommerce/readme.txt HTTP/1.1" 301 277 "-" "Mozilla/5.0 (Windows NT 10.0; Win64; x64) AppleWebKit/537.36 (KHTML, like Gecko) Chrome/60.0.3112.113 Safari/537.36"
45.156.129.0 - - [15/Dec/2025:12:02:58 +0100] "GET /wp-content/plugins/akismet/readme.txt HTTP/1.1" 301 273 "-" "Mozilla/5.0 (Windows NT 10.0; Win64; x64) AppleWebKit/537.36 (KHTML, like Gecko) Chrome/60.0.3112.113 Safari/537.36"
45.156.129.0 - - [15/Dec/2025:12:02:58 +0100] "GET /wp-content/plugins/envato-elements/readme.txt HTTP/1.1" 301 281 "-" "Mozilla/5.0 (Windows NT 10.0; Win64; x64) AppleWebKit/537.36 (KHTML, like Gecko) Chrome/60.0.3112.113 Safari/537.36"
45.156.129.0 - - [15/Dec/2025:12:02:58 +0100] "GET /wp-content/plugins/litespeed-cache/readme.txt HTTP/1.1" 301 281 "-" "Mozilla/5.0 (Windows NT 10.0; Win64; x64) AppleWebKit/537.36 (KHTML, like Gecko) Chrome/60.0.3112.113 Safari/537.36"
45.156.129.0 - - [15/Dec/2025:12:02:58 +0100] "GET /wp-content/plugins/wordfence/readme.txt HTTP/1.1" 301 275 "-" "Mozilla/5.0 (Windows NT 10.0; Win64; x64) AppleWebKit/537.36 (KHTML, like Gecko) Chrome/60.0.3112.113 Safari/537.36"
45.156.129.0 - - [15/Dec/2025:12:02:58 +0100] "GET /wp-content/plugins/seo-by-rank-math/readme.txt HTTP/1.1" 301 282 "-" "Mozilla/5.0 (Windows NT 10.0; Win64; x64) AppleWebKit/537.36 (KHTML, like Gecko) Chrome/60.0.3112.113 Safari/537.36"
45.156.129.0 - - [15/Dec/2025:12:02:58 +0100] "GET /wp-content/plugins/jetpack/readme.txt HTTP/1.1" 301 273 "-" "Mozilla/5.0 (Windows NT 10.0; Win64; x64) AppleWebKit/537.36 (KHTML, like Gecko) Chrome/60.0.3112.113 Safari/537.36"
45.156.129.0 - - [15/Dec/2025:12:02:58 +0100] "GET /wp-content/plugins/autoptimize/readme.txt HTTP/1.1" 301 277 "-" "Mozilla/5.0 (Windows NT 10.0; Win64; x64) AppleWebKit/537.36 (KHTML, like Gecko) Chrome/60.0.3112.113 Safari/537.36"
45.156.129.0 - - [15/Dec/2025:12:02:58 +0100] "GET /wp-content/plugins/hostinger/readme.txt HTTP/1.1" 301 275 "-" "Mozilla/5.0 (Windows NT 10.0; Win64; x64) AppleWebKit/537.36 (KHTML, like Gecko) Chrome/60.0.3112.113 Safari/537.36"
45.156.129.0 - - [15/Dec/2025:12:02:58 +0100] "GET /wp-content/plugins/duplicate-page/readme.txt HTTP/1.1" 301 280 "-" "Mozilla/5.0 (Windows NT 10.0; Win64; x64) AppleWebKit/537.36 (KHTML, like Gecko) Chrome/60.0.3112.113 Safari/537.36"
45.156.129.0 - - [15/Dec/2025:12:02:58 +0100] "GET /wp-content/plugins/w3-total-cache/readme.txt HTTP/1.1" 301 280 "-" "Mozilla/5.0 (Windows NT 10.0; Win64; x64) AppleWebKit/537.36 (KHTML, like Gecko) Chrome/60.0.3112.113 Safari/537.36"
45.156.129.0 - - [15/Dec/2025:12:02:58 +0100] "GET /wp-content/plugins/insert-headers-and-footers/readme.txt HTTP/1.1" 301 292 "-" "Mozilla/5.0 (Windows NT 10.0; Win64; x64) AppleWebKit/537.36 (KHTML, like Gecko) Chrome/60.0.3112.113 Safari/537.36"
45.156.129.0 - - [15/Dec/2025:12:02:58 +0100] "GET /wp-content/plugins/all-in-one-wp-migration/readme.txt HTTP/1.1" 301 289 "-" "Mozilla/5.0 (Windows NT 10.0; Win64; x64) AppleWebKit/537.36 (KHTML, like Gecko) Chrome/60.0.3112.113 Safari/537.36"
45.156.129.0 - - [15/Dec/2025:12:02:58 +0100] "GET /wp-content/plugins/better-wp-security/readme.txt HTTP/1.1" 301 284 "-" "Mozilla/5.0 (Windows NT 10.0; Win64; x64) AppleWebKit/537.36 (KHTML, like Gecko) Chrome/60.0.3112.113 Safari/537.36"
45.156.129.0 - - [15/Dec/2025:12:02:58 +0100] "GET /wp-content/plugins/updraftplus/readme.txt HTTP/1.1" 301 277 "-" "Mozilla/5.0 (Windows NT 10.0; Win64; x64) AppleWebKit/537.36 (KHTML, like Gecko) Chrome/60.0.3112.113 Safari/537.36"
45.156.129.0 - - [15/Dec/2025:12:02:58 +0100] "GET /wp-content/plugins/wp-file-manager/readme.txt HTTP/1.1" 301 281 "-" "Mozilla/5.0 (Windows NT 10.0; Win64; x64) AppleWebKit/537.36 (KHTML, like Gecko) Chrome/60.0.3112.113 Safari/537.36"
45.156.129.0 - - [15/Dec/2025:12:02:58 +0100] "GET /wp-content/plugins/duplicate-post/readme.txt HTTP/1.1" 301 280 "-" "Mozilla/5.0 (Windows NT 10.0; Win64; x64) AppleWebKit/537.36 (KHTML, like Gecko) Chrome/60.0.3112.113 Safari/537.36"
45.156.129.0 - - [15/Dec/2025:12:02:58 +0100] "GET /wp-content/plugins/google-analytics-for-wordpress/readme.txt HTTP/1.1" 301 296 "-" "Mozilla/5.0 (Windows NT 10.0; Win64; x64) AppleWebKit/537.36 (KHTML, like Gecko) Chrome/60.0.3112.113 Safari/537.36"
45.156.129.0 - - [15/Dec/2025:12:02:58 +0100] "GET /wp-content/plugins/ultimate-addons-for-gutenberg/readme.txt HTTP/1.1" 301 295 "-" "Mozilla/5.0 (Windows NT 10.0; Win64; x64) AppleWebKit/537.36 (KHTML, like Gecko) Chrome/60.0.3112.113 Safari/537.36"
45.156.129.0 - - [15/Dec/2025:12:02:58 +0100] "GET /wp-content/plugins/mailchimp-for-wp/readme.txt HTTP/1.1" 301 282 "-" "Mozilla/5.0 (Windows NT 10.0; Win64; x64) AppleWebKit/537.36 (KHTML, like Gecko) Chrome/60.0.3112.113 Safari/537.36"
45.156.129.0 - - [15/Dec/2025:12:02:58 +0100] "GET /wp-content/plugins/astra-sites/readme.txt HTTP/1.1" 301 277 "-" "Mozilla/5.0 (Windows NT 10.0; Win64; x64) AppleWebKit/537.36 (KHTML, like Gecko) Chrome/60.0.3112.113 Safari/537.36"
45.156.129.0 - - [15/Dec/2025:12:02:58 +0100] "GET /wp-content/plugins/essential-addons-for-elementor-lite/readme.txt HTTP/1.1" 301 301 "-" "Mozilla/5.0 (Windows NT 10.0; Win64; x64) AppleWebKit/537.36 (KHTML, like Gecko) Chrome/60.0.3112.113 Safari/537.36"
45.156.129.0 - - [15/Dec/2025:12:02:58 +0100] "GET /wp-content/plugins/redirection/readme.txt HTTP/1.1" 301 277 "-" "Mozilla/5.0 (Windows NT 10.0; Win64; x64) AppleWebKit/537.36 (KHTML, like Gecko) Chrome/60.0.3112.113 Safari/537.36"
45.156.129.0 - - [15/Dec/2025:12:02:58 +0100] "GET /wp-content/plugins/limit-login-attempts-reloaded/readme.txt HTTP/1.1" 301 295 "-" "Mozilla/5.0 (Windows NT 10.0; Win64; x64) AppleWebKit/537.36 (KHTML, like Gecko) Chrome/60.0.3112.113 Safari/537.36"
45.156.129.0 - - [15/Dec/2025:12:02:58 +0100] "GET /wp-content/plugins/advanced-custom-fields/readme.txt HTTP/1.1" 301 288 "-" "Mozilla/5.0 (Windows NT 10.0; Win64; x64) AppleWebKit/537.36 (KHTML, like Gecko) Chrome/60.0.3112.113 Safari/537.36"
45.156.129.0 - - [15/Dec/2025:12:02:58 +0100] "GET /wp-content/plugins/wps-hide-login/readme.txt HTTP/1.1" 301 280 "-" "Mozilla/5.0 (Windows NT 10.0; Win64; x64) AppleWebKit/537.36 (KHTML, like Gecko) Chrome/60.0.3112.113 Safari/537.36"
45.156.129.0 - - [15/Dec/2025:12:02:58 +0100] "GET /wp-content/plugins/header-footer-elementor/readme.txt HTTP/1.1" 301 289 "-" "Mozilla/5.0 (Windows NT 10.0; Win64; x64) AppleWebKit/537.36 (KHTML, like Gecko) Chrome/60.0.3112.113 Safari/537.36"
45.156.129.0 - - [15/Dec/2025:12:02:58 +0100] "GET /wp-content/plugins/wp-super-cache/readme.txt HTTP/1.1" 301 280 "-" "Mozilla/5.0 (Windows NT 10.0; Win64; x64) AppleWebKit/537.36 (KHTML, like Gecko) Chrome/60.0.3112.113 Safari/537.36"
45.156.129.0 - - [15/Dec/2025:12:02:58 +0100] "GET /wp-content/plugins/disable-comments/readme.txt HTTP/1.1" 301 282 "-" "Mozilla/5.0 (Windows NT 10.0; Win64; x64) AppleWebKit/537.36 (KHTML, like Gecko) Chrome/60.0.3112.113 Safari/537.36"
45.156.129.0 - - [15/Dec/2025:12:02:58 +0100] "GET /wp-content/plugins/redux-framework/readme.txt HTTP/1.1" 301 281 "-" "Mozilla/5.0 (Windows NT 10.0; Win64; x64) AppleWebKit/537.36 (KHTML, like Gecko) Chrome/60.0.3112.113 Safari/537.36"
45.156.129.0 - - [15/Dec/2025:12:02:58 +0100] "GET /wp-content/plugins/better-search-replace/readme.txt HTTP/1.1" 301 287 "-" "Mozilla/5.0 (Windows NT 10.0; Win64; x64) AppleWebKit/537.36 (KHTML, like Gecko) Chrome/60.0.3112.113 Safari/537.36"
45.156.129.0 - - [15/Dec/2025:12:02:58 +0100] "GET /wp-content/plugins/wp-fastest-cache/readme.txt HTTP/1.1" 301 282 "-" "Mozilla/5.0 (Windows NT 10.0; Win64; x64) AppleWebKit/537.36 (KHTML, like Gecko) Chrome/60.0.3112.113 Safari/537.36"
45.156.129.0 - - [15/Dec/2025:12:02:58 +0100] "GET /wp-content/plugins/svg-support/readme.txt HTTP/1.1" 301 277 "-" "Mozilla/5.0 (Windows NT 10.0; Win64; x64) AppleWebKit/537.36 (KHTML, like Gecko) Chrome/60.0.3112.113 Safari/537.36"
45.156.129.0 - - [15/Dec/2025:12:02:58 +0100] "GET /wp-content/plugins/wp-optimize/readme.txt HTTP/1.1" 301 277 "-" "Mozilla/5.0 (Windows NT 10.0; Win64; x64) AppleWebKit/537.36 (KHTML, like Gecko) Chrome/60.0.3112.113 Safari/537.36"
45.156.129.0 - - [15/Dec/2025:12:02:58 +0100] "GET /wp-content/plugins/code-snippets/readme.txt HTTP/1.1" 301 279 "-" "Mozilla/5.0 (Windows NT 10.0; Win64; x64) AppleWebKit/537.36 (KHTML, like Gecko) Chrome/60.0.3112.113 Safari/537.36"
45.156.129.0 - - [15/Dec/2025:12:02:58 +0100] "GET /wp-content/plugins/coming-soon/readme.txt HTTP/1.1" 301 277 "-" "Mozilla/5.0 (Windows NT 10.0; Win64; x64) AppleWebKit/537.36 (KHTML, like Gecko) Chrome/60.0.3112.113 Safari/537.36"
45.156.129.0 - - [15/Dec/2025:12:02:58 +0100] "GET /wp-content/plugins/smart-slider-3/readme.txt HTTP/1.1" 301 280 "-" "Mozilla/5.0 (Windows NT 10.0; Win64; x64) AppleWebKit/537.36 (KHTML, like Gecko) Chrome/60.0.3112.113 Safari/537.36"
45.156.129.0 - - [15/Dec/2025:12:02:58 +0100] "GET /wp-content/plugins/wordpress-seo/readme.txt HTTP/1.1" 301 279 "-" "Mozilla/5.0 (Windows NT 10.0; Win64; x64) AppleWebKit/537.36 (KHTML, like Gecko) Chrome/60.0.3112.113 Safari/537.36"
45.156.129.0 - - [15/Dec/2025:12:02:58 +0100] "GET /wp-content/plugins/sg-security/readme.txt HTTP/1.1" 301 277 "-" "Mozilla/5.0 (Windows NT 10.0; Win64; x64) AppleWebKit/537.36 (KHTML, like Gecko) Chrome/60.0.3112.113 Safari/537.36"
45.156.129.0 - - [15/Dec/2025:12:02:58 +0100] "GET /wp-content/plugins/ewww-image-optimizer/readme.txt HTTP/1.1" 301 286 "-" "Mozilla/5.0 (Windows NT 10.0; Win64; x64) AppleWebKit/537.36 (KHTML, like Gecko) Chrome/60.0.3112.113 Safari/537.36"
45.156.129.0 - - [15/Dec/2025:12:02:58 +0100] "GET /wp-content/plugins/all-in-one-wp-security-and-firewall/readme.txt HTTP/1.1" 301 301 "-" "Mozilla/5.0 (Windows NT 10.0; Win64; x64) AppleWebKit/537.36 (KHTML, like Gecko) Chrome/60.0.3112.113 Safari/537.36"
45.156.129.0 - - [15/Dec/2025:12:02:58 +0100] "GET /wp-content/plugins/complianz-gdpr/readme.txt HTTP/1.1" 301 280 "-" "Mozilla/5.0 (Windows NT 10.0; Win64; x64) AppleWebKit/537.36 (KHTML, like Gecko) Chrome/60.0.3112.113 Safari/537.36"
45.156.129.0 - - [15/Dec/2025:12:02:58 +0100] "GET /wp-content/plugins/duplicator/readme.txt HTTP/1.1" 301 276 "-" "Mozilla/5.0 (Windows NT 10.0; Win64; x64) AppleWebKit/537.36 (KHTML, like Gecko) Chrome/60.0.3112.113 Safari/537.36"
45.156.129.0 - - [15/Dec/2025:12:02:58 +0100] "GET /wp-content/plugins/autoptimize/readme.txt HTTP/1.1" 200 14190 "http://gebaeudetechnik.nrw/wp-content/plugins/autoptimize/readme.txt" "Mozilla/5.0 (Windows NT 10.0; Win64; x64) AppleWebKit/537.36 (KHTML, like Gecko) Chrome/60.0.3112.113 Safari/537.36"
45.156.129.0 - - [15/Dec/2025:12:02:58 +0100] "GET /wp-content/plugins/updraftplus/readme.txt HTTP/1.1" 200 56893 "http://gebaeudetechnik.nrw/wp-content/plugins/updraftplus/readme.txt" "Mozilla/5.0 (Windows NT 10.0; Win64; x64) AppleWebKit/537.36 (KHTML, like Gecko) Chrome/60.0.3112.113 Safari/537.36"
45.156.129.0 - - [15/Dec/2025:12:02:58 +0100] "GET /wp-content/plugins/wps-hide-login/readme.txt HTTP/1.1" 200 5729 "http://gebaeudetechnik.nrw/wp-content/plugins/wps-hide-login/readme.txt" "Mozilla/5.0 (Windows NT 10.0; Win64; x64) AppleWebKit/537.36 (KHTML, like Gecko) Chrome/60.0.3112.113 Safari/537.36"
45.156.129.0 - - [15/Dec/2025:12:02:58 +0100] "GET /wp-content/plugins/wordpress-seo/readme.txt HTTP/1.1" 200 7363 "http://gebaeudetechnik.nrw/wp-content/plugins/wordpress-seo/readme.txt" "Mozilla/5.0 (Windows NT 10.0; Win64; x64) AppleWebKit/537.36 (KHTML, like Gecko) Chrome/60.0.3112.113 Safari/537.36"
45.156.129.0 - - [15/Dec/2025:12:02:58 +0100] "GET /wp-content/plugins/code-snippets/readme.txt HTTP/1.1" 200 5427 "http://gebaeudetechnik.nrw/wp-content/plugins/code-snippets/readme.txt" "Mozilla/5.0 (Windows NT 10.0; Win64; x64) AppleWebKit/537.36 (KHTML, like Gecko) Chrome/60.0.3112.113 Safari/537.36"
45.156.129.0 - - [15/Dec/2025:12:02:58 +0100] "GET /wp-content/plugins/wordfence/readme.txt HTTP/1.1" 200 - "http://gebaeudetechnik.nrw/wp-content/plugins/wordfence/readme.txt" "Mozilla/5.0 (Windows NT 10.0; Win64; x64) AppleWebKit/537.36 (KHTML, like Gecko) Chrome/60.0.3112.113 Safari/537.36"
45.156.129.0 - - [15/Dec/2025:12:02:58 +0100] "GET /wp-content/plugins/contact-form-7/readme.txt HTTP/1.1" 200 - "http://gebaeudetechnik.nrw/wp-content/plugins/contact-form-7/readme.txt" "Mozilla/5.0 (Windows NT 10.0; Win64; x64) AppleWebKit/537.36 (KHTML, like Gecko) Chrome/60.0.3112.113 Safari/537.36"
45.156.129.0 - - [15/Dec/2025:12:02:58 +0100] "GET /wp-content/plugins/all-in-one-seo-pack/readme.txt HTTP/1.1" 200 - "http://gebaeudetechnik.nrw/wp-content/plugins/all-in-one-seo-pack/readme.txt" "Mozilla/5.0 (Windows NT 10.0; Win64; x64) AppleWebKit/537.36 (KHTML, like Gecko) Chrome/60.0.3112.113 Safari/537.36"
45.156.129.0 - - [15/Dec/2025:12:02:58 +0100] "GET /wp-content/plugins/complianz-gdpr/readme.txt HTTP/1.1" 200 - "http://gebaeudetechnik.nrw/wp-content/plugins/complianz-gdpr/readme.txt" "Mozilla/5.0 (Windows NT 10.0; Win64; x64) AppleWebKit/537.36 (KHTML, like Gecko) Chrome/60.0.3112.113 Safari/537.36"
45.156.129.0 - - [15/Dec/2025:12:02:58 +0100] "GET /wp-content/plugins/duplicator/readme.txt HTTP/1.1" 200 - "http://gebaeudetechnik.nrw/wp-content/plugins/duplicator/readme.txt" "Mozilla/5.0 (Windows NT 10.0; Win64; x64) AppleWebKit/537.36 (KHTML, like Gecko) Chrome/60.0.3112.113 Safari/537.36"
185.111.111.0 - - [15/Dec/2025:12:02:59 +0100] "GET /wp-content/themes/busiprof-pro/print.css HTTP/1.1" 404 2655 "-" "WordPress/6.8.3; https://www.gebaeudetechnik.nrw"
185.111.111.0 - - [15/Dec/2025:12:02:59 +0100] "GET /wp-content/themes/busiprof-pro/print.css HTTP/1.1" 404 2655 "-" "WordPress/6.8.3; https://www.gebaeudetechnik.nrw"
185.111.111.0 - - [15/Dec/2025:12:02:59 +0100] "GET /wp-content/themes/busiprof-pro/print.css HTTP/1.1" 404 2655 "-" "WordPress/6.8.3; https://www.gebaeudetechnik.nrw"
45.156.129.0 - - [15/Dec/2025:12:02:59 +0100] "GET /wp-content/plugins/wordfence/readme.txt HTTP/1.1" 200 43756 "https://gebaeudetechnik.nrw/wp-content/plugins/wordfence/readme.txt" "Mozilla/5.0 (Windows NT 10.0; Win64; x64) AppleWebKit/537.36 (KHTML, like Gecko) Chrome/60.0.3112.113 Safari/537.36"
45.156.129.0 - - [15/Dec/2025:12:02:59 +0100] "GET /wp-content/plugins/all-in-one-seo-pack/readme.txt HTTP/1.1" 200 43756 "https://gebaeudetechnik.nrw/wp-content/plugins/all-in-one-seo-pack/readme.txt" "Mozilla/5.0 (Windows NT 10.0; Win64; x64) AppleWebKit/537.36 (KHTML, like Gecko) Chrome/60.0.3112.113 Safari/537.36"
45.156.129.0 - - [15/Dec/2025:12:02:59 +0100] "GET /wp-content/plugins/contact-form-7/readme.txt HTTP/1.1" 200 43756 "https://gebaeudetechnik.nrw/wp-content/plugins/contact-form-7/readme.txt" "Mozilla/5.0 (Windows NT 10.0; Win64; x64) AppleWebKit/537.36 (KHTML, like Gecko) Chrome/60.0.3112.113 Safari/537.36"
45.156.129.0 - - [15/Dec/2025:12:02:58 +0100] "GET /wp-content/plugins/insert-headers-and-footers/readme.txt HTTP/1.1" 200 - "http://gebaeudetechnik.nrw/wp-content/plugins/insert-headers-and-footers/readme.txt" "Mozilla/5.0 (Windows NT 10.0; Win64; x64) AppleWebKit/537.36 (KHTML, like Gecko) Chrome/60.0.3112.113 Safari/537.36"
45.156.129.0 - - [15/Dec/2025:12:02:58 +0100] "GET /wp-content/plugins/google-site-kit/readme.txt HTTP/1.1" 200 - "http://gebaeudetechnik.nrw/wp-content/plugins/google-site-kit/readme.txt" "Mozilla/5.0 (Windows NT 10.0; Win64; x64) AppleWebKit/537.36 (KHTML, like Gecko) Chrome/60.0.3112.113 Safari/537.36"
45.156.129.0 - - [15/Dec/2025:12:02:58 +0100] "GET /wp-content/plugins/woocommerce/readme.txt HTTP/1.1" 200 - "http://gebaeudetechnik.nrw/wp-content/plugins/woocommerce/readme.txt" "Mozilla/5.0 (Windows NT 10.0; Win64; x64) AppleWebKit/537.36 (KHTML, like Gecko) Chrome/60.0.3112.113 Safari/537.36"
91.201.113.0 - - [15/Dec/2025:12:02:59 +0100] "GET /reports/usage_202511.html HTTP/1.0" 200 94062 "https://vykup-auto-prm.ru/" "Mozilla/5.0 (Windows NT 10.0; Win64; x64) AppleWebKit/537.36 (KHTML, like Gecko) Chrome/130.0.0.0 Safari/537.36 CCleaner/130.0.0.0"
185.111.111.0 - - [15/Dec/2025:12:03:00 +0100] "GET /wp-content/themes/busiprof-pro/print.css HTTP/1.1" 404 2655 "-" "WordPress/6.8.3; https://www.gebaeudetechnik.nrw"
185.111.111.0 - - [15/Dec/2025:12:03:00 +0100] "GET /wp-content/themes/busiprof-pro/print.css HTTP/1.1" 404 2655 "-" "WordPress/6.8.3; https://www.gebaeudetechnik.nrw"
185.111.111.0 - - [15/Dec/2025:12:03:00 +0100] "GET /wp-content/themes/busiprof-pro/print.css HTTP/1.1" 404 2655 "-" "WordPress/6.8.3; https://www.gebaeudetechnik.nrw"
45.156.129.0 - - [15/Dec/2025:12:03:00 +0100] "GET /wp-content/plugins/google-site-kit/readme.txt HTTP/1.1" 200 43759 "https://gebaeudetechnik.nrw/wp-content/plugins/google-site-kit/readme.txt" "Mozilla/5.0 (Windows NT 10.0; Win64; x64) AppleWebKit/537.36 (KHTML, like Gecko) Chrome/60.0.3112.113 Safari/537.36"
45.156.129.0 - - [15/Dec/2025:12:03:00 +0100] "GET /wp-content/plugins/woocommerce/readme.txt HTTP/1.1" 200 43759 "https://gebaeudetechnik.nrw/wp-content/plugins/woocommerce/readme.txt" "Mozilla/5.0 (Windows NT 10.0; Win64; x64) AppleWebKit/537.36 (KHTML, like Gecko) Chrome/60.0.3112.113 Safari/537.36"
45.156.129.0 - - [15/Dec/2025:12:03:00 +0100] "GET /wp-content/plugins/insert-headers-and-footers/readme.txt HTTP/1.1" 200 43756 "https://gebaeudetechnik.nrw/wp-content/plugins/insert-headers-and-footers/readme.txt" "Mozilla/5.0 (Windows NT 10.0; Win64; x64) AppleWebKit/537.36 (KHTML, like Gecko) Chrome/60.0.3112.113 Safari/537.36"
45.156.129.0 - - [15/Dec/2025:12:02:58 +0100] "GET /wp-content/plugins/envato-elements/readme.txt HTTP/1.1" 200 - "http://gebaeudetechnik.nrw/wp-content/plugins/envato-elements/readme.txt" "Mozilla/5.0 (Windows NT 10.0; Win64; x64) AppleWebKit/537.36 (KHTML, like Gecko) Chrome/60.0.3112.113 Safari/537.36"
45.156.129.0 - - [15/Dec/2025:12:02:58 +0100] "GET /wp-content/plugins/redirection/readme.txt HTTP/1.1" 200 - "http://gebaeudetechnik.nrw/wp-content/plugins/redirection/readme.txt" "Mozilla/5.0 (Windows NT 10.0; Win64; x64) AppleWebKit/537.36 (KHTML, like Gecko) Chrome/60.0.3112.113 Safari/537.36"
45.156.129.0 - - [15/Dec/2025:12:02:58 +0100] "GET /wp-content/plugins/really-simple-ssl/readme.txt HTTP/1.1" 200 - "http://gebaeudetechnik.nrw/wp-content/plugins/really-simple-ssl/readme.txt" "Mozilla/5.0 (Windows NT 10.0; Win64; x64) AppleWebKit/537.36 (KHTML, like Gecko) Chrome/60.0.3112.113 Safari/537.36"
45.156.129.0 - - [15/Dec/2025:12:02:58 +0100] "GET /wp-content/plugins/litespeed-cache/readme.txt HTTP/1.1" 200 - "http://gebaeudetechnik.nrw/wp-content/plugins/litespeed-cache/readme.txt" "Mozilla/5.0 (Windows NT 10.0; Win64; x64) AppleWebKit/537.36 (KHTML, like Gecko) Chrome/60.0.3112.113 Safari/537.36"
45.156.129.0 - - [15/Dec/2025:12:02:58 +0100] "GET /wp-content/plugins/better-wp-security/readme.txt HTTP/1.1" 200 - "http://gebaeudetechnik.nrw/wp-content/plugins/better-wp-security/readme.txt" "Mozilla/5.0 (Windows NT 10.0; Win64; x64) AppleWebKit/537.36 (KHTML, like Gecko) Chrome/60.0.3112.113 Safari/537.36"
45.156.129.0 - - [15/Dec/2025:12:02:58 +0100] "GET /wp-content/plugins/wpforms-lite/readme.txt HTTP/1.1" 200 - "http://gebaeudetechnik.nrw/wp-content/plugins/wpforms-lite/readme.txt" "Mozilla/5.0 (Windows NT 10.0; Win64; x64) AppleWebKit/537.36 (KHTML, like Gecko) Chrome/60.0.3112.113 Safari/537.36"
45.156.129.0 - - [15/Dec/2025:12:02:58 +0100] "GET /wp-content/plugins/jetpack/readme.txt HTTP/1.1" 200 - "http://gebaeudetechnik.nrw/wp-content/plugins/jetpack/readme.txt" "Mozilla/5.0 (Windows NT 10.0; Win64; x64) AppleWebKit/537.36 (KHTML, like Gecko) Chrome/60.0.3112.113 Safari/537.36"
45.156.129.0 - - [15/Dec/2025:12:02:58 +0100] "GET /wp-content/plugins/loginizer/readme.txt HTTP/1.1" 200 - "http://gebaeudetechnik.nrw/wp-content/plugins/loginizer/readme.txt" "Mozilla/5.0 (Windows NT 10.0; Win64; x64) AppleWebKit/537.36 (KHTML, like Gecko) Chrome/60.0.3112.113 Safari/537.36"
45.156.129.0 - - [15/Dec/2025:12:02:58 +0100] "GET /wp-content/plugins/advanced-custom-fields/readme.txt HTTP/1.1" 200 - "http://gebaeudetechnik.nrw/wp-content/plugins/advanced-custom-fields/readme.txt" "Mozilla/5.0 (Windows NT 10.0; Win64; x64) AppleWebKit/537.36 (KHTML, like Gecko) Chrome/60.0.3112.113 Safari/537.36"
45.156.129.0 - - [15/Dec/2025:12:02:58 +0100] "GET /wp-content/plugins/all-in-one-wp-migration/readme.txt HTTP/1.1" 200 - "http://gebaeudetechnik.nrw/wp-content/plugins/all-in-one-wp-migration/readme.txt" "Mozilla/5.0 (Windows NT 10.0; Win64; x64) AppleWebKit/537.36 (KHTML, like Gecko) Chrome/60.0.3112.113 Safari/537.36"
185.111.111.0 - - [15/Dec/2025:12:03:01 +0100] "GET /wp-content/themes/busiprof-pro/print.css HTTP/1.1" 404 2655 "-" "WordPress/6.8.3; https://www.gebaeudetechnik.nrw"
45.156.129.0 - - [15/Dec/2025:12:02:58 +0100] "GET /wp-content/plugins/limit-login-attempts-reloaded/readme.txt HTTP/1.1" 200 - "http://gebaeudetechnik.nrw/wp-content/plugins/limit-login-attempts-reloaded/readme.txt" "Mozilla/5.0 (Windows NT 10.0; Win64; x64) AppleWebKit/537.36 (KHTML, like Gecko) Chrome/60.0.3112.113 Safari/537.36"
45.156.129.0 - - [15/Dec/2025:12:02:58 +0100] "GET /wp-content/plugins/duplicate-page/readme.txt HTTP/1.1" 200 - "http://gebaeudetechnik.nrw/wp-content/plugins/duplicate-page/readme.txt" "Mozilla/5.0 (Windows NT 10.0; Win64; x64) AppleWebKit/537.36 (KHTML, like Gecko) Chrome/60.0.3112.113 Safari/537.36"
45.156.129.0 - - [15/Dec/2025:12:02:59 +0100] "GET /wp-content/plugins/duplicator/readme.txt HTTP/1.1" 200 43756 "https://gebaeudetechnik.nrw/wp-content/plugins/duplicator/readme.txt" "Mozilla/5.0 (Windows NT 10.0; Win64; x64) AppleWebKit/537.36 (KHTML, like Gecko) Chrome/60.0.3112.113 Safari/537.36"
45.156.129.0 - - [15/Dec/2025:12:02:58 +0100] "GET /wp-content/plugins/all-in-one-wp-security-and-firewall/readme.txt HTTP/1.1" 200 - "http://gebaeudetechnik.nrw/wp-content/plugins/all-in-one-wp-security-and-firewall/readme.txt" "Mozilla/5.0 (Windows NT 10.0; Win64; x64) AppleWebKit/537.36 (KHTML, like Gecko) Chrome/60.0.3112.113 Safari/537.36"
45.156.129.0 - - [15/Dec/2025:12:02:58 +0100] "GET /wp-content/plugins/wp-optimize/readme.txt HTTP/1.1" 200 - "http://gebaeudetechnik.nrw/wp-content/plugins/wp-optimize/readme.txt" "Mozilla/5.0 (Windows NT 10.0; Win64; x64) AppleWebKit/537.36 (KHTML, like Gecko) Chrome/60.0.3112.113 Safari/537.36"
45.156.129.0 - - [15/Dec/2025:12:02:58 +0100] "GET /wp-content/plugins/redux-framework/readme.txt HTTP/1.1" 200 - "http://gebaeudetechnik.nrw/wp-content/plugins/redux-framework/readme.txt" "Mozilla/5.0 (Windows NT 10.0; Win64; x64) AppleWebKit/537.36 (KHTML, like Gecko) Chrome/60.0.3112.113 Safari/537.36"
45.156.129.0 - - [15/Dec/2025:12:02:58 +0100] "GET /wp-content/plugins/wp-super-cache/readme.txt HTTP/1.1" 200 - "http://gebaeudetechnik.nrw/wp-content/plugins/wp-super-cache/readme.txt" "Mozilla/5.0 (Windows NT 10.0; Win64; x64) AppleWebKit/537.36 (KHTML, like Gecko) Chrome/60.0.3112.113 Safari/537.36"
45.156.129.0 - - [15/Dec/2025:12:02:58 +0100] "GET /wp-content/plugins/header-footer-elementor/readme.txt HTTP/1.1" 200 - "http://gebaeudetechnik.nrw/wp-content/plugins/header-footer-elementor/readme.txt" "Mozilla/5.0 (Windows NT 10.0; Win64; x64) AppleWebKit/537.36 (KHTML, like Gecko) Chrome/60.0.3112.113 Safari/537.36"
45.156.129.0 - - [15/Dec/2025:12:02:58 +0100] "GET /wp-content/plugins/w3-total-cache/readme.txt HTTP/1.1" 200 - "http://gebaeudetechnik.nrw/wp-content/plugins/w3-total-cache/readme.txt" "Mozilla/5.0 (Windows NT 10.0; Win64; x64) AppleWebKit/537.36 (KHTML, like Gecko) Chrome/60.0.3112.113 Safari/537.36"
45.156.129.0 - - [15/Dec/2025:12:02:58 +0100] "GET /wp-content/plugins/akismet/readme.txt HTTP/1.1" 200 - "http://gebaeudetechnik.nrw/wp-content/plugins/akismet/readme.txt" "Mozilla/5.0 (Windows NT 10.0; Win64; x64) AppleWebKit/537.36 (KHTML, like Gecko) Chrome/60.0.3112.113 Safari/537.36"
45.156.129.0 - - [15/Dec/2025:12:02:58 +0100] "GET /wp-content/plugins/ultimate-addons-for-gutenberg/readme.txt HTTP/1.1" 200 - "http://gebaeudetechnik.nrw/wp-content/plugins/ultimate-addons-for-gutenberg/readme.txt" "Mozilla/5.0 (Windows NT 10.0; Win64; x64) AppleWebKit/537.36 (KHTML, like Gecko) Chrome/60.0.3112.113 Safari/537.36"
45.156.129.0 - - [15/Dec/2025:12:02:58 +0100] "GET /wp-content/plugins/smart-slider-3/readme.txt HTTP/1.1" 200 - "http://gebaeudetechnik.nrw/wp-content/plugins/smart-slider-3/readme.txt" "Mozilla/5.0 (Windows NT 10.0; Win64; x64) AppleWebKit/537.36 (KHTML, like Gecko) Chrome/60.0.3112.113 Safari/537.36"
45.156.129.0 - - [15/Dec/2025:12:02:58 +0100] "GET /wp-content/plugins/duplicate-post/readme.txt HTTP/1.1" 200 - "http://gebaeudetechnik.nrw/wp-content/plugins/duplicate-post/readme.txt" "Mozilla/5.0 (Windows NT 10.0; Win64; x64) AppleWebKit/537.36 (KHTML, like Gecko) Chrome/60.0.3112.113 Safari/537.36"
91.201.113.0 - - [15/Dec/2025:12:03:01 +0100] "GET /reports/usage_202511.html HTTP/1.0" 200 94062 "https://vykup-auto-prm.ru/" "Mozilla/5.0 (Windows NT 10.0; Win64; x64) AppleWebKit/537.36 (KHTML, like Gecko) Chrome/130.0.0.0 Safari/537.36"
185.111.111.0 - - [15/Dec/2025:12:03:02 +0100] "GET /wp-content/themes/busiprof-pro/print.css HTTP/1.1" 404 2655 "-" "WordPress/6.8.3; https://www.gebaeudetechnik.nrw"
45.156.129.0 - - [15/Dec/2025:12:03:01 +0100] "GET /wp-content/plugins/envato-elements/readme.txt HTTP/1.1" 200 43758 "https://gebaeudetechnik.nrw/wp-content/plugins/envato-elements/readme.txt" "Mozilla/5.0 (Windows NT 10.0; Win64; x64) AppleWebKit/537.36 (KHTML, like Gecko) Chrome/60.0.3112.113 Safari/537.36"
185.111.111.0 - - [15/Dec/2025:12:03:02 +0100] "GET /wp-content/themes/busiprof-pro/print.css HTTP/1.1" 404 2655 "-" "WordPress/6.8.3; https://www.gebaeudetechnik.nrw"
185.111.111.0 - - [15/Dec/2025:12:03:02 +0100] "GET /wp-content/themes/busiprof-pro/print.css HTTP/1.1" 404 2655 "-" "WordPress/6.8.3; https://www.gebaeudetechnik.nrw"
185.111.111.0 - - [15/Dec/2025:12:03:02 +0100] "GET /wp-content/themes/busiprof-pro/print.css HTTP/1.1" 404 2655 "-" "WordPress/6.8.3; https://www.gebaeudetechnik.nrw"
45.156.129.0 - - [15/Dec/2025:12:03:01 +0100] "GET /wp-content/plugins/redirection/readme.txt HTTP/1.1" 200 43756 "https://gebaeudetechnik.nrw/wp-content/plugins/redirection/readme.txt" "Mozilla/5.0 (Windows NT 10.0; Win64; x64) AppleWebKit/537.36 (KHTML, like Gecko) Chrome/60.0.3112.113 Safari/537.36"
185.111.111.0 - - [15/Dec/2025:12:03:02 +0100] "GET /wp-content/themes/busiprof-pro/print.css HTTP/1.1" 404 2655 "-" "WordPress/6.8.3; https://www.gebaeudetechnik.nrw"
185.111.111.0 - - [15/Dec/2025:12:03:02 +0100] "GET /wp-content/themes/busiprof-pro/print.css HTTP/1.1" 404 2655 "-" "WordPress/6.8.3; https://www.gebaeudetechnik.nrw"
45.156.129.0 - - [15/Dec/2025:12:02:59 +0100] "GET /wp-content/plugins/complianz-gdpr/readme.txt HTTP/1.1" 200 43756 "https://gebaeudetechnik.nrw/wp-content/plugins/complianz-gdpr/readme.txt" "Mozilla/5.0 (Windows NT 10.0; Win64; x64) AppleWebKit/537.36 (KHTML, like Gecko) Chrome/60.0.3112.113 Safari/537.36"
45.156.129.0 - - [15/Dec/2025:12:03:01 +0100] "GET /wp-content/plugins/really-simple-ssl/readme.txt HTTP/1.1" 200 43756 "https://gebaeudetechnik.nrw/wp-content/plugins/really-simple-ssl/readme.txt" "Mozilla/5.0 (Windows NT 10.0; Win64; x64) AppleWebKit/537.36 (KHTML, like Gecko) Chrome/60.0.3112.113 Safari/537.36"
45.156.129.0 - - [15/Dec/2025:12:03:02 +0100] "GET /wp-content/plugins/wpforms-lite/readme.txt HTTP/1.1" 200 43759 "https://gebaeudetechnik.nrw/wp-content/plugins/wpforms-lite/readme.txt" "Mozilla/5.0 (Windows NT 10.0; Win64; x64) AppleWebKit/537.36 (KHTML, like Gecko) Chrome/60.0.3112.113 Safari/537.36"
185.111.111.0 - - [15/Dec/2025:12:03:02 +0100] "GET /wp-content/themes/busiprof-pro/print.css HTTP/1.1" 404 2655 "-" "WordPress/6.8.3; https://www.gebaeudetechnik.nrw"
185.111.111.0 - - [15/Dec/2025:12:03:02 +0100] "GET /wp-content/themes/busiprof-pro/print.css HTTP/1.1" 404 2655 "-" "WordPress/6.8.3; https://www.gebaeudetechnik.nrw"
45.156.129.0 - - [15/Dec/2025:12:03:02 +0100] "GET /wp-content/plugins/better-wp-security/readme.txt HTTP/1.1" 200 43756 "https://gebaeudetechnik.nrw/wp-content/plugins/better-wp-security/readme.txt" "Mozilla/5.0 (Windows NT 10.0; Win64; x64) AppleWebKit/537.36 (KHTML, like Gecko) Chrome/60.0.3112.113 Safari/537.36"
45.156.129.0 - - [15/Dec/2025:12:03:02 +0100] "GET /wp-content/plugins/jetpack/readme.txt HTTP/1.1" 200 43756 "https://gebaeudetechnik.nrw/wp-content/plugins/jetpack/readme.txt" "Mozilla/5.0 (Windows NT 10.0; Win64; x64) AppleWebKit/537.36 (KHTML, like Gecko) Chrome/60.0.3112.113 Safari/537.36"
