13.71.30.0 - - [15/Dec/2025:08:48:09 +0100] "GET /bolt.php HTTP/1.1" 200 237751 "https://www.google.fr/" "Mozilla/5.0 (iPhone; CPU iPhone OS 17_0_3 like Mac OS X) AppleWebKit/605.1.15 (KHTML, like Gecko) Version/17.0.1 Mobile/15E148 Safari/604.1"
185.111.111.0 - - [15/Dec/2025:08:48:10 +0100] "GET /buy.php HTTP/1.1" 301 243 "https://www.google.de/" "Mozilla/5.0 (Linux; Android 13; M2101K6G) AppleWebKit/537.36 (KHTML, like Gecko) Chrome/116.0.0.0 Mobile Safari/537.36"
13.71.30.0 - - [15/Dec/2025:08:48:10 +0100] "GET /buy.php HTTP/1.1" 200 - "https://www.google.de/" "Mozilla/5.0 (Linux; Android 13; M2101K6G) AppleWebKit/537.36 (KHTML, like Gecko) Chrome/116.0.0.0 Mobile Safari/537.36"
185.111.111.0 - - [15/Dec/2025:08:48:10 +0100] "GET /wp-content/themes/busiprof-pro/print.css HTTP/1.1" 404 2655 "-" "WordPress/6.8.3; https://www.gebaeudetechnik.nrw"
13.71.30.0 - - [15/Dec/2025:08:48:10 +0100] "GET /buy.php HTTP/1.1" 200 237751 "https://www.google.de/" "Mozilla/5.0 (Linux; Android 13; M2101K6G) AppleWebKit/537.36 (KHTML, like Gecko) Chrome/116.0.0.0 Mobile Safari/537.36"
185.111.111.0 - - [15/Dec/2025:08:48:11 +0100] "GET /atomlib.php HTTP/1.1" 301 247 "https://www.bing.com/" "Mozilla/5.0 (Linux; Android 10; K) AppleWebKit/537.36 (KHTML, like Gecko) Chrome/117.0.0.0 Mobile Safari/537.36"
13.71.30.0 - - [15/Dec/2025:08:48:11 +0100] "GET /atomlib.php HTTP/1.1" 200 - "https://www.bing.com/" "Mozilla/5.0 (Linux; Android 10; K) AppleWebKit/537.36 (KHTML, like Gecko) Chrome/117.0.0.0 Mobile Safari/537.36"
185.111.111.0 - - [15/Dec/2025:08:48:11 +0100] "GET /wp-content/themes/busiprof-pro/print.css HTTP/1.1" 404 2655 "-" "WordPress/6.8.3; https://www.gebaeudetechnik.nrw"
13.71.30.0 - - [15/Dec/2025:08:48:11 +0100] "GET /atomlib.php HTTP/1.1" 200 237751 "https://www.bing.com/" "Mozilla/5.0 (Linux; Android 10; K) AppleWebKit/537.36 (KHTML, like Gecko) Chrome/117.0.0.0 Mobile Safari/537.36"
185.111.111.0 - - [15/Dec/2025:08:48:12 +0100] "GET /cgi-bin/file.php HTTP/1.1" 301 252 "https://www.google.com/" "Mozilla/5.0 (Linux; Android 10; K) AppleWebKit/537.36 (KHTML, like Gecko) Chrome/117.0.0.0 Mobile Safari/537.36"
13.71.30.0 - - [15/Dec/2025:08:48:12 +0100] "GET /cgi-bin/file.php HTTP/1.1" 403 2600 "https://www.google.com/" "Mozilla/5.0 (Linux; Android 10; K) AppleWebKit/537.36 (KHTML, like Gecko) Chrome/117.0.0.0 Mobile Safari/537.36"
185.111.111.0 - - [15/Dec/2025:08:48:12 +0100] "GET /cgi-bin/index.php HTTP/1.1" 301 253 "https://www.yahoo.com/" "Mozilla/5.0 (Linux; Android 12; V2134) AppleWebKit/537.36 (KHTML, like Gecko) Chrome/116.0.0.0 Mobile Safari/537.36"
13.71.30.0 - - [15/Dec/2025:08:48:12 +0100] "GET /cgi-bin/index.php HTTP/1.1" 403 2598 "https://www.yahoo.com/" "Mozilla/5.0 (Linux; Android 12; V2134) AppleWebKit/537.36 (KHTML, like Gecko) Chrome/116.0.0.0 Mobile Safari/537.36"
185.111.111.0 - - [15/Dec/2025:08:48:13 +0100] "GET /chosen.php HTTP/1.1" 301 246 "https://www.bing.com/" "Mozilla/5.0 (iPhone; CPU iPhone OS 16_6_1 like Mac OS X) AppleWebKit/605.1.15 (KHTML, like Gecko) Version/16.6 Mobile/15E148 Safari/604.1"
13.71.30.0 - - [15/Dec/2025:08:48:13 +0100] "GET /chosen.php HTTP/1.1" 200 - "https://www.bing.com/" "Mozilla/5.0 (iPhone; CPU iPhone OS 16_6_1 like Mac OS X) AppleWebKit/605.1.15 (KHTML, like Gecko) Version/16.6 Mobile/15E148 Safari/604.1"
185.111.111.0 - - [15/Dec/2025:08:48:13 +0100] "GET /wp-content/themes/busiprof-pro/print.css HTTP/1.1" 404 2655 "-" "WordPress/6.8.3; https://www.gebaeudetechnik.nrw"
13.71.30.0 - - [15/Dec/2025:08:48:13 +0100] "GET /chosen.php HTTP/1.1" 200 237751 "https://www.bing.com/" "Mozilla/5.0 (iPhone; CPU iPhone OS 16_6_1 like Mac OS X) AppleWebKit/605.1.15 (KHTML, like Gecko) Version/16.6 Mobile/15E148 Safari/604.1"
185.111.111.0 - - [15/Dec/2025:08:48:14 +0100] "GET /classwithtostring.php HTTP/1.1" 301 257 "https://www.yahoo.com/" "Mozilla/5.0 (Linux; Android 12; 2201116SG) AppleWebKit/537.36 (KHTML, like Gecko) Chrome/116.0.0.0 Mobile Safari/537.36"
13.71.30.0 - - [15/Dec/2025:08:48:14 +0100] "GET /classwithtostring.php HTTP/1.1" 200 - "https://www.yahoo.com/" "Mozilla/5.0 (Linux; Android 12; 2201116SG) AppleWebKit/537.36 (KHTML, like Gecko) Chrome/116.0.0.0 Mobile Safari/537.36"
185.111.111.0 - - [15/Dec/2025:08:48:14 +0100] "GET /wp-content/themes/busiprof-pro/print.css HTTP/1.1" 404 2655 "-" "WordPress/6.8.3; https://www.gebaeudetechnik.nrw"
13.71.30.0 - - [15/Dec/2025:08:48:14 +0100] "GET /classwithtostring.php HTTP/1.1" 200 237751 "https://www.yahoo.com/" "Mozilla/5.0 (Linux; Android 12; 2201116SG) AppleWebKit/537.36 (KHTML, like Gecko) Chrome/116.0.0.0 Mobile Safari/537.36"
185.111.111.0 - - [15/Dec/2025:08:48:15 +0100] "GET /edit.php HTTP/1.1" 301 244 "https://www.yahoo.com/" "Mozilla/5.0 (Linux; Android 10; K) AppleWebKit/537.36 (KHTML, like Gecko) Chrome/117.0.0.0 Mobile Safari/537.36"
13.71.30.0 - - [15/Dec/2025:08:48:15 +0100] "GET /edit.php HTTP/1.1" 200 - "https://www.yahoo.com/" "Mozilla/5.0 (Linux; Android 10; K) AppleWebKit/537.36 (KHTML, like Gecko) Chrome/117.0.0.0 Mobile Safari/537.36"
185.111.111.0 - - [15/Dec/2025:08:48:15 +0100] "GET /wp-content/themes/busiprof-pro/print.css HTTP/1.1" 404 2655 "-" "WordPress/6.8.3; https://www.gebaeudetechnik.nrw"
13.71.30.0 - - [15/Dec/2025:08:48:15 +0100] "GET /edit.php HTTP/1.1" 200 237751 "https://www.yahoo.com/" "Mozilla/5.0 (Linux; Android 10; K) AppleWebKit/537.36 (KHTML, like Gecko) Chrome/117.0.0.0 Mobile Safari/537.36"
185.111.111.0 - - [15/Dec/2025:08:48:16 +0100] "GET /elp.php HTTP/1.1" 301 243 "https://www.google.fr/" "Mozilla/5.0 (Linux; Android 14; Pixel 8 Pro) AppleWebKit/537.36 (KHTML, like Gecko) Chrome/119.0.0.0 Mobile Safari/537.36"
13.71.30.0 - - [15/Dec/2025:08:48:16 +0100] "GET /elp.php HTTP/1.1" 200 - "https://www.google.fr/" "Mozilla/5.0 (Linux; Android 14; Pixel 8 Pro) AppleWebKit/537.36 (KHTML, like Gecko) Chrome/119.0.0.0 Mobile Safari/537.36"
185.111.111.0 - - [15/Dec/2025:08:48:16 +0100] "GET /wp-content/themes/busiprof-pro/print.css HTTP/1.1" 404 2655 "-" "WordPress/6.8.3; https://www.gebaeudetechnik.nrw"
13.71.30.0 - - [15/Dec/2025:08:48:16 +0100] "GET /elp.php HTTP/1.1" 200 237751 "https://www.google.fr/" "Mozilla/5.0 (Linux; Android 14; Pixel 8 Pro) AppleWebKit/537.36 (KHTML, like Gecko) Chrome/119.0.0.0 Mobile Safari/537.36"
185.111.111.0 - - [15/Dec/2025:08:48:18 +0100] "GET /simple.php HTTP/1.1" 301 246 "https://www.google.com/" "Mozilla/5.0 (Linux; Android 13; M2101K6G) AppleWebKit/537.36 (KHTML, like Gecko) Chrome/116.0.0.0 Mobile Safari/537.36"
13.71.30.0 - - [15/Dec/2025:08:48:18 +0100] "GET /simple.php HTTP/1.1" 200 - "https://www.google.com/" "Mozilla/5.0 (Linux; Android 13; M2101K6G) AppleWebKit/537.36 (KHTML, like Gecko) Chrome/116.0.0.0 Mobile Safari/537.36"
185.111.111.0 - - [15/Dec/2025:08:48:18 +0100] "GET /wp-content/themes/busiprof-pro/print.css HTTP/1.1" 404 2655 "-" "WordPress/6.8.3; https://www.gebaeudetechnik.nrw"
13.71.30.0 - - [15/Dec/2025:08:48:18 +0100] "GET /simple.php HTTP/1.1" 200 237751 "https://www.google.com/" "Mozilla/5.0 (Linux; Android 13; M2101K6G) AppleWebKit/537.36 (KHTML, like Gecko) Chrome/116.0.0.0 Mobile Safari/537.36"
185.111.111.0 - - [15/Dec/2025:08:48:19 +0100] "GET /file.php HTTP/1.1" 301 244 "https://duckduckgo.com/" "Mozilla/5.0 (Linux; Android 13; SM-G991U) AppleWebKit/537.36 (KHTML, like Gecko) Chrome/117.0.0.0 Mobile Safari/537.36"
13.71.30.0 - - [15/Dec/2025:08:48:19 +0100] "GET /file.php HTTP/1.1" 200 - "https://duckduckgo.com/" "Mozilla/5.0 (Linux; Android 13; SM-G991U) AppleWebKit/537.36 (KHTML, like Gecko) Chrome/117.0.0.0 Mobile Safari/537.36"
185.111.111.0 - - [15/Dec/2025:08:48:20 +0100] "GET /wp-content/themes/busiprof-pro/print.css HTTP/1.1" 404 2655 "-" "WordPress/6.8.3; https://www.gebaeudetechnik.nrw"
13.71.30.0 - - [15/Dec/2025:08:48:19 +0100] "GET /file.php HTTP/1.1" 200 237751 "https://duckduckgo.com/" "Mozilla/5.0 (Linux; Android 13; SM-G991U) AppleWebKit/537.36 (KHTML, like Gecko) Chrome/117.0.0.0 Mobile Safari/537.36"
185.111.111.0 - - [15/Dec/2025:08:48:20 +0100] "GET /item.php HTTP/1.1" 301 244 "https://www.google.co.uk/" "Mozilla/5.0 (Linux; Android 12; SM-A525F) AppleWebKit/537.36 (KHTML, like Gecko) Chrome/117.0.0.0 Mobile Safari/537.36"
2a01:238:43f8:5f00:: - - [15/Dec/2025:08:48:20 +0100] "POST /wp-cron.php?doing_wp_cron=1765784900.6860198974609375000000 HTTP/1.1" 200 - "-" "VThhMkHY7y4j"
13.71.30.0 - - [15/Dec/2025:08:48:20 +0100] "GET /item.php HTTP/1.1" 200 - "https://www.google.co.uk/" "Mozilla/5.0 (Linux; Android 12; SM-A525F) AppleWebKit/537.36 (KHTML, like Gecko) Chrome/117.0.0.0 Mobile Safari/537.36"
185.111.111.0 - - [15/Dec/2025:08:48:21 +0100] "GET /wp-content/themes/busiprof-pro/print.css HTTP/1.1" 404 2655 "-" "WordPress/6.8.3; https://www.gebaeudetechnik.nrw"
13.71.30.0 - - [15/Dec/2025:08:48:21 +0100] "GET /item.php HTTP/1.1" 200 237751 "https://www.google.co.uk/" "Mozilla/5.0 (Linux; Android 12; SM-A525F) AppleWebKit/537.36 (KHTML, like Gecko) Chrome/117.0.0.0 Mobile Safari/537.36"
185.111.111.0 - - [15/Dec/2025:08:48:21 +0100] "GET /files/ HTTP/1.1" 301 242 "https://www.google.fr/" "Mozilla/5.g (Linux; Android 13; Pixel 7) AppleWebKit/537.36 (KHTML, like Gecko) Chrome/116.0.0.0 Mobile Safari/537.36"
13.71.30.0 - - [15/Dec/2025:08:48:21 +0100] "GET /files/ HTTP/1.1" 200 - "https://www.google.fr/" "Mozilla/5.g (Linux; Android 13; Pixel 7) AppleWebKit/537.36 (KHTML, like Gecko) Chrome/116.0.0.0 Mobile Safari/537.36"
185.111.111.0 - - [15/Dec/2025:08:48:22 +0100] "GET /wp-content/themes/busiprof-pro/print.css HTTP/1.1" 404 2655 "-" "WordPress/6.8.3; https://www.gebaeudetechnik.nrw"
13.71.30.0 - - [15/Dec/2025:08:48:21 +0100] "GET /files/ HTTP/1.1" 200 237751 "https://www.google.fr/" "Mozilla/5.g (Linux; Android 13; Pixel 7) AppleWebKit/537.36 (KHTML, like Gecko) Chrome/116.0.0.0 Mobile Safari/537.36"
185.111.111.0 - - [15/Dec/2025:08:48:22 +0100] "GET /gg.php HTTP/1.1" 301 242 "https://www.google.co.uk/" "Mozilla/5.0 (iPhone; CPU iPhone OS 17_1 like Mac OS X) AppleWebKit/605.1.15 (KHTML, like Gecko) CriOS/119.0.6045.109 Mobile/15E148 Safari/604.1"
13.71.30.0 - - [15/Dec/2025:08:48:22 +0100] "GET /gg.php HTTP/1.1" 200 - "https://www.google.co.uk/" "Mozilla/5.0 (iPhone; CPU iPhone OS 17_1 like Mac OS X) AppleWebKit/605.1.15 (KHTML, like Gecko) CriOS/119.0.6045.109 Mobile/15E148 Safari/604.1"
185.111.111.0 - - [15/Dec/2025:08:48:23 +0100] "GET /wp-content/themes/busiprof-pro/print.css HTTP/1.1" 404 2655 "-" "WordPress/6.8.3; https://www.gebaeudetechnik.nrw"
13.71.30.0 - - [15/Dec/2025:08:48:22 +0100] "GET /gg.php HTTP/1.1" 200 237751 "https://www.google.co.uk/" "Mozilla/5.0 (iPhone; CPU iPhone OS 17_1 like Mac OS X) AppleWebKit/605.1.15 (KHTML, like Gecko) CriOS/119.0.6045.109 Mobile/15E148 Safari/604.1"
185.111.111.0 - - [15/Dec/2025:08:48:23 +0100] "GET /goods.php HTTP/1.1" 301 245 "https://www.google.fr/" "Mozilla/5.0 (iPhone; CPU iPhone OS 16_0 like Mac OS X) AppleWebKit/605.1.15 (KHTML, like Gecko) FxiOS/118.0 Mobile/15E148 Safari/605.1.15"
13.71.30.0 - - [15/Dec/2025:08:48:23 +0100] "GET /goods.php HTTP/1.1" 200 - "https://www.google.fr/" "Mozilla/5.0 (iPhone; CPU iPhone OS 16_0 like Mac OS X) AppleWebKit/605.1.15 (KHTML, like Gecko) FxiOS/118.0 Mobile/15E148 Safari/605.1.15"
185.111.111.0 - - [15/Dec/2025:08:48:24 +0100] "GET /wp-content/themes/busiprof-pro/print.css HTTP/1.1" 404 2655 "-" "WordPress/6.8.3; https://www.gebaeudetechnik.nrw"
13.71.30.0 - - [15/Dec/2025:08:48:23 +0100] "GET /goods.php HTTP/1.1" 200 237751 "https://www.google.fr/" "Mozilla/5.0 (iPhone; CPU iPhone OS 16_0 like Mac OS X) AppleWebKit/605.1.15 (KHTML, like Gecko) FxiOS/118.0 Mobile/15E148 Safari/605.1.15"
185.111.111.0 - - [15/Dec/2025:08:48:24 +0100] "GET /images/ HTTP/1.1" 301 243 "https://www.google.de/" "Mozilla/5.0 (Linux; Android 10; K) AppleWebKit/537.36 (KHTML, like Gecko) Chrome/117.0.0.0 Mobile Safari/537.36"
13.71.30.0 - - [15/Dec/2025:08:48:24 +0100] "GET /images/ HTTP/1.1" 403 2598 "https://www.google.de/" "Mozilla/5.0 (Linux; Android 10; K) AppleWebKit/537.36 (KHTML, like Gecko) Chrome/117.0.0.0 Mobile Safari/537.36"
185.111.111.0 - - [15/Dec/2025:08:48:24 +0100] "GET /images/install.php HTTP/1.1" 403 2602 "https://www.google.co.uk/" "Mozilla/5.0 (iPhone; CPU iPhone OS 17_1_1 like Mac OS X) AppleWebKit/605.1.15 (KHTML, like Gecko) Version/17.1 Mobile/15E148 Safari/604.1"
185.111.111.0 - - [15/Dec/2025:08:48:24 +0100] "GET /info.php HTTP/1.1" 301 244 "https://www.bing.com/" "Mozilla/5.0 (Linux; Android 10; LM-Q720) AppleWebKit/537.36 (KHTML, like Gecko) Chrome/116.0.0.0 Mobile Safari/537.36"
13.71.30.0 - - [15/Dec/2025:08:48:25 +0100] "GET /info.php HTTP/1.1" 200 109909 "https://www.bing.com/" "Mozilla/5.0 (Linux; Android 10; LM-Q720) AppleWebKit/537.36 (KHTML, like Gecko) Chrome/116.0.0.0 Mobile Safari/537.36"
185.111.111.0 - - [15/Dec/2025:08:48:25 +0100] "GET /ioxi-o.php HTTP/1.1" 301 246 "https://www.google.com/" "Mozilla/5.0 (Linux; Android 11; CPH2251) AppleWebKit/537.36 (KHTML, like Gecko) Chrome/116.0.0.0 Mobile Safari/537.36"
13.71.30.0 - - [15/Dec/2025:08:48:25 +0100] "GET /ioxi-o.php HTTP/1.1" 200 - "https://www.google.com/" "Mozilla/5.0 (Linux; Android 11; CPH2251) AppleWebKit/537.36 (KHTML, like Gecko) Chrome/116.0.0.0 Mobile Safari/537.36"
185.111.111.0 - - [15/Dec/2025:08:48:26 +0100] "GET /wp-content/themes/busiprof-pro/print.css HTTP/1.1" 404 2655 "-" "WordPress/6.8.3; https://www.gebaeudetechnik.nrw"
13.71.30.0 - - [15/Dec/2025:08:48:26 +0100] "GET /ioxi-o.php HTTP/1.1" 200 237751 "https://www.google.com/" "Mozilla/5.0 (Linux; Android 11; CPH2251) AppleWebKit/537.36 (KHTML, like Gecko) Chrome/116.0.0.0 Mobile Safari/537.36"
185.111.111.0 - - [15/Dec/2025:08:48:26 +0100] "GET /k.php HTTP/1.1" 301 241 "https://www.google.com/" "Mozilla/5.g (Linux; Android 13; Pixel 7) AppleWebKit/537.36 (KHTML, like Gecko) Chrome/116.0.0.0 Mobile Safari/537.36"
13.71.30.0 - - [15/Dec/2025:08:48:27 +0100] "GET /k.php HTTP/1.1" 200 - "https://www.google.com/" "Mozilla/5.g (Linux; Android 13; Pixel 7) AppleWebKit/537.36 (KHTML, like Gecko) Chrome/116.0.0.0 Mobile Safari/537.36"
91.201.113.0 - - [15/Dec/2025:08:48:27 +0100] "GET /reports/usage_202511.html HTTP/1.0" 200 94062 "https://vykup-auto-prm.ru/" "Mozilla/5.0 (Windows NT 10.0; Win64; x64) AppleWebKit/537.36 (KHTML, like Gecko) Chrome/130.0.0.0 Safari/537.36"
185.111.111.0 - - [15/Dec/2025:08:48:27 +0100] "GET /wp-content/themes/busiprof-pro/print.css HTTP/1.1" 404 2655 "-" "WordPress/6.8.3; https://www.gebaeudetechnik.nrw"
13.71.30.0 - - [15/Dec/2025:08:48:27 +0100] "GET /k.php HTTP/1.1" 200 237751 "https://www.google.com/" "Mozilla/5.g (Linux; Android 13; Pixel 7) AppleWebKit/537.36 (KHTML, like Gecko) Chrome/116.0.0.0 Mobile Safari/537.36"
185.111.111.0 - - [15/Dec/2025:08:48:27 +0100] "GET /mah.php HTTP/1.1" 301 243 "https://duckduckgo.com/" "Mozilla/5.0 (Linux; Android 13; SM-G991U) AppleWebKit/537.36 (KHTML, like Gecko) Chrome/117.0.0.0 Mobile Safari/537.36"
13.71.30.0 - - [15/Dec/2025:08:48:28 +0100] "GET /mah.php HTTP/1.1" 200 - "https://duckduckgo.com/" "Mozilla/5.0 (Linux; Android 13; SM-G991U) AppleWebKit/537.36 (KHTML, like Gecko) Chrome/117.0.0.0 Mobile Safari/537.36"
185.111.111.0 - - [15/Dec/2025:08:48:28 +0100] "GET /wp-content/themes/busiprof-pro/print.css HTTP/1.1" 404 2655 "-" "WordPress/6.8.3; https://www.gebaeudetechnik.nrw"
13.71.30.0 - - [15/Dec/2025:08:48:28 +0100] "GET /mah.php HTTP/1.1" 200 237751 "https://duckduckgo.com/" "Mozilla/5.0 (Linux; Android 13; SM-G991U) AppleWebKit/537.36 (KHTML, like Gecko) Chrome/117.0.0.0 Mobile Safari/537.36"
185.111.111.0 - - [15/Dec/2025:08:48:28 +0100] "GET /mah/function.php HTTP/1.1" 301 252 "https://www.yahoo.com/" "Mozilla/5.0 (Linux; Android 13; SM-S908E) AppleWebKit/537.36 (KHTML, like Gecko) Chrome/116.0.0.0 Mobile Safari/537.36"
13.71.30.0 - - [15/Dec/2025:08:48:29 +0100] "GET /mah/function.php HTTP/1.1" 200 - "https://www.yahoo.com/" "Mozilla/5.0 (Linux; Android 13; SM-S908E) AppleWebKit/537.36 (KHTML, like Gecko) Chrome/116.0.0.0 Mobile Safari/537.36"
91.201.113.0 - - [15/Dec/2025:08:48:29 +0100] "GET /reports/usage_202511.html HTTP/1.0" 200 94062 "https://vykup-auto-prm.ru/" "Mozilla/5.0 (Windows NT 10.0; Win64; x64) AppleWebKit/537.36 (KHTML, like Gecko) Chrome/130.0.0.0 Safari/537.36 CCleaner/130.0.0.0"
185.111.111.0 - - [15/Dec/2025:08:48:29 +0100] "GET /wp-content/themes/busiprof-pro/print.css HTTP/1.1" 404 2655 "-" "WordPress/6.8.3; https://www.gebaeudetechnik.nrw"
13.71.30.0 - - [15/Dec/2025:08:48:29 +0100] "GET /mah/function.php HTTP/1.1" 200 237751 "https://www.yahoo.com/" "Mozilla/5.0 (Linux; Android 13; SM-S908E) AppleWebKit/537.36 (KHTML, like Gecko) Chrome/116.0.0.0 Mobile Safari/537.36"
185.111.111.0 - - [15/Dec/2025:08:48:29 +0100] "GET /manager.php HTTP/1.1" 301 247 "https://www.google.co.uk/" "Mozilla/5.0 (Linux; Android 10; K) AppleWebKit/537.36 (KHTML, like Gecko) Chrome/117.0.0.0 Mobile Safari/537.36"
13.71.30.0 - - [15/Dec/2025:08:48:29 +0100] "GET /manager.php HTTP/1.1" 200 - "https://www.google.co.uk/" "Mozilla/5.0 (Linux; Android 10; K) AppleWebKit/537.36 (KHTML, like Gecko) Chrome/117.0.0.0 Mobile Safari/537.36"
185.111.111.0 - - [15/Dec/2025:08:48:30 +0100] "GET /wp-content/themes/busiprof-pro/print.css HTTP/1.1" 404 2655 "-" "WordPress/6.8.3; https://www.gebaeudetechnik.nrw"
13.71.30.0 - - [15/Dec/2025:08:48:30 +0100] "GET /manager.php HTTP/1.1" 200 237751 "https://www.google.co.uk/" "Mozilla/5.0 (Linux; Android 10; K) AppleWebKit/537.36 (KHTML, like Gecko) Chrome/117.0.0.0 Mobile Safari/537.36"
185.111.111.0 - - [15/Dec/2025:08:48:30 +0100] "GET /mini HTTP/1.1" 301 240 "https://www.google.com/" "Mozilla/5.0 (iPhone; CPU iPhone OS 16_6_1 like Mac OS X) AppleWebKit/605.1.15 (KHTML, like Gecko) Version/16.6 Mobile/15E148 Safari/604.1"
13.71.30.0 - - [15/Dec/2025:08:48:30 +0100] "GET /mini HTTP/1.1" 200 - "https://www.google.com/" "Mozilla/5.0 (iPhone; CPU iPhone OS 16_6_1 like Mac OS X) AppleWebKit/605.1.15 (KHTML, like Gecko) Version/16.6 Mobile/15E148 Safari/604.1"
185.111.111.0 - - [15/Dec/2025:08:48:31 +0100] "GET /wp-content/themes/busiprof-pro/print.css HTTP/1.1" 404 2655 "-" "WordPress/6.8.3; https://www.gebaeudetechnik.nrw"
13.71.30.0 - - [15/Dec/2025:08:48:31 +0100] "GET /mini HTTP/1.1" 200 237751 "https://www.google.com/" "Mozilla/5.0 (iPhone; CPU iPhone OS 16_6_1 like Mac OS X) AppleWebKit/605.1.15 (KHTML, like Gecko) Version/16.6 Mobile/15E148 Safari/604.1"
91.201.113.0 - - [15/Dec/2025:08:48:31 +0100] "GET /reports/usage_202511.html HTTP/1.0" 200 94062 "https://vykup-auto-prm.ru/" "Mozilla/5.0 (Windows NT 10.0; Win64; x64) AppleWebKit/537.36 (KHTML, like Gecko) Chrome/130.0.0.0 Safari/537.36 CCleaner/130.0.0.0"
185.111.111.0 - - [15/Dec/2025:08:48:31 +0100] "GET /new.php HTTP/1.1" 301 243 "https://www.yahoo.com/" "Mozilla/5.0 (iPhone; CPU iPhone OS 16_0 like Mac OS X) AppleWebKit/605.1.15 (KHTML, like Gecko) FxiOS/118.0 Mobile/15E148 Safari/605.1.15"
13.71.30.0 - - [15/Dec/2025:08:48:31 +0100] "GET /new.php HTTP/1.1" 200 - "https://www.yahoo.com/" "Mozilla/5.0 (iPhone; CPU iPhone OS 16_0 like Mac OS X) AppleWebKit/605.1.15 (KHTML, like Gecko) FxiOS/118.0 Mobile/15E148 Safari/605.1.15"
185.111.111.0 - - [15/Dec/2025:08:48:32 +0100] "GET /wp-content/themes/busiprof-pro/print.css HTTP/1.1" 404 2655 "-" "WordPress/6.8.3; https://www.gebaeudetechnik.nrw"
13.71.30.0 - - [15/Dec/2025:08:48:32 +0100] "GET /new.php HTTP/1.1" 200 237751 "https://www.yahoo.com/" "Mozilla/5.0 (iPhone; CPU iPhone OS 16_0 like Mac OS X) AppleWebKit/605.1.15 (KHTML, like Gecko) FxiOS/118.0 Mobile/15E148 Safari/605.1.15"
185.111.111.0 - - [15/Dec/2025:08:48:32 +0100] "GET /dropdown.php HTTP/1.1" 301 248 "https://www.google.de/" "Mozilla/5.0 (iPhone; CPU iPhone OS 17_1_1 like Mac OS X) AppleWebKit/605.1.15 (KHTML, like Gecko) Version/17.1 Mobile/15E148 Safari/604.1"
13.71.30.0 - - [15/Dec/2025:08:48:32 +0100] "GET /dropdown.php HTTP/1.1" 200 - "https://www.google.de/" "Mozilla/5.0 (iPhone; CPU iPhone OS 17_1_1 like Mac OS X) AppleWebKit/605.1.15 (KHTML, like Gecko) Version/17.1 Mobile/15E148 Safari/604.1"
185.111.111.0 - - [15/Dec/2025:08:48:33 +0100] "GET /wp-content/themes/busiprof-pro/print.css HTTP/1.1" 404 2655 "-" "WordPress/6.8.3; https://www.gebaeudetechnik.nrw"
13.71.30.0 - - [15/Dec/2025:08:48:33 +0100] "GET /dropdown.php HTTP/1.1" 200 237751 "https://www.google.de/" "Mozilla/5.0 (iPhone; CPU iPhone OS 17_1_1 like Mac OS X) AppleWebKit/605.1.15 (KHTML, like Gecko) Version/17.1 Mobile/15E148 Safari/604.1"
185.111.111.0 - - [15/Dec/2025:08:48:33 +0100] "GET /cong.php HTTP/1.1" 301 244 "https://www.google.com/" "Mozilla/5.0 (Linux; Android 12; 2201116SG) AppleWebKit/537.36 (KHTML, like Gecko) Chrome/116.0.0.0 Mobile Safari/537.36"
13.71.30.0 - - [15/Dec/2025:08:48:33 +0100] "GET /cong.php HTTP/1.1" 200 - "https://www.google.com/" "Mozilla/5.0 (Linux; Android 12; 2201116SG) AppleWebKit/537.36 (KHTML, like Gecko) Chrome/116.0.0.0 Mobile Safari/537.36"
2a01:238:43f8:5f00:: - - [15/Dec/2025:08:48:34 +0100] "POST /wp-cron.php?doing_wp_cron=1765784914.0997610092163085937500 HTTP/1.1" 200 - "-" "PfbC1vov6BE9"
185.111.111.0 - - [15/Dec/2025:08:48:34 +0100] "GET /wp-content/themes/busiprof-pro/print.css HTTP/1.1" 404 2655 "-" "WordPress/6.8.3; https://www.gebaeudetechnik.nrw"
13.71.30.0 - - [15/Dec/2025:08:48:34 +0100] "GET /cong.php HTTP/1.1" 200 237751 "https://www.google.com/" "Mozilla/5.0 (Linux; Android 12; 2201116SG) AppleWebKit/537.36 (KHTML, like Gecko) Chrome/116.0.0.0 Mobile Safari/537.36"
185.111.111.0 - - [15/Dec/2025:08:48:34 +0100] "GET /public/files/index.php HTTP/1.1" 301 258 "https://www.google.de/" "Mozilla/5.0 (Linux; Android 12; 2201116SG) AppleWebKit/537.36 (KHTML, like Gecko) Chrome/116.0.0.0 Mobile Safari/537.36"
13.71.30.0 - - [15/Dec/2025:08:48:35 +0100] "GET /public/files/index.php HTTP/1.1" 200 - "https://www.google.de/" "Mozilla/5.0 (Linux; Android 12; 2201116SG) AppleWebKit/537.36 (KHTML, like Gecko) Chrome/116.0.0.0 Mobile Safari/537.36"
185.111.111.0 - - [15/Dec/2025:08:48:35 +0100] "GET /wp-content/themes/busiprof-pro/print.css HTTP/1.1" 404 2655 "-" "WordPress/6.8.3; https://www.gebaeudetechnik.nrw"
13.71.30.0 - - [15/Dec/2025:08:48:35 +0100] "GET /public/files/ HTTP/1.1" 200 237751 "https://www.google.de/" "Mozilla/5.0 (Linux; Android 12; 2201116SG) AppleWebKit/537.36 (KHTML, like Gecko) Chrome/116.0.0.0 Mobile Safari/537.36"
185.111.111.0 - - [15/Dec/2025:08:48:35 +0100] "GET /public/wp-content/index.php HTTP/1.1" 301 263 "https://www.google.com/" "Mozilla/5.0 (Linux; Android 12; 2201116SG) AppleWebKit/537.36 (KHTML, like Gecko) Chrome/116.0.0.0 Mobile Safari/537.36"
13.71.30.0 - - [15/Dec/2025:08:48:36 +0100] "GET /public/wp-content/index.php HTTP/1.1" 200 - "https://www.google.com/" "Mozilla/5.0 (Linux; Android 12; 2201116SG) AppleWebKit/537.36 (KHTML, like Gecko) Chrome/116.0.0.0 Mobile Safari/537.36"
185.111.111.0 - - [15/Dec/2025:08:48:36 +0100] "GET /wp-content/themes/busiprof-pro/print.css HTTP/1.1" 404 2655 "-" "WordPress/6.8.3; https://www.gebaeudetechnik.nrw"
13.71.30.0 - - [15/Dec/2025:08:48:36 +0100] "GET /public/wp-content/ HTTP/1.1" 200 237751 "https://www.google.com/" "Mozilla/5.0 (Linux; Android 12; 2201116SG) AppleWebKit/537.36 (KHTML, like Gecko) Chrome/116.0.0.0 Mobile Safari/537.36"
185.111.111.0 - - [15/Dec/2025:08:48:36 +0100] "GET /radio.php HTTP/1.1" 301 245 "https://www.google.de/" "Mozilla/5.0 (Linux; Android 11; 21081111RG) AppleWebKit/537.36 (KHTML, like Gecko) Chrome/116.0.0.0 Mobile Safari/537.36"
13.71.30.0 - - [15/Dec/2025:08:48:36 +0100] "GET /radio.php HTTP/1.1" 200 - "https://www.google.de/" "Mozilla/5.0 (Linux; Android 11; 21081111RG) AppleWebKit/537.36 (KHTML, like Gecko) Chrome/116.0.0.0 Mobile Safari/537.36"
185.111.111.0 - - [15/Dec/2025:08:48:37 +0100] "GET /wp-content/themes/busiprof-pro/print.css HTTP/1.1" 404 2655 "-" "WordPress/6.8.3; https://www.gebaeudetechnik.nrw"
13.71.30.0 - - [15/Dec/2025:08:48:37 +0100] "GET /radio.php HTTP/1.1" 200 237751 "https://www.google.de/" "Mozilla/5.0 (Linux; Android 11; 21081111RG) AppleWebKit/537.36 (KHTML, like Gecko) Chrome/116.0.0.0 Mobile Safari/537.36"
185.111.111.0 - - [15/Dec/2025:08:48:37 +0100] "GET /themes.php HTTP/1.1" 301 246 "https://www.yahoo.com/" "Mozilla/5.0 (iPhone; CPU iPhone OS 16_6_1 like Mac OS X) AppleWebKit/605.1.15 (KHTML, like Gecko) Version/16.6 Mobile/15E148 Safari/604.1"
13.71.30.0 - - [15/Dec/2025:08:48:37 +0100] "GET /themes.php HTTP/1.1" 200 - "https://www.yahoo.com/" "Mozilla/5.0 (iPhone; CPU iPhone OS 16_6_1 like Mac OS X) AppleWebKit/605.1.15 (KHTML, like Gecko) Version/16.6 Mobile/15E148 Safari/604.1"
185.111.111.0 - - [15/Dec/2025:08:48:38 +0100] "GET /wp-content/themes/busiprof-pro/print.css HTTP/1.1" 404 2655 "-" "WordPress/6.8.3; https://www.gebaeudetechnik.nrw"
13.71.30.0 - - [15/Dec/2025:08:48:38 +0100] "GET /themes.php HTTP/1.1" 200 237751 "https://www.yahoo.com/" "Mozilla/5.0 (iPhone; CPU iPhone OS 16_6_1 like Mac OS X) AppleWebKit/605.1.15 (KHTML, like Gecko) Version/16.6 Mobile/15E148 Safari/604.1"
185.111.111.0 - - [15/Dec/2025:08:48:38 +0100] "GET /uploads/index.php HTTP/1.1" 301 253 "https://www.bing.com/" "Mozilla/5.0 (iPhone; CPU iPhone OS 17_1 like Mac OS X) AppleWebKit/605.1.15 (KHTML, like Gecko) CriOS/119.0.6045.109 Mobile/15E148 Safari/604.1"
13.71.30.0 - - [15/Dec/2025:08:48:38 +0100] "GET /uploads/index.php HTTP/1.1" 200 - "https://www.bing.com/" "Mozilla/5.0 (iPhone; CPU iPhone OS 17_1 like Mac OS X) AppleWebKit/605.1.15 (KHTML, like Gecko) CriOS/119.0.6045.109 Mobile/15E148 Safari/604.1"
185.111.111.0 - - [15/Dec/2025:08:48:39 +0100] "GET /wp-content/themes/busiprof-pro/print.css HTTP/1.1" 404 2655 "-" "WordPress/6.8.3; https://www.gebaeudetechnik.nrw"
13.71.30.0 - - [15/Dec/2025:08:48:39 +0100] "GET /uploads/ HTTP/1.1" 200 237751 "https://www.bing.com/" "Mozilla/5.0 (iPhone; CPU iPhone OS 17_1 like Mac OS X) AppleWebKit/605.1.15 (KHTML, like Gecko) CriOS/119.0.6045.109 Mobile/15E148 Safari/604.1"
216.244.66.0 - - [15/Dec/2025:08:48:39 +0100] "GET /contao/vendor/symfony/translation-contracts/Test/?C=N;O=A HTTP/1.1" 200 1025 "-" "Mozilla/5.0 (compatible; DotBot/1.2; +https://opensiteexplorer.org/dotbot; help@moz.com)"
185.111.111.0 - - [15/Dec/2025:08:48:39 +0100] "GET /wp-admin/ HTTP/1.1" 301 245 "https://www.bing.com/" "Mozilla/5.0 (Linux; Android 12; V2134) AppleWebKit/537.36 (KHTML, like Gecko) Chrome/116.0.0.0 Mobile Safari/537.36"
13.71.30.0 - - [15/Dec/2025:08:48:39 +0100] "GET /wp-admin/ HTTP/1.1" 302 - "https://www.bing.com/" "Mozilla/5.0 (Linux; Android 12; V2134) AppleWebKit/537.36 (KHTML, like Gecko) Chrome/116.0.0.0 Mobile Safari/537.36"
13.71.30.0 - - [15/Dec/2025:08:48:40 +0100] "GET /nicht-erlaubt/ HTTP/1.1" 200 - "https://www.bing.com/" "Mozilla/5.0 (Linux; Android 12; V2134) AppleWebKit/537.36 (KHTML, like Gecko) Chrome/116.0.0.0 Mobile Safari/537.36"
185.111.111.0 - - [15/Dec/2025:08:48:40 +0100] "GET /wp-content/themes/busiprof-pro/print.css HTTP/1.1" 404 2655 "-" "WordPress/6.8.3; https://www.gebaeudetechnik.nrw"
13.71.30.0 - - [15/Dec/2025:08:48:40 +0100] "GET /kontaktformular/nicht-erlaubt/ HTTP/1.1" 200 241993 "https://www.bing.com/" "Mozilla/5.0 (Linux; Android 12; V2134) AppleWebKit/537.36 (KHTML, like Gecko) Chrome/116.0.0.0 Mobile Safari/537.36"
185.111.111.0 - - [15/Dec/2025:08:48:40 +0100] "GET /wp-admin/classwithtostring.php HTTP/1.1" 301 266 "https://www.google.com/" "Mozilla/5.0 (iPhone; CPU iPhone OS 17_1 like Mac OS X) AppleWebKit/605.1.15 (KHTML, like Gecko) CriOS/119.0.6045.109 Mobile/15E148 Safari/604.1"
13.71.30.0 - - [15/Dec/2025:08:48:41 +0100] "GET /wp-admin/classwithtostring.php HTTP/1.1" 200 - "https://www.google.com/" "Mozilla/5.0 (iPhone; CPU iPhone OS 17_1 like Mac OS X) AppleWebKit/605.1.15 (KHTML, like Gecko) CriOS/119.0.6045.109 Mobile/15E148 Safari/604.1"
185.111.111.0 - - [15/Dec/2025:08:48:41 +0100] "GET /wp-content/themes/busiprof-pro/print.css HTTP/1.1" 404 2655 "-" "WordPress/6.8.3; https://www.gebaeudetechnik.nrw"
13.71.30.0 - - [15/Dec/2025:08:48:41 +0100] "GET /wp-admin/classwithtostring.php HTTP/1.1" 200 237751 "https://www.google.com/" "Mozilla/5.0 (iPhone; CPU iPhone OS 17_1 like Mac OS X) AppleWebKit/605.1.15 (KHTML, like Gecko) CriOS/119.0.6045.109 Mobile/15E148 Safari/604.1"
185.111.111.0 - - [15/Dec/2025:08:48:41 +0100] "GET /wp-admin/css/ HTTP/1.1" 301 249 "https://www.google.fr/" "Mozilla/5.0 (Linux; Android 14; Pixel 8 Pro) AppleWebKit/537.36 (KHTML, like Gecko) Chrome/119.0.0.0 Mobile Safari/537.36"
13.71.30.0 - - [15/Dec/2025:08:48:42 +0100] "GET /wp-admin/css/ HTTP/1.1" 403 2598 "https://www.google.fr/" "Mozilla/5.0 (Linux; Android 14; Pixel 8 Pro) AppleWebKit/537.36 (KHTML, like Gecko) Chrome/119.0.0.0 Mobile Safari/537.36"
185.111.111.0 - - [15/Dec/2025:08:48:42 +0100] "GET /wp-admin/css/about.php HTTP/1.1" 301 258 "https://www.yahoo.com/" "Mozilla/5.0 (iPhone; CPU iPhone OS 15_7_9 like Mac OS X) AppleWebKit/605.1.15 (KHTML, like Gecko) Version/15.6.5 Mobile/15E148 Safari/604.1"
13.71.30.0 - - [15/Dec/2025:08:48:42 +0100] "GET /wp-admin/css/about.php HTTP/1.1" 200 - "https://www.yahoo.com/" "Mozilla/5.0 (iPhone; CPU iPhone OS 15_7_9 like Mac OS X) AppleWebKit/605.1.15 (KHTML, like Gecko) Version/15.6.5 Mobile/15E148 Safari/604.1"
185.111.111.0 - - [15/Dec/2025:08:48:42 +0100] "GET /wp-content/themes/busiprof-pro/print.css HTTP/1.1" 404 2655 "-" "WordPress/6.8.3; https://www.gebaeudetechnik.nrw"
13.71.30.0 - - [15/Dec/2025:08:48:42 +0100] "GET /wp-admin/css/about.php HTTP/1.1" 200 237751 "https://www.yahoo.com/" "Mozilla/5.0 (iPhone; CPU iPhone OS 15_7_9 like Mac OS X) AppleWebKit/605.1.15 (KHTML, like Gecko) Version/15.6.5 Mobile/15E148 Safari/604.1"
185.111.111.0 - - [15/Dec/2025:08:48:43 +0100] "GET /wp-admin/css/colors/blue/ HTTP/1.1" 301 261 "https://www.google.com/" "Mozilla/5.0 (Linux; Android 12; V2134) AppleWebKit/537.36 (KHTML, like Gecko) Chrome/116.0.0.0 Mobile Safari/537.36"
13.71.30.0 - - [15/Dec/2025:08:48:43 +0100] "GET /wp-admin/css/colors/blue/ HTTP/1.1" 403 2600 "https://www.google.com/" "Mozilla/5.0 (Linux; Android 12; V2134) AppleWebKit/537.36 (KHTML, like Gecko) Chrome/116.0.0.0 Mobile Safari/537.36"
185.111.111.0 - - [15/Dec/2025:08:48:43 +0100] "GET /wp-admin/images/index.php HTTP/1.1" 301 261 "https://www.yahoo.com/" "Mozilla/5.0 (Linux; Android 11; CPH2251) AppleWebKit/537.36 (KHTML, like Gecko) Chrome/116.0.0.0 Mobile Safari/537.36"
13.71.30.0 - - [15/Dec/2025:08:48:43 +0100] "GET /wp-admin/images/index.php HTTP/1.1" 200 - "https://www.yahoo.com/" "Mozilla/5.0 (Linux; Android 11; CPH2251) AppleWebKit/537.36 (KHTML, like Gecko) Chrome/116.0.0.0 Mobile Safari/537.36"
13.71.30.0 - - [15/Dec/2025:08:48:44 +0100] "GET /wp-admin/images/ HTTP/1.1" 403 2606 "https://www.yahoo.com/" "Mozilla/5.0 (Linux; Android 11; CPH2251) AppleWebKit/537.36 (KHTML, like Gecko) Chrome/116.0.0.0 Mobile Safari/537.36"
185.111.111.0 - - [15/Dec/2025:08:48:44 +0100] "GET /wp-admin/includes/colour.php HTTP/1.1" 301 264 "https://www.google.com/" "Mozilla/5.0 (iPad; CPU OS 16_7_2 like Mac OS X) AppleWebKit/605.1.15 (KHTML, like Gecko) Version/16.6 Mobile/15E148 Safari/604.1"
13.71.30.0 - - [15/Dec/2025:08:48:44 +0100] "GET /wp-admin/includes/colour.php HTTP/1.1" 403 2600 "https://www.google.com/" "Mozilla/5.0 (iPad; CPU OS 16_7_2 like Mac OS X) AppleWebKit/605.1.15 (KHTML, like Gecko) Version/16.6 Mobile/15E148 Safari/604.1"
185.111.111.0 - - [15/Dec/2025:08:48:44 +0100] "GET /wp-admin/includes/index.php HTTP/1.1" 301 263 "https://duckduckgo.com/" "Mozilla/5.0 (iPhone; CPU iPhone OS 16_6_1 like Mac OS X) AppleWebKit/605.1.15 (KHTML, like Gecko) Version/16.6 Mobile/15E148 Safari/604.1"
13.71.30.0 - - [15/Dec/2025:08:48:44 +0100] "GET /wp-admin/includes/index.php HTTP/1.1" 403 2600 "https://duckduckgo.com/" "Mozilla/5.0 (iPhone; CPU iPhone OS 16_6_1 like Mac OS X) AppleWebKit/605.1.15 (KHTML, like Gecko) Version/16.6 Mobile/15E148 Safari/604.1"
185.111.111.0 - - [15/Dec/2025:08:48:44 +0100] "GET /wp-admin/index.php HTTP/1.1" 301 254 "https://duckduckgo.com/" "Mozilla/5.0 (Linux; Android 13; SM-S908E) AppleWebKit/537.36 (KHTML, like Gecko) Chrome/116.0.0.0 Mobile Safari/537.36"
13.71.30.0 - - [15/Dec/2025:08:48:45 +0100] "GET /wp-admin/index.php HTTP/1.1" 302 - "https://duckduckgo.com/" "Mozilla/5.0 (Linux; Android 13; SM-S908E) AppleWebKit/537.36 (KHTML, like Gecko) Chrome/116.0.0.0 Mobile Safari/537.36"
13.71.30.0 - - [15/Dec/2025:08:48:45 +0100] "GET /nicht-erlaubt/ HTTP/1.1" 200 - "https://duckduckgo.com/" "Mozilla/5.0 (Linux; Android 13; SM-S908E) AppleWebKit/537.36 (KHTML, like Gecko) Chrome/116.0.0.0 Mobile Safari/537.36"
13.71.30.0 - - [15/Dec/2025:08:48:45 +0100] "GET /kontaktformular/nicht-erlaubt/ HTTP/1.1" 200 241993 "https://duckduckgo.com/" "Mozilla/5.0 (Linux; Android 13; SM-S908E) AppleWebKit/537.36 (KHTML, like Gecko) Chrome/116.0.0.0 Mobile Safari/537.36"
185.111.111.0 - - [15/Dec/2025:08:48:46 +0100] "GET /wp-admin/js/ HTTP/1.1" 301 248 "https://www.google.co.uk/" "Mozilla/5.0 (iPhone; CPU iPhone OS 15_7_9 like Mac OS X) AppleWebKit/605.1.15 (KHTML, like Gecko) Version/15.6.5 Mobile/15E148 Safari/604.1"
13.71.30.0 - - [15/Dec/2025:08:48:46 +0100] "GET /wp-admin/js/ HTTP/1.1" 403 2604 "https://www.google.co.uk/" "Mozilla/5.0 (iPhone; CPU iPhone OS 15_7_9 like Mac OS X) AppleWebKit/605.1.15 (KHTML, like Gecko) Version/15.6.5 Mobile/15E148 Safari/604.1"
185.111.111.0 - - [15/Dec/2025:08:48:46 +0100] "GET /wp-admin/js/index.php HTTP/1.1" 301 257 "https://www.google.co.uk/" "Mozilla/5.g (Linux; Android 13; Pixel 7) AppleWebKit/537.36 (KHTML, like Gecko) Chrome/116.0.0.0 Mobile Safari/537.36"
13.71.30.0 - - [15/Dec/2025:08:48:46 +0100] "GET /wp-admin/js/index.php HTTP/1.1" 200 - "https://www.google.co.uk/" "Mozilla/5.g (Linux; Android 13; Pixel 7) AppleWebKit/537.36 (KHTML, like Gecko) Chrome/116.0.0.0 Mobile Safari/537.36"
13.71.30.0 - - [15/Dec/2025:08:48:46 +0100] "GET /wp-admin/js/ HTTP/1.1" 403 2612 "https://www.google.co.uk/" "Mozilla/5.g (Linux; Android 13; Pixel 7) AppleWebKit/537.36 (KHTML, like Gecko) Chrome/116.0.0.0 Mobile Safari/537.36"
185.111.111.0 - - [15/Dec/2025:08:48:46 +0100] "GET /wp-admin/js/widgets/ HTTP/1.1" 301 256 "https://www.google.co.uk/" "Mozilla/5.0 (Linux; Android 10; LM-Q720) AppleWebKit/537.36 (KHTML, like Gecko) Chrome/116.0.0.0 Mobile Safari/537.36"
13.71.30.0 - - [15/Dec/2025:08:48:47 +0100] "GET /wp-admin/js/widgets/ HTTP/1.1" 403 2604 "https://www.google.co.uk/" "Mozilla/5.0 (Linux; Android 10; LM-Q720) AppleWebKit/537.36 (KHTML, like Gecko) Chrome/116.0.0.0 Mobile Safari/537.36"
185.111.111.0 - - [15/Dec/2025:08:48:47 +0100] "GET /wp-admin/network/admin.php HTTP/1.1" 301 262 "https://www.google.fr/" "Mozilla/5.0 (Linux; Android 13; SM-G991U) AppleWebKit/537.36 (KHTML, like Gecko) Chrome/117.0.0.0 Mobile Safari/537.36"
13.71.30.0 - - [15/Dec/2025:08:48:47 +0100] "GET /wp-admin/network/admin.php HTTP/1.1" 302 - "https://www.google.fr/" "Mozilla/5.0 (Linux; Android 13; SM-G991U) AppleWebKit/537.36 (KHTML, like Gecko) Chrome/117.0.0.0 Mobile Safari/537.36"
13.71.30.0 - - [15/Dec/2025:08:48:47 +0100] "GET /nicht-erlaubt/ HTTP/1.1" 200 - "https://www.google.fr/" "Mozilla/5.0 (Linux; Android 13; SM-G991U) AppleWebKit/537.36 (KHTML, like Gecko) Chrome/117.0.0.0 Mobile Safari/537.36"
13.71.30.0 - - [15/Dec/2025:08:48:47 +0100] "GET /kontaktformular/nicht-erlaubt/ HTTP/1.1" 200 241993 "https://www.google.fr/" "Mozilla/5.0 (Linux; Android 13; SM-G991U) AppleWebKit/537.36 (KHTML, like Gecko) Chrome/117.0.0.0 Mobile Safari/537.36"
185.111.111.0 - - [15/Dec/2025:08:48:48 +0100] "GET /wp-admin/wp-admins.php HTTP/1.1" 301 258 "https://www.yahoo.com/" "Mozilla/5.0 (iPhone; CPU iPhone OS 15_7_9 like Mac OS X) AppleWebKit/605.1.15 (KHTML, like Gecko) Version/15.6.5 Mobile/15E148 Safari/604.1"
13.71.30.0 - - [15/Dec/2025:08:48:48 +0100] "GET /wp-admin/wp-admins.php HTTP/1.1" 200 - "https://www.yahoo.com/" "Mozilla/5.0 (iPhone; CPU iPhone OS 15_7_9 like Mac OS X) AppleWebKit/605.1.15 (KHTML, like Gecko) Version/15.6.5 Mobile/15E148 Safari/604.1"
185.111.111.0 - - [15/Dec/2025:08:48:49 +0100] "GET /wp-content/themes/busiprof-pro/print.css HTTP/1.1" 404 2655 "-" "WordPress/6.8.3; https://www.gebaeudetechnik.nrw"
13.71.30.0 - - [15/Dec/2025:08:48:48 +0100] "GET /wp-admin/wp-admins.php HTTP/1.1" 200 237751 "https://www.yahoo.com/" "Mozilla/5.0 (iPhone; CPU iPhone OS 15_7_9 like Mac OS X) AppleWebKit/605.1.15 (KHTML, like Gecko) Version/15.6.5 Mobile/15E148 Safari/604.1"
185.111.111.0 - - [15/Dec/2025:08:48:49 +0100] "GET /wp-blog.php HTTP/1.1" 301 247 "https://www.yahoo.com/" "Mozilla/5.0 (Linux; Android 13; SM-S908E) AppleWebKit/537.36 (KHTML, like Gecko) Chrome/116.0.0.0 Mobile Safari/537.36"
13.71.30.0 - - [15/Dec/2025:08:48:49 +0100] "GET /wp-blog.php HTTP/1.1" 200 - "https://www.yahoo.com/" "Mozilla/5.0 (Linux; Android 13; SM-S908E) AppleWebKit/537.36 (KHTML, like Gecko) Chrome/116.0.0.0 Mobile Safari/537.36"
185.111.111.0 - - [15/Dec/2025:08:48:50 +0100] "GET /wp-content/themes/busiprof-pro/print.css HTTP/1.1" 404 2655 "-" "WordPress/6.8.3; https://www.gebaeudetechnik.nrw"
13.71.30.0 - - [15/Dec/2025:08:48:49 +0100] "GET /wp-blog.php HTTP/1.1" 200 237751 "https://www.yahoo.com/" "Mozilla/5.0 (Linux; Android 13; SM-S908E) AppleWebKit/537.36 (KHTML, like Gecko) Chrome/116.0.0.0 Mobile Safari/537.36"
185.111.111.0 - - [15/Dec/2025:08:48:50 +0100] "GET /wp-conflg/function.php HTTP/1.1" 301 258 "https://www.google.de/" "Mozilla/5.0 (Linux; Android 11; CPH2251) AppleWebKit/537.36 (KHTML, like Gecko) Chrome/116.0.0.0 Mobile Safari/537.36"
13.71.30.0 - - [15/Dec/2025:08:48:50 +0100] "GET /wp-conflg/function.php HTTP/1.1" 200 - "https://www.google.de/" "Mozilla/5.0 (Linux; Android 11; CPH2251) AppleWebKit/537.36 (KHTML, like Gecko) Chrome/116.0.0.0 Mobile Safari/537.36"
185.111.111.0 - - [15/Dec/2025:08:48:51 +0100] "GET /wp-content/themes/busiprof-pro/print.css HTTP/1.1" 404 2655 "-" "WordPress/6.8.3; https://www.gebaeudetechnik.nrw"
13.71.30.0 - - [15/Dec/2025:08:48:50 +0100] "GET /wp-conflg/function.php HTTP/1.1" 200 237751 "https://www.google.de/" "Mozilla/5.0 (Linux; Android 11; CPH2251) AppleWebKit/537.36 (KHTML, like Gecko) Chrome/116.0.0.0 Mobile Safari/537.36"
216.244.66.0 - - [15/Dec/2025:08:51:10 +0100] "GET /contao/vendor/codefog/contao-haste/languages/?C=M;O=D HTTP/1.1" 200 1404 "-" "Mozilla/5.0 (compatible; DotBot/1.2; +https://opensiteexplorer.org/dotbot; help@moz.com)"
216.244.66.0 - - [15/Dec/2025:08:51:14 +0100] "GET /contao/vendor/doctrine/doctrine-cache-bundle/Command/FlushCommand.php HTTP/1.1" 500 - "-" "Mozilla/5.0 (compatible; DotBot/1.2; +https://opensiteexplorer.org/dotbot; help@moz.com)"
216.244.66.0 - - [15/Dec/2025:08:51:21 +0100] "GET /contao/vendor/nelmio/security-bundle/Twig/?C=M;O=D HTTP/1.1" 200 1438 "-" "Mozilla/5.0 (compatible; DotBot/1.2; +https://opensiteexplorer.org/dotbot; help@moz.com)"
216.244.66.0 - - [15/Dec/2025:08:51:27 +0100] "GET /contao/vendor/symfony/error-handler/Resources/?C=M;O=D HTTP/1.1" 200 1208 "-" "Mozilla/5.0 (compatible; DotBot/1.2; +https://opensiteexplorer.org/dotbot; help@moz.com)"
91.201.113.0 - - [15/Dec/2025:08:51:58 +0100] "GET /reports/usage_202511.html HTTP/1.0" 200 94062 "https://vykup-auto-prm.ru/" "Mozilla/5.0 (Windows NT 10.0; Win64; x64) AppleWebKit/537.36 (KHTML, like Gecko) Chrome/130.0.0.0 Safari/537.36"
91.201.113.0 - - [15/Dec/2025:08:52:00 +0100] "GET /reports/usage_202511.html HTTP/1.0" 200 94062 "https://vykup-auto-prm.ru/" "Mozilla/5.0 (Windows NT 10.0; Win64; x64) AppleWebKit/537.36 (KHTML, like Gecko) Chrome/130.0.0.0 Safari/537.36 CCleaner/130.0.0.0"
91.201.113.0 - - [15/Dec/2025:08:52:02 +0100] "GET /reports/usage_202511.html HTTP/1.0" 200 94062 "https://vykup-auto-prm.ru/" "Mozilla/5.0 (Windows NT 10.0; Win64; x64) AppleWebKit/537.36 (KHTML, like Gecko) Chrome/130.0.0.0 Safari/537.36"
216.244.66.0 - - [15/Dec/2025:08:52:39 +0100] "GET /contao/vendor/symfony/mime/Resources/bin/?C=D;O=A HTTP/1.1" 200 1005 "-" "Mozilla/5.0 (compatible; DotBot/1.2; +https://opensiteexplorer.org/dotbot; help@moz.com)"
216.244.66.0 - - [15/Dec/2025:08:52:44 +0100] "GET /contao/vendor/twig/twig/doc/filters/?C=M;O=A HTTP/1.1" 200 12270 "-" "Mozilla/5.0 (compatible; DotBot/1.2; +https://opensiteexplorer.org/dotbot; help@moz.com)"
47.82.11.0 - - [15/Dec/2025:08:53:59 +0100] "GET /contao/vendor/symfony/dom-crawler/Test HTTP/1.1" 301 268 "http://81.169.210.35/" "Mozilla/5.0 (Windows NT 10.0; Win64; x64; rv:137.0) Gecko/20100101 Firefox/137.0"
47.82.11.0 - - [15/Dec/2025:08:53:59 +0100] "GET /contao/vendor/symfony/dom-crawler/Test/ HTTP/1.1" 200 426 "http://81.169.210.35/" "Mozilla/5.0 (Windows NT 10.0; Win64; x64; rv:137.0) Gecko/20100101 Firefox/137.0"
91.201.113.0 - - [15/Dec/2025:08:55:29 +0100] "GET /reports/usage_202511.html HTTP/1.0" 200 94062 "https://vykup-auto-prm.ru/" "Mozilla/5.0 (Windows NT 10.0; Win64; x64) AppleWebKit/537.36 (KHTML, like Gecko) Chrome/130.0.0.0 Safari/537.36"
91.201.113.0 - - [15/Dec/2025:08:55:31 +0100] "GET /reports/usage_202511.html HTTP/1.0" 200 94062 "https://vykup-auto-prm.ru/" "Mozilla/5.0 (Windows NT 10.0; Win64; x64) AppleWebKit/537.36 (KHTML, like Gecko) Chrome/131.0.0.0 Safari/537.36 Avast/131.0.0.0"
91.201.113.0 - - [15/Dec/2025:08:55:34 +0100] "GET /reports/usage_202511.html HTTP/1.0" 200 94062 "https://vykup-auto-prm.ru/" "Mozilla/5.0 (Windows NT 10.0; Win64; x64) AppleWebKit/537.36 (KHTML, like Gecko) Chrome/131.0.0.0 Safari/537.36 Avast/131.0.0.0"
195.24.236.0 - - [15/Dec/2025:08:56:32 +0100] "GET / HTTP/1.1" 301 236 "-" "-"
195.24.236.0 - - [15/Dec/2025:08:56:32 +0100] "GET / HTTP/1.1" 200 3510 "-" "-"
2a01:238:43f8:5f00:: - - [15/Dec/2025:08:56:33 +0100] "POST /wp-cron.php?doing_wp_cron=1765785392.9442589282989501953125 HTTP/1.1" 200 - "-" "1orxNK5lWK00"
195.24.236.0 - - [15/Dec/2025:08:56:32 +0100] "GET / HTTP/1.1" 301 - "-" "-"
185.111.111.0 - - [15/Dec/2025:08:56:33 +0100] "GET /wp-content/themes/busiprof-pro/print.css HTTP/1.1" 404 2655 "-" "WordPress/6.8.3; https://www.gebaeudetechnik.nrw"
195.24.236.0 - - [15/Dec/2025:08:56:33 +0100] "GET / HTTP/1.1" 200 259487 "-" "-"
50.16.72.0 - - [15/Dec/2025:08:57:12 +0100] "GET /contao/vendor/contao/core-bundle/src/EventListener/Menu/?C=M;O%3DD HTTP/1.1" 200 486 "-" "Mozilla/5.0 AppleWebKit/537.36 (KHTML, like Gecko; compatible; Amazonbot/0.1; +https://developer.amazon.com/support/amazonbot) Chrome/119.0.6045.214 Safari/537.36"
3.229.164.0 - - [15/Dec/2025:08:57:16 +0100] "GET /contao/vendor/doctrine/orm/lib/Doctrine/ORM/Id/AssignedGenerator.php HTTP/1.1" 500 - "-" "Mozilla/5.0 AppleWebKit/537.36 (KHTML, like Gecko; compatible; Amazonbot/0.1; +https://developer.amazon.com/support/amazonbot) Chrome/119.0.6045.214 Safari/537.36"
23.21.250.0 - - [15/Dec/2025:08:57:20 +0100] "GET /contao/var/cache/prod/ContainerKFBHRrE/getDoctrine_Orm_ProxyCacheWarmerService.php HTTP/1.1" 500 - "-" "Mozilla/5.0 AppleWebKit/537.36 (KHTML, like Gecko; compatible; Amazonbot/0.1; +https://developer.amazon.com/support/amazonbot) Chrome/119.0.6045.214 Safari/537.36"
100.29.63.0 - - [15/Dec/2025:08:57:24 +0100] "GET /contao/vendor/doctrine/orm/lib/Doctrine/ORM/Cache/DefaultCacheFactory.php HTTP/1.1" 500 - "-" "Mozilla/5.0 AppleWebKit/537.36 (KHTML, like Gecko; compatible; Amazonbot/0.1; +https://developer.amazon.com/support/amazonbot) Chrome/119.0.6045.214 Safari/537.36"
23.23.212.0 - - [15/Dec/2025:08:57:29 +0100] "GET /contao/vendor/doctrine/dbal/lib/Doctrine/DBAL/Portability/Statement.php HTTP/1.1" 500 - "-" "Mozilla/5.0 AppleWebKit/537.36 (KHTML, like Gecko; compatible; Amazonbot/0.1; +https://developer.amazon.com/support/amazonbot) Chrome/119.0.6045.214 Safari/537.36"
54.83.56.0 - - [15/Dec/2025:08:57:34 +0100] "GET /contao/vendor/contao/core-bundle/src/Resources/views/Frontend/preview_toolbar_base_js.html.twig HTTP/1.1" 200 2866 "-" "Mozilla/5.0 AppleWebKit/537.36 (KHTML, like Gecko; compatible; Amazonbot/0.1; +https://developer.amazon.com/support/amazonbot) Chrome/119.0.6045.214 Safari/537.36"
44.206.93.0 - - [15/Dec/2025:08:57:36 +0100] "GET /contao/var/cache/prod/ContainerKFBHRrE/getModuleModelService.php HTTP/1.1" 500 - "-" "Mozilla/5.0 AppleWebKit/537.36 (KHTML, like Gecko; compatible; Amazonbot/0.1; +https://developer.amazon.com/support/amazonbot) Chrome/119.0.6045.214 Safari/537.36"
3.94.199.0 - - [15/Dec/2025:08:57:40 +0100] "GET /contao/vendor/doctrine/persistence/lib/Doctrine/Persistence/Mapping/ClassMetadata.php HTTP/1.1" 200 - "-" "Mozilla/5.0 AppleWebKit/537.36 (KHTML, like Gecko; compatible; Amazonbot/0.1; +https://developer.amazon.com/support/amazonbot) Chrome/119.0.6045.214 Safari/537.36"
44.215.231.0 - - [15/Dec/2025:08:57:44 +0100] "GET /contao/var/cache/prod/ContainerKFBHRrE/getSecurity_Authentication_Provider_Rememberme_ContaoFrontend_TwoFactorDecoratorService.php HTTP/1.1" 500 - "-" "Mozilla/5.0 AppleWebKit/537.36 (KHTML, like Gecko; compatible; Amazonbot/0.1; +https://developer.amazon.com/support/amazonbot) Chrome/119.0.6045.214 Safari/537.36"
52.3.155.0 - - [15/Dec/2025:08:57:49 +0100] "GET /contao/var/cache/prod/ContainerKFBHRrE/getServicesResetterService.php HTTP/1.1" 500 - "-" "Mozilla/5.0 AppleWebKit/537.36 (KHTML, like Gecko; compatible; Amazonbot/0.1; +https://developer.amazon.com/support/amazonbot) Chrome/119.0.6045.214 Safari/537.36"
44.223.115.0 - - [15/Dec/2025:08:57:52 +0100] "GET /contao/var/cache/prod/ContainerKFBHRrE/getFragment_Renderer_HincludeService.php HTTP/1.1" 500 - "-" "Mozilla/5.0 AppleWebKit/537.36 (KHTML, like Gecko; compatible; Amazonbot/0.1; +https://developer.amazon.com/support/amazonbot) Chrome/119.0.6045.214 Safari/537.36"
23.21.179.0 - - [15/Dec/2025:08:57:57 +0100] "GET /contao/var/cache/prod/pools/w6EGq+SBrS/Y/A/ HTTP/1.1" 200 448 "-" "Mozilla/5.0 AppleWebKit/537.36 (KHTML, like Gecko; compatible; Amazonbot/0.1; +https://developer.amazon.com/support/amazonbot) Chrome/119.0.6045.214 Safari/537.36"
18.204.152.0 - - [15/Dec/2025:08:58:00 +0100] "GET /contao/vendor/monolog/monolog/src/Monolog/Handler/SyslogUdp/?C=N;O%3DD HTTP/1.1" 200 445 "-" "Mozilla/5.0 AppleWebKit/537.36 (KHTML, like Gecko; compatible; Amazonbot/0.1; +https://developer.amazon.com/support/amazonbot) Chrome/119.0.6045.214 Safari/537.36"
100.28.49.0 - - [15/Dec/2025:08:58:04 +0100] "GET /contao/vendor/codefog/contao-haste/library/Haste/Form/Validator/MandatoryOn.php HTTP/1.1" 500 - "-" "Mozilla/5.0 AppleWebKit/537.36 (KHTML, like Gecko; compatible; Amazonbot/0.1; +https://developer.amazon.com/support/amazonbot) Chrome/119.0.6045.214 Safari/537.36"
98.82.38.0 - - [15/Dec/2025:08:58:08 +0100] "GET /contao/vendor/doctrine/reflection/lib/Doctrine/Common/Reflection/Psr0FindFile.php HTTP/1.1" 500 - "-" "Mozilla/5.0 AppleWebKit/537.36 (KHTML, like Gecko; compatible; Amazonbot/0.1; +https://developer.amazon.com/support/amazonbot) Chrome/119.0.6045.214 Safari/537.36"
34.225.24.0 - - [15/Dec/2025:08:58:13 +0100] "GET /contao/vendor/doctrine/orm/lib/Doctrine/ORM/Query/Expr.php HTTP/1.1" 200 - "-" "Mozilla/5.0 AppleWebKit/537.36 (KHTML, like Gecko; compatible; Amazonbot/0.1; +https://developer.amazon.com/support/amazonbot) Chrome/119.0.6045.214 Safari/537.36"
54.85.7.0 - - [15/Dec/2025:08:58:18 +0100] "GET /contao/vendor/doctrine/dbal/lib/Doctrine/DBAL/Exception/ServerException.php HTTP/1.1" 500 - "-" "Mozilla/5.0 AppleWebKit/537.36 (KHTML, like Gecko; compatible; Amazonbot/0.1; +https://developer.amazon.com/support/amazonbot) Chrome/119.0.6045.214 Safari/537.36"
3.219.81.0 - - [15/Dec/2025:08:58:21 +0100] "GET /contao/vendor/doctrine/cache/lib/Doctrine/Common/?C=N;O%3DA HTTP/1.1" 200 425 "-" "Mozilla/5.0 AppleWebKit/537.36 (KHTML, like Gecko; compatible; Amazonbot/0.1; +https://developer.amazon.com/support/amazonbot) Chrome/119.0.6045.214 Safari/537.36"
18.204.89.0 - - [15/Dec/2025:08:58:25 +0100] "GET /contao/vendor/contao/core-bundle/src/Crawl/Escargot/Subscriber/SearchIndexSubscriber.php HTTP/1.1" 500 - "-" "Mozilla/5.0 AppleWebKit/537.36 (KHTML, like Gecko; compatible; Amazonbot/0.1; +https://developer.amazon.com/support/amazonbot) Chrome/119.0.6045.214 Safari/537.36"
35.169.102.0 - - [15/Dec/2025:08:58:28 +0100] "GET /contao/vendor/league/uri-hostname-parser/data/?C=N;O%3DD HTTP/1.1" 200 495 "-" "Mozilla/5.0 AppleWebKit/537.36 (KHTML, like Gecko; compatible; Amazonbot/0.1; +https://developer.amazon.com/support/amazonbot) Chrome/119.0.6045.214 Safari/537.36"
54.80.73.0 - - [15/Dec/2025:08:58:33 +0100] "GET /contao/vendor/doctrine/dbal/ci/github/ext/?C=N;O%3DA HTTP/1.1" 200 437 "-" "Mozilla/5.0 AppleWebKit/537.36 (KHTML, like Gecko; compatible; Amazonbot/0.1; +https://developer.amazon.com/support/amazonbot) Chrome/119.0.6045.214 Safari/537.36"
184.73.35.0 - - [15/Dec/2025:08:58:36 +0100] "GET /contao/vendor/doctrine/dbal/lib/Doctrine/DBAL/Platforms/AbstractPlatform.php HTTP/1.1" 200 - "-" "Mozilla/5.0 AppleWebKit/537.36 (KHTML, like Gecko; compatible; Amazonbot/0.1; +https://developer.amazon.com/support/amazonbot) Chrome/119.0.6045.214 Safari/537.36"
54.157.99.0 - - [15/Dec/2025:08:58:41 +0100] "GET /contao/vendor/contao/core-bundle/src/Resources/contao/dca/tl_undo.php HTTP/1.1" 500 - "-" "Mozilla/5.0 AppleWebKit/537.36 (KHTML, like Gecko; compatible; Amazonbot/0.1; +https://developer.amazon.com/support/amazonbot) Chrome/119.0.6045.214 Safari/537.36"
34.203.111.0 - - [15/Dec/2025:08:58:45 +0100] "GET /contao/vendor/doctrine/dbal/lib/Doctrine/DBAL/Logging/EchoSQLLogger.php HTTP/1.1" 500 - "-" "Mozilla/5.0 AppleWebKit/537.36 (KHTML, like Gecko; compatible; Amazonbot/0.1; +https://developer.amazon.com/support/amazonbot) Chrome/119.0.6045.214 Safari/537.36"
3.213.46.0 - - [15/Dec/2025:08:58:49 +0100] "GET /contao/vendor/contao/calendar-bundle/src/Resources/contao/templates/calendar/ HTTP/1.1" 200 469 "-" "Mozilla/5.0 AppleWebKit/537.36 (KHTML, like Gecko; compatible; Amazonbot/0.1; +https://developer.amazon.com/support/amazonbot) Chrome/119.0.6045.214 Safari/537.36"
