20.78.177.0 - - [15/Dec/2025:01:31:28 +0100] "GET /wp-includes/Requests/index.php HTTP/1.1" 404 2748 "https://duckduckgo.com/" "Mozilla/5.0 (Linux; Android 12; V2134) AppleWebKit/537.36 (KHTML, like Gecko) Chrome/116.0.0.0 Mobile Safari/537.36"
20.78.177.0 - - [15/Dec/2025:01:31:29 +0100] "GET /wp-includes/SimplePie/index.php HTTP/1.1" 404 2746 "https://www.bing.com/" "Mozilla/5.0 (Linux; Android 10; LM-Q720) AppleWebKit/537.36 (KHTML, like Gecko) Chrome/116.0.0.0 Mobile Safari/537.36"
20.78.177.0 - - [15/Dec/2025:01:31:29 +0100] "GET /wp-includes/Text/ HTTP/1.1" 404 2718 "https://www.bing.com/" "Mozilla/5.0 (Linux; Android 12; V2134) AppleWebKit/537.36 (KHTML, like Gecko) Chrome/116.0.0.0 Mobile Safari/537.36"
20.78.177.0 - - [15/Dec/2025:01:31:29 +0100] "GET /wp-includes/Text/Diff/Engine/ HTTP/1.1" 404 2746 "https://duckduckgo.com/" "Mozilla/5.0 (Linux; Android 12; V2134) AppleWebKit/537.36 (KHTML, like Gecko) Chrome/116.0.0.0 Mobile Safari/537.36"
20.78.177.0 - - [15/Dec/2025:01:31:29 +0100] "GET /wp-includes/Text/Diff/Renderer/index.php HTTP/1.1" 404 2766 "https://www.yahoo.com/" "Mozilla/5.0 (Linux; Android 12; 2201116SG) AppleWebKit/537.36 (KHTML, like Gecko) Chrome/116.0.0.0 Mobile Safari/537.36"
20.78.177.0 - - [15/Dec/2025:01:31:30 +0100] "GET /wp-includes/assets/autoload_classmap.php HTTP/1.1" 404 2764 "https://www.bing.com/" "Mozilla/5.0 (iPad; CPU OS 16_7_2 like Mac OS X) AppleWebKit/605.1.15 (KHTML, like Gecko) Version/16.6 Mobile/15E148 Safari/604.1"
20.78.177.0 - - [15/Dec/2025:01:31:30 +0100] "GET /wp-includes/bk/index.php HTTP/1.1" 404 2740 "https://www.google.co.uk/" "Mozilla/5.0 (Linux; Android 10; LM-Q720) AppleWebKit/537.36 (KHTML, like Gecko) Chrome/116.0.0.0 Mobile Safari/537.36"
20.78.177.0 - - [15/Dec/2025:01:31:30 +0100] "GET /wp-includes/block-bindings/ HTTP/1.1" 404 2746 "https://www.google.co.uk/" "Mozilla/5.0 (iPhone; CPU iPhone OS 17_1 like Mac OS X) AppleWebKit/605.1.15 (KHTML, like Gecko) CriOS/119.0.6045.109 Mobile/15E148 Safari/604.1"
20.78.177.0 - - [15/Dec/2025:01:31:30 +0100] "GET /wp-includes/block-supports/ HTTP/1.1" 404 2740 "https://www.google.fr/" "Mozilla/5.0 (iPhone; CPU iPhone OS 17_0_3 like Mac OS X) AppleWebKit/605.1.15 (KHTML, like Gecko) Version/17.0.1 Mobile/15E148 Safari/604.1"
20.78.177.0 - - [15/Dec/2025:01:31:31 +0100] "GET /wp-includes/blocks/code/ HTTP/1.1" 404 2736 "https://www.google.com/" "Mozilla/5.0 (Linux; Android 12; V2134) AppleWebKit/537.36 (KHTML, like Gecko) Chrome/116.0.0.0 Mobile Safari/537.36"
20.78.177.0 - - [15/Dec/2025:01:31:31 +0100] "GET /wp-includes/certificates/ HTTP/1.1" 404 2738 "https://www.google.com/" "Mozilla/5.0 (iPhone; CPU iPhone OS 16_6_1 like Mac OS X) AppleWebKit/605.1.15 (KHTML, like Gecko) Version/16.6 Mobile/15E148 Safari/604.1"
20.78.177.0 - - [15/Dec/2025:01:31:31 +0100] "GET /wp-includes/css/autoload_classmap.php HTTP/1.1" 404 2762 "https://duckduckgo.com/" "Mozilla/5.0 (iPhone; CPU iPhone OS 17_0_3 like Mac OS X) AppleWebKit/605.1.15 (KHTML, like Gecko) Version/17.0.1 Mobile/15E148 Safari/604.1"
20.78.177.0 - - [15/Dec/2025:01:31:32 +0100] "GET /wp-includes/customize/chosen.php HTTP/1.1" 404 2750 "https://www.google.de/" "Mozilla/5.0 (iPhone; CPU iPhone OS 17_1 like Mac OS X) AppleWebKit/605.1.15 (KHTML, like Gecko) CriOS/119.0.6045.109 Mobile/15E148 Safari/604.1"
20.78.177.0 - - [15/Dec/2025:01:31:32 +0100] "GET /wp-includes/html-api/index.php HTTP/1.1" 404 2744 "https://www.bing.com/" "Mozilla/5.0 (Linux; Android 12; 2201116SG) AppleWebKit/537.36 (KHTML, like Gecko) Chrome/116.0.0.0 Mobile Safari/537.36"
20.78.177.0 - - [15/Dec/2025:01:31:32 +0100] "GET /wp-includes/images/ HTTP/1.1" 404 2722 "https://www.bing.com/" "Mozilla/5.0 (Linux; Android 12; 2201116SG) AppleWebKit/537.36 (KHTML, like Gecko) Chrome/116.0.0.0 Mobile Safari/537.36"
20.78.177.0 - - [15/Dec/2025:01:31:32 +0100] "GET /wp-includes/index.php HTTP/1.1" 404 2730 "https://duckduckgo.com/" "Mozilla/5.0 (iPhone; CPU iPhone OS 16_6_1 like Mac OS X) AppleWebKit/605.1.15 (KHTML, like Gecko) Version/16.6 Mobile/15E148 Safari/604.1"
20.78.177.0 - - [15/Dec/2025:01:31:33 +0100] "GET /wp-includes/js/codemirror/index.php HTTP/1.1" 404 2762 "https://www.google.co.uk/" "Mozilla/5.0 (Linux; Android 13; SM-G991U) AppleWebKit/537.36 (KHTML, like Gecko) Chrome/117.0.0.0 Mobile Safari/537.36"
20.78.177.0 - - [15/Dec/2025:01:31:33 +0100] "GET /wp-includes/js/crop/ HTTP/1.1" 404 2726 "https://www.google.fr/" "Mozilla/5.0 (Linux; Android 10; K) AppleWebKit/537.36 (KHTML, like Gecko) Chrome/117.0.0.0 Mobile Safari/537.36"
20.78.177.0 - - [15/Dec/2025:01:31:33 +0100] "GET /wp-includes/js/dist/ HTTP/1.1" 404 2726 "https://www.google.fr/" "Mozilla/5.0 (iPhone; CPU iPhone OS 15_7_9 like Mac OS X) AppleWebKit/605.1.15 (KHTML, like Gecko) Version/15.6.5 Mobile/15E148 Safari/604.1"
20.78.177.0 - - [15/Dec/2025:01:31:33 +0100] "GET /wp-includes/js/dist/development/ HTTP/1.1" 404 2752 "https://duckduckgo.com/" "Mozilla/5.0 (iPhone; CPU iPhone OS 17_1_1 like Mac OS X) AppleWebKit/605.1.15 (KHTML, like Gecko) Version/17.1 Mobile/15E148 Safari/604.1"
20.78.177.0 - - [15/Dec/2025:01:31:34 +0100] "GET /wp-includes/js/jquery/jquery.php HTTP/1.1" 404 2750 "https://www.google.fr/" "Mozilla/5.0 (Linux; Android 12; V2134) AppleWebKit/537.36 (KHTML, like Gecko) Chrome/116.0.0.0 Mobile Safari/537.36"
20.78.177.0 - - [15/Dec/2025:01:31:34 +0100] "GET /wp-includes/pomo/index.php HTTP/1.1" 404 2738 "https://www.google.de/" "Mozilla/5.0 (iPad; CPU OS 16_7_2 like Mac OS X) AppleWebKit/605.1.15 (KHTML, like Gecko) Version/16.6 Mobile/15E148 Safari/604.1"
20.78.177.0 - - [15/Dec/2025:01:31:34 +0100] "GET /wp-includes/random_compat/index.php HTTP/1.1" 404 2758 "https://www.google.com/" "Mozilla/5.0 (Linux; Android 12; V2134) AppleWebKit/537.36 (KHTML, like Gecko) Chrome/116.0.0.0 Mobile Safari/537.36"
20.78.177.0 - - [15/Dec/2025:01:31:34 +0100] "GET /wp-includes/rest-api/fields/ HTTP/1.1" 404 2742 "https://www.google.de/" "Mozilla/5.0 (iPhone; CPU iPhone OS 17_0_3 like Mac OS X) AppleWebKit/605.1.15 (KHTML, like Gecko) Version/17.0.1 Mobile/15E148 Safari/604.1"
20.78.177.0 - - [15/Dec/2025:01:31:35 +0100] "GET /wp-includes/rest-api/index.php HTTP/1.1" 404 2746 "https://www.yahoo.com/" "Mozilla/5.0 (Linux; Android 11; CPH2251) AppleWebKit/537.36 (KHTML, like Gecko) Chrome/116.0.0.0 Mobile Safari/537.36"
20.78.177.0 - - [15/Dec/2025:01:31:35 +0100] "GET /wp-includes/sitemaps/providers/index.php HTTP/1.1" 404 2772 "https://www.google.co.uk/" "Mozilla/5.g (Linux; Android 13; Pixel 7) AppleWebKit/537.36 (KHTML, like Gecko) Chrome/116.0.0.0 Mobile Safari/537.36"
20.78.177.0 - - [15/Dec/2025:01:31:35 +0100] "GET /wp-includes/style-engine/autoload_classmap.php HTTP/1.1" 404 2780 "https://duckduckgo.com/" "Mozilla/5.0 (Linux; Android 13; SM-S908E) AppleWebKit/537.36 (KHTML, like Gecko) Chrome/116.0.0.0 Mobile Safari/537.36"
20.78.177.0 - - [15/Dec/2025:01:31:35 +0100] "GET /wp-includes/style-engine/wp-conflg.php HTTP/1.1" 404 2760 "https://www.bing.com/" "Mozilla/5.0 (Linux; Android 10; K) AppleWebKit/537.36 (KHTML, like Gecko) Chrome/117.0.0.0 Mobile Safari/537.36"
20.78.177.0 - - [15/Dec/2025:01:31:36 +0100] "GET /wp-includes/theme-compat/ HTTP/1.1" 404 2738 "https://duckduckgo.com/" "Mozilla/5.0 (Linux; Android 11; 21081111RG) AppleWebKit/537.36 (KHTML, like Gecko) Chrome/116.0.0.0 Mobile Safari/537.36"
20.78.177.0 - - [15/Dec/2025:01:31:36 +0100] "GET /wp-login.php HTTP/1.1" 404 2712 "https://www.google.com/" "Mozilla/5.0 (Linux; Android 12; V2134) AppleWebKit/537.36 (KHTML, like Gecko) Chrome/116.0.0.0 Mobile Safari/537.36"
20.78.177.0 - - [15/Dec/2025:01:31:36 +0100] "GET /wp-signin.php HTTP/1.1" 404 2714 "https://duckduckgo.com/" "Mozilla/5.0 (iPhone; CPU iPhone OS 17_1 like Mac OS X) AppleWebKit/605.1.15 (KHTML, like Gecko) CriOS/119.0.6045.109 Mobile/15E148 Safari/604.1"
20.78.177.0 - - [15/Dec/2025:01:31:37 +0100] "GET /wp-user.php HTTP/1.1" 404 2710 "https://duckduckgo.com/" "Mozilla/5.0 (iPhone; CPU iPhone OS 16_6_1 like Mac OS X) AppleWebKit/605.1.15 (KHTML, like Gecko) Version/16.6 Mobile/15E148 Safari/604.1"
20.78.177.0 - - [15/Dec/2025:01:31:37 +0100] "GET /wp.php HTTP/1.1" 404 2696 "https://www.bing.com/" "Mozilla/5.0 (Linux; Android 11; 21081111RG) AppleWebKit/537.36 (KHTML, like Gecko) Chrome/116.0.0.0 Mobile Safari/537.36"
20.78.177.0 - - [15/Dec/2025:01:31:37 +0100] "GET /xmlrpc.php HTTP/1.1" 404 2706 "https://www.google.de/" "Mozilla/5.0 (iPhone; CPU iPhone OS 17_1 like Mac OS X) AppleWebKit/605.1.15 (KHTML, like Gecko) CriOS/119.0.6045.109 Mobile/15E148 Safari/604.1"
20.78.177.0 - - [15/Dec/2025:01:31:37 +0100] "GET /xmrlpc.php HTTP/1.1" 404 2706 "https://www.google.de/" "Mozilla/5.0 (iPhone; CPU iPhone OS 16_6_1 like Mac OS X) AppleWebKit/605.1.15 (KHTML, like Gecko) Version/16.6 Mobile/15E148 Safari/604.1"
91.201.113.0 - - [15/Dec/2025:01:34:52 +0100] "GET /reports/usage_202511.html HTTP/1.0" 200 94062 "https://vykup-auto-prm.ru/" "Mozilla/5.0 (Windows NT 10.0; Win64; x64) AppleWebKit/537.36 (KHTML, like Gecko) Chrome/130.0.0.0 Safari/537.36 CCleaner/130.0.0.0"
91.201.113.0 - - [15/Dec/2025:01:34:54 +0100] "GET /reports/usage_202511.html HTTP/1.0" 200 94062 "https://vykup-auto-prm.ru/" "Mozilla/5.0 (Windows NT 10.0; Win64; x64) AppleWebKit/537.36 (KHTML, like Gecko) Chrome/130.0.0.0 Safari/537.36"
91.201.113.0 - - [15/Dec/2025:01:34:56 +0100] "GET /reports/usage_202511.html HTTP/1.0" 200 94062 "https://vykup-auto-prm.ru/" "Mozilla/5.0 (Windows NT 10.0; Win64; x64) AppleWebKit/537.36 (KHTML, like Gecko) Chrome/130.0.0.0 Safari/537.36 CCleaner/130.0.0.0"
216.73.216.0 - - [15/Dec/2025:01:37:06 +0100] "GET /contao/vendor/ocramius/proxy-manager/src/ProxyManager/ProxyGenerator/?C=N&O=A HTTP/1.1" 200 745 "-" "Mozilla/5.0 AppleWebKit/537.36 (KHTML, like Gecko; compatible; ClaudeBot/1.0; +claudebot@anthropic.com)"
91.201.113.0 - - [15/Dec/2025:01:38:26 +0100] "GET /reports/usage_202511.html HTTP/1.0" 200 94062 "https://vykup-auto-prm.ru/" "Mozilla/5.0 (Windows NT 10.0; Win64; x64) AppleWebKit/537.36 (KHTML, like Gecko) Chrome/131.0.0.0 Safari/537.36 Avast/131.0.0.0"
91.201.113.0 - - [15/Dec/2025:01:38:28 +0100] "GET /reports/usage_202511.html HTTP/1.0" 200 94062 "https://vykup-auto-prm.ru/" "Mozilla/5.0 (Windows NT 10.0; Win64; x64) AppleWebKit/537.36 (KHTML, like Gecko) Chrome/131.0.0.0 Safari/537.36"
91.201.113.0 - - [15/Dec/2025:01:38:30 +0100] "GET /reports/usage_202511.html HTTP/1.0" 200 94062 "https://vykup-auto-prm.ru/" "Mozilla/5.0 (Windows NT 10.0; Win64; x64) AppleWebKit/537.36 (KHTML, like Gecko) Chrome/130.0.0.0 Safari/537.36"
46.23.108.0 - - [15/Dec/2025:01:38:56 +0100] "GET / HTTP/1.1" 200 729 "-" "Mozilla/5.0"
91.201.113.0 - - [15/Dec/2025:01:41:58 +0100] "GET /reports/usage_202511.html HTTP/1.0" 200 94062 "https://vykup-auto-prm.ru/" "Mozilla/5.0 (Windows NT 10.0; Win64; x64) AppleWebKit/537.36 (KHTML, like Gecko) Chrome/129.0.0.0 Safari/537.36"
91.201.113.0 - - [15/Dec/2025:01:42:00 +0100] "GET /reports/usage_202511.html HTTP/1.0" 200 94062 "https://vykup-auto-prm.ru/" "Mozilla/5.0 (Windows NT 10.0; Win64; x64) AppleWebKit/537.36 (KHTML, like Gecko) Chrome/129.0.0.0 Safari/537.36"
91.201.113.0 - - [15/Dec/2025:01:42:02 +0100] "GET /reports/usage_202511.html HTTP/1.0" 200 94062 "https://vykup-auto-prm.ru/" "Mozilla/5.0 (Windows NT 10.0; Win64; x64) AppleWebKit/537.36 (KHTML, like Gecko) Chrome/129.0.0.0 Safari/537.36"
2001:470:1:fb5:: - - [15/Dec/2025:01:42:42 +0100] "GET / HTTP/1.1" 200 729 "-" "Mozilla/5.0 (Windows NT 10.0; Win64; x64) AppleWebKit/537.36 (KHTML, like Gecko) Chrome/110.0.0.0 Safari/537.36 Edg/110.0.1587.50"
2001:470:1:fb5:: - - [15/Dec/2025:01:43:22 +0100] "GET /favicon.ico HTTP/1.1" 404 2657 "-" "Mozilla/5.0 (Windows NT 10.0; WOW64) AppleWebKit/537.36 (KHTML, like Gecko) Chrome/94.0.4606.71 Safari/537.36 SE 2.X MetaSr 1.0"
2.136.219.0 - - [15/Dec/2025:01:45:25 +0100] "GET / HTTP/1.0" 200 3510 "-" "-"
91.201.113.0 - - [15/Dec/2025:01:45:33 +0100] "GET /reports/usage_202511.html HTTP/1.0" 200 94062 "https://vykup-auto-prm.ru/" "Mozilla/5.0 (Windows NT 10.0; Win64; x64) AppleWebKit/537.36 (KHTML, like Gecko) Chrome/130.0.0.0 Safari/537.36"
91.201.113.0 - - [15/Dec/2025:01:45:35 +0100] "GET /reports/usage_202511.html HTTP/1.0" 200 94062 "https://vykup-auto-prm.ru/" "Mozilla/5.0 (Windows NT 10.0; Win64; x64) AppleWebKit/537.36 (KHTML, like Gecko) Chrome/130.0.0.0 Safari/537.36 CCleaner/130.0.0.0"
91.201.113.0 - - [15/Dec/2025:01:45:37 +0100] "GET /reports/usage_202511.html HTTP/1.0" 200 94062 "https://vykup-auto-prm.ru/" "Mozilla/5.0 (Windows NT 10.0; Win64; x64) AppleWebKit/537.36 (KHTML, like Gecko) Chrome/129.0.0.0 Safari/537.36"
216.73.216.0 - - [15/Dec/2025:01:48:35 +0100] "GET /contao/vendor/ocramius/proxy-manager/docs/?C=M&O=D HTTP/1.1" 200 657 "-" "Mozilla/5.0 AppleWebKit/537.36 (KHTML, like Gecko; compatible; ClaudeBot/1.0; +claudebot@anthropic.com)"
91.201.113.0 - - [15/Dec/2025:01:49:07 +0100] "GET /reports/usage_202511.html HTTP/1.0" 200 94062 "https://vykup-auto-prm.ru/" "Mozilla/5.0 (Windows NT 10.0; Win64; x64) AppleWebKit/537.36 (KHTML, like Gecko) Chrome/130.0.0.0 Safari/537.36 CCleaner/130.0.0.0"
91.201.113.0 - - [15/Dec/2025:01:49:09 +0100] "GET /reports/usage_202511.html HTTP/1.0" 200 94062 "https://vykup-auto-prm.ru/" "Mozilla/5.0 (Windows NT 10.0; Win64; x64) AppleWebKit/537.36 (KHTML, like Gecko) Chrome/130.0.0.0 Safari/537.36 CCleaner/130.0.0.0"
91.201.113.0 - - [15/Dec/2025:01:49:12 +0100] "GET /reports/usage_202511.html HTTP/1.0" 200 94062 "https://vykup-auto-prm.ru/" "Mozilla/5.0 (Windows NT 10.0; Win64; x64) AppleWebKit/537.36 (KHTML, like Gecko) Chrome/130.0.0.0 Safari/537.36 CCleaner/130.0.0.0"
207.211.214.0 - - [15/Dec/2025:01:50:13 +0100] "GET / HTTP/1.1" 301 236 "-" "python-requests/2.32.5"
207.211.214.0 - - [15/Dec/2025:01:50:13 +0100] "GET / HTTP/1.1" 301 236 "-" "python-requests/2.32.5"
2a01:238:43f8:5f00:: - - [15/Dec/2025:01:51:37 +0100] "POST /wp-cron.php?doing_wp_cron=1765759897.6697559356689453125000 HTTP/1.1" 200 - "-" "4EH7Dswrq63L"
71.6.134.0 - - [15/Dec/2025:01:51:37 +0100] "GET / HTTP/1.1" 301 - "-" "Mozilla/5.0 (Windows NT 10.0; Win64; x64) AppleWebKit/537.36 (KHTML, like Gecko) Chrome/133.0.0.0 Safari/537.36"
216.73.216.0 - - [15/Dec/2025:01:51:38 +0100] "GET /contao/assets/swipe/css/swipe.css HTTP/1.1" 200 377 "-" "Mozilla/5.0 AppleWebKit/537.36 (KHTML, like Gecko; compatible; ClaudeBot/1.0; +claudebot@anthropic.com)"
216.73.216.0 - - [15/Dec/2025:01:51:39 +0100] "GET /contao/assets/swipe/css HTTP/1.1" 301 253 "-" "Mozilla/5.0 AppleWebKit/537.36 (KHTML, like Gecko; compatible; ClaudeBot/1.0; +claudebot@anthropic.com)"
216.73.216.0 - - [15/Dec/2025:01:51:39 +0100] "GET /contao/assets/swipe/css/ HTTP/1.1" 200 438 "http://81.169.210.35/contao/assets/swipe/css" "Mozilla/5.0 AppleWebKit/537.36 (KHTML, like Gecko; compatible; ClaudeBot/1.0; +claudebot@anthropic.com)"
185.111.111.0 - - [15/Dec/2025:01:51:40 +0100] "GET /wp-content/themes/busiprof-pro/print.css HTTP/1.1" 404 2655 "-" "WordPress/6.8.3; https://www.gebaeudetechnik.nrw"
2607:ff10:c8:594:: - - [15/Dec/2025:01:51:39 +0100] "GET / HTTP/1.1" 200 49429 "https://gebaeudetechnik.nrw/" "Mozilla/5.0 (Windows NT 10.0; Win64; x64) AppleWebKit/537.36 (KHTML, like Gecko) Chrome/133.0.0.0 Safari/537.36"
91.201.113.0 - - [15/Dec/2025:01:52:40 +0100] "GET /reports/usage_202511.html HTTP/1.0" 200 94062 "https://vykup-auto-prm.ru/" "Mozilla/5.0 (Windows NT 10.0; Win64; x64) AppleWebKit/537.36 (KHTML, like Gecko) Chrome/129.0.0.0 Safari/537.36"
91.201.113.0 - - [15/Dec/2025:01:52:42 +0100] "GET /reports/usage_202511.html HTTP/1.0" 200 94062 "https://vykup-auto-prm.ru/" "Mozilla/5.0 (Windows NT 10.0; Win64; x64) AppleWebKit/537.36 (KHTML, like Gecko) Chrome/131.0.0.0 Safari/537.36"
91.201.113.0 - - [15/Dec/2025:01:52:45 +0100] "GET /reports/usage_202511.html HTTP/1.0" 200 94062 "https://vykup-auto-prm.ru/" "Mozilla/5.0 (Windows NT 10.0; Win64; x64) AppleWebKit/537.36 (KHTML, like Gecko) Chrome/131.0.0.0 Safari/537.36"
47.82.11.0 - - [15/Dec/2025:01:53:00 +0100] "GET /contao/vendor/symfony/var-dumper/Resources HTTP/1.1" 301 272 "http://81.169.210.35/" "Mozilla/5.0 (Macintosh; Intel Mac OS X 10_15_7) AppleWebKit/537.36 (KHTML, like Gecko) Chrome/134.0.0.0 Safari/537.36"
47.82.11.0 - - [15/Dec/2025:01:53:00 +0100] "GET /contao/vendor/symfony/var-dumper/Resources/ HTTP/1.1" 200 461 "http://81.169.210.35/" "Mozilla/5.0 (Macintosh; Intel Mac OS X 10_15_7) AppleWebKit/537.36 (KHTML, like Gecko) Chrome/134.0.0.0 Safari/537.36"
91.201.113.0 - - [15/Dec/2025:01:56:13 +0100] "GET /reports/usage_202511.html HTTP/1.0" 200 94062 "https://vykup-auto-prm.ru/" "Mozilla/5.0 (Windows NT 10.0; Win64; x64) AppleWebKit/537.36 (KHTML, like Gecko) Chrome/131.0.0.0 Safari/537.36"
91.201.113.0 - - [15/Dec/2025:01:56:15 +0100] "GET /reports/usage_202511.html HTTP/1.0" 200 94062 "https://vykup-auto-prm.ru/" "Mozilla/5.0 (Windows NT 10.0; Win64; x64) AppleWebKit/537.36 (KHTML, like Gecko) Chrome/130.0.0.0 Safari/537.36 CCleaner/130.0.0.0"
91.201.113.0 - - [15/Dec/2025:01:56:17 +0100] "GET /reports/usage_202511.html HTTP/1.0" 200 94062 "https://vykup-auto-prm.ru/" "Mozilla/5.0 (Windows NT 10.0; Win64; x64) AppleWebKit/537.36 (KHTML, like Gecko) Chrome/129.0.0.0 Safari/537.36"
216.244.66.0 - - [15/Dec/2025:01:56:24 +0100] "GET /robots.txt HTTP/1.1" 404 2551 "-" "Mozilla/5.0 (compatible; DotBot/1.2; +https://opensiteexplorer.org/dotbot; help@moz.com)"
45.135.194.0 - - [15/Dec/2025:01:58:22 +0100] "GET / HTTP/1.1" 200 3510 "-" "-"
2607:ff10:c8:594:: - - [15/Dec/2025:01:59:13 +0100] "GET /favicon.ico HTTP/2.0" 200 - "-" "Mozilla/5.0 (Windows NT 10.0; Win64; x64) AppleWebKit/537.36 (KHTML, like Gecko) Chrome/133.0.0.0 Safari/537.36"
2a01:238:43f8:5f00:: - - [15/Dec/2025:01:59:13 +0100] "POST /wp-cron.php?doing_wp_cron=1765760353.8566329479217529296875 HTTP/1.1" 200 - "-" "5cLkhUSg5sSp"
91.201.113.0 - - [15/Dec/2025:01:59:46 +0100] "GET /reports/usage_202511.html HTTP/1.0" 200 94062 "https://vykup-auto-prm.ru/" "Mozilla/5.0 (Windows NT 10.0; Win64; x64) AppleWebKit/537.36 (KHTML, like Gecko) Chrome/129.0.0.0 Safari/537.36"
91.201.113.0 - - [15/Dec/2025:01:59:48 +0100] "GET /reports/usage_202511.html HTTP/1.0" 200 94062 "https://vykup-auto-prm.ru/" "Mozilla/5.0 (Windows NT 10.0; Win64; x64) AppleWebKit/537.36 (KHTML, like Gecko) Chrome/129.0.0.0 Safari/537.36"
91.201.113.0 - - [15/Dec/2025:01:59:50 +0100] "GET /reports/usage_202511.html HTTP/1.0" 200 94062 "https://vykup-auto-prm.ru/" "Mozilla/5.0 (Windows NT 10.0; Win64; x64) AppleWebKit/537.36 (KHTML, like Gecko) Chrome/130.0.0.0 Safari/537.36"
91.201.113.0 - - [15/Dec/2025:02:03:19 +0100] "GET /reports/usage_202511.html HTTP/1.0" 200 94062 "https://vykup-auto-prm.ru/" "Mozilla/5.0 (Windows NT 10.0; Win64; x64) AppleWebKit/537.36 (KHTML, like Gecko) Chrome/131.0.0.0 Safari/537.36 Avast/131.0.0.0"
91.201.113.0 - - [15/Dec/2025:02:03:21 +0100] "GET /reports/usage_202511.html HTTP/1.0" 200 94062 "https://vykup-auto-prm.ru/" "Mozilla/5.0 (Windows NT 10.0; Win64; x64) AppleWebKit/537.36 (KHTML, like Gecko) Chrome/131.0.0.0 Safari/537.36"
91.201.113.0 - - [15/Dec/2025:02:03:23 +0100] "GET /reports/usage_202511.html HTTP/1.0" 200 94062 "https://vykup-auto-prm.ru/" "Mozilla/5.0 (Windows NT 10.0; Win64; x64) AppleWebKit/537.36 (KHTML, like Gecko) Chrome/131.0.0.0 Safari/537.36 Avast/131.0.0.0"
59.125.102.0 - - [15/Dec/2025:02:04:49 +0100] "POST /wp-login.php HTTP/1.1" 404 43868 "-" "Mozilla/5.0 (Windows NT 10.0; Win64; x64; rv:84.0) Gecko/20100101 Firefox/84.0"
106.75.60.0 - - [15/Dec/2025:02:06:01 +0100] "GET / HTTP/2.0" 200 729 "-" "Go-http-client/2.0"
91.201.113.0 - - [15/Dec/2025:02:06:50 +0100] "GET /reports/usage_202511.html HTTP/1.0" 200 94062 "https://vykup-auto-prm.ru/" "Mozilla/5.0 (Windows NT 10.0; Win64; x64) AppleWebKit/537.36 (KHTML, like Gecko) Chrome/130.0.0.0 Safari/537.36"
91.201.113.0 - - [15/Dec/2025:02:06:52 +0100] "GET /reports/usage_202511.html HTTP/1.0" 200 94062 "https://vykup-auto-prm.ru/" "Mozilla/5.0 (Windows NT 10.0; Win64; x64) AppleWebKit/537.36 (KHTML, like Gecko) Chrome/131.0.0.0 Safari/537.36"
91.201.113.0 - - [15/Dec/2025:02:06:54 +0100] "GET /reports/usage_202511.html HTTP/1.0" 200 94062 "https://vykup-auto-prm.ru/" "Mozilla/5.0 (Windows NT 10.0; Win64; x64) AppleWebKit/537.36 (KHTML, like Gecko) Chrome/129.0.0.0 Safari/537.36"
54.157.84.0 - - [15/Dec/2025:02:08:44 +0100] "GET /contao/vendor/doctrine/orm/lib/Doctrine/ORM/Event/OnFlushEventArgs.php HTTP/1.1" 500 - "-" "Mozilla/5.0 AppleWebKit/537.36 (KHTML, like Gecko; compatible; Amazonbot/0.1; +https://developer.amazon.com/support/amazonbot) Chrome/119.0.6045.214 Safari/537.36"
52.71.218.0 - - [15/Dec/2025:02:08:48 +0100] "GET /contao/vendor/doctrine/orm/lib/Doctrine/ORM/Cache/MultiGetRegion.php HTTP/1.1" 200 - "-" "Mozilla/5.0 AppleWebKit/537.36 (KHTML, like Gecko; compatible; Amazonbot/0.1; +https://developer.amazon.com/support/amazonbot) Chrome/119.0.6045.214 Safari/537.36"
216.244.66.0 - - [15/Dec/2025:02:08:50 +0100] "GET /contao/vendor/doctrine/inflector/docs/?C=N;O=A HTTP/1.1" 200 976 "-" "Mozilla/5.0 (compatible; DotBot/1.2; +https://opensiteexplorer.org/dotbot; help@moz.com)"
3.94.157.0 - - [15/Dec/2025:02:08:52 +0100] "GET /contao/var/cache/prod/pools/w6EGq+SBrS/Y/G/ HTTP/1.1" 200 449 "-" "Mozilla/5.0 AppleWebKit/537.36 (KHTML, like Gecko; compatible; Amazonbot/0.1; +https://developer.amazon.com/support/amazonbot) Chrome/119.0.6045.214 Safari/537.36"
23.21.227.0 - - [15/Dec/2025:02:08:56 +0100] "GET /contao/vendor/imagine/imagine/src/resources/Adobe/CMYK/WebCoatedFOGRA28.icc HTTP/1.1" 200 480548 "-" "Mozilla/5.0 AppleWebKit/537.36 (KHTML, like Gecko; compatible; Amazonbot/0.1; +https://developer.amazon.com/support/amazonbot) Chrome/119.0.6045.214 Safari/537.36"
52.203.237.0 - - [15/Dec/2025:02:09:00 +0100] "GET /contao/vendor/friendsofsymfony/http-cache-bundle/src/Security/Http/Logout/?C=M;O%3DA HTTP/1.1" 200 491 "-" "Mozilla/5.0 AppleWebKit/537.36 (KHTML, like Gecko; compatible; Amazonbot/0.1; +https://developer.amazon.com/support/amazonbot) Chrome/119.0.6045.214 Safari/537.36"
107.20.224.0 - - [15/Dec/2025:02:09:04 +0100] "GET /contao/vendor/terminal42/escargot/tests/Fixtures/scenario11/_logs.txt HTTP/1.1" 200 68 "-" "Mozilla/5.0 AppleWebKit/537.36 (KHTML, like Gecko; compatible; Amazonbot/0.1; +https://developer.amazon.com/support/amazonbot) Chrome/119.0.6045.214 Safari/537.36"
44.194.134.0 - - [15/Dec/2025:02:09:07 +0100] "GET /contao/system/modules/pct_theme_installer/languages/de/?C=D;O%3DD HTTP/1.1" 200 500 "-" "Mozilla/5.0 AppleWebKit/537.36 (KHTML, like Gecko; compatible; Amazonbot/0.1; +https://developer.amazon.com/support/amazonbot) Chrome/119.0.6045.214 Safari/537.36"
54.163.136.0 - - [15/Dec/2025:02:09:12 +0100] "GET /contao/vendor/symfony-cmf/routing-bundle/src/Resources/config/doctrine-phpcr/?C=S;O%3DA HTTP/1.1" 200 483 "-" "Mozilla/5.0 AppleWebKit/537.36 (KHTML, like Gecko; compatible; Amazonbot/0.1; +https://developer.amazon.com/support/amazonbot) Chrome/119.0.6045.214 Safari/537.36"
98.84.200.0 - - [15/Dec/2025:02:09:16 +0100] "GET /contao/vendor/doctrine/dbal/lib/Doctrine/DBAL/Schema/ForeignKeyConstraint.php HTTP/1.1" 500 - "-" "Mozilla/5.0 AppleWebKit/537.36 (KHTML, like Gecko; compatible; Amazonbot/0.1; +https://developer.amazon.com/support/amazonbot) Chrome/119.0.6045.214 Safari/537.36"
3.94.157.0 - - [15/Dec/2025:02:09:20 +0100] "GET /contao/vendor/doctrine/dbal/lib/Doctrine/DBAL/Query/?C=S;O%3DA HTTP/1.1" 200 497 "-" "Mozilla/5.0 AppleWebKit/537.36 (KHTML, like Gecko; compatible; Amazonbot/0.1; +https://developer.amazon.com/support/amazonbot) Chrome/119.0.6045.214 Safari/537.36"
91.201.113.0 - - [15/Dec/2025:02:10:23 +0100] "GET /reports/usage_202511.html HTTP/1.0" 200 94062 "https://vykup-auto-prm.ru/" "Mozilla/5.0 (Windows NT 10.0; Win64; x64) AppleWebKit/537.36 (KHTML, like Gecko) Chrome/130.0.0.0 Safari/537.36"
91.201.113.0 - - [15/Dec/2025:02:10:25 +0100] "GET /reports/usage_202511.html HTTP/1.0" 200 94062 "https://vykup-auto-prm.ru/" "Mozilla/5.0 (Windows NT 10.0; Win64; x64) AppleWebKit/537.36 (KHTML, like Gecko) Chrome/131.0.0.0 Safari/537.36"
91.201.113.0 - - [15/Dec/2025:02:10:27 +0100] "GET /reports/usage_202511.html HTTP/1.0" 200 94062 "https://vykup-auto-prm.ru/" "Mozilla/5.0 (Windows NT 10.0; Win64; x64) AppleWebKit/537.36 (KHTML, like Gecko) Chrome/129.0.0.0 Safari/537.36"
216.244.66.0 - - [15/Dec/2025:02:12:08 +0100] "GET /contao/vendor/psr/http-message/src/?C=M;O=A HTTP/1.1" 200 2343 "-" "Mozilla/5.0 (compatible; DotBot/1.2; +https://opensiteexplorer.org/dotbot; help@moz.com)"
216.244.66.0 - - [15/Dec/2025:02:12:12 +0100] "GET /contao/vendor/symfony/doctrine-bridge/PropertyInfo/?C=N;O=D HTTP/1.1" 200 1026 "-" "Mozilla/5.0 (compatible; DotBot/1.2; +https://opensiteexplorer.org/dotbot; help@moz.com)"
216.244.66.0 - - [15/Dec/2025:02:12:17 +0100] "GET /contao/vendor/symfony/framework-bundle/Console/Application.php HTTP/1.1" 500 - "-" "Mozilla/5.0 (compatible; DotBot/1.2; +https://opensiteexplorer.org/dotbot; help@moz.com)"
216.244.66.0 - - [15/Dec/2025:02:12:23 +0100] "GET /contao/vendor/symfony/mime/Resources/?C=S;O=A HTTP/1.1" 200 969 "-" "Mozilla/5.0 (compatible; DotBot/1.2; +https://opensiteexplorer.org/dotbot; help@moz.com)"
87.121.84.0 - - [15/Dec/2025:02:12:27 +0100] "GET / HTTP/1.0" 200 3510 "-" "Mozilla/5.0 (X11; Linux x86_64; rv:140.0) Gecko/20100101 Firefox/140.0"
216.244.66.0 - - [15/Dec/2025:02:12:28 +0100] "GET /contao/vendor/symfony/security-bundle/Debug/?C=D;O=A HTTP/1.1" 200 1706 "-" "Mozilla/5.0 (compatible; DotBot/1.2; +https://opensiteexplorer.org/dotbot; help@moz.com)"
216.244.66.0 - - [15/Dec/2025:02:12:33 +0100] "GET /contao/vendor/symfony/security-http/Util/?C=D;O=A HTTP/1.1" 200 1002 "-" "Mozilla/5.0 (compatible; DotBot/1.2; +https://opensiteexplorer.org/dotbot; help@moz.com)"
216.244.66.0 - - [15/Dec/2025:02:12:37 +0100] "GET /contao/vendor/symfony/security-http/Util/?C=N;O=D HTTP/1.1" 200 1002 "-" "Mozilla/5.0 (compatible; DotBot/1.2; +https://opensiteexplorer.org/dotbot; help@moz.com)"
216.244.66.0 - - [15/Dec/2025:02:12:42 +0100] "GET /contao/vendor/symfony/translation/Catalogue/?C=N;O=D HTTP/1.1" 200 1679 "-" "Mozilla/5.0 (compatible; DotBot/1.2; +https://opensiteexplorer.org/dotbot; help@moz.com)"
91.201.113.0 - - [15/Dec/2025:02:13:55 +0100] "GET /reports/usage_202511.html HTTP/1.0" 200 94062 "https://vykup-auto-prm.ru/" "Mozilla/5.0 (Windows NT 10.0; Win64; x64) AppleWebKit/537.36 (KHTML, like Gecko) Chrome/129.0.0.0 Safari/537.36"
91.201.113.0 - - [15/Dec/2025:02:13:58 +0100] "GET /reports/usage_202511.html HTTP/1.0" 200 94062 "https://vykup-auto-prm.ru/" "Mozilla/5.0 (Windows NT 10.0; Win64; x64) AppleWebKit/537.36 (KHTML, like Gecko) Chrome/129.0.0.0 Safari/537.36"
91.201.113.0 - - [15/Dec/2025:02:14:00 +0100] "GET /reports/usage_202511.html HTTP/1.0" 200 94062 "https://vykup-auto-prm.ru/" "Mozilla/5.0 (Windows NT 10.0; Win64; x64) AppleWebKit/537.36 (KHTML, like Gecko) Chrome/131.0.0.0 Safari/537.36"
185.242.226.0 - - [15/Dec/2025:02:14:37 +0100] "\x16\x03\x01" 400 226 "-" "-"
91.201.113.0 - - [15/Dec/2025:02:17:29 +0100] "GET /reports/usage_202511.html HTTP/1.0" 200 94062 "https://vykup-auto-prm.ru/" "Mozilla/5.0 (Windows NT 10.0; Win64; x64) AppleWebKit/537.36 (KHTML, like Gecko) Chrome/129.0.0.0 Safari/537.36"
91.201.113.0 - - [15/Dec/2025:02:17:31 +0100] "GET /reports/usage_202511.html HTTP/1.0" 200 94062 "https://vykup-auto-prm.ru/" "Mozilla/5.0 (Windows NT 10.0; Win64; x64) AppleWebKit/537.36 (KHTML, like Gecko) Chrome/130.0.0.0 Safari/537.36"
91.201.113.0 - - [15/Dec/2025:02:17:33 +0100] "GET /reports/usage_202511.html HTTP/1.0" 200 94062 "https://vykup-auto-prm.ru/" "Mozilla/5.0 (Windows NT 10.0; Win64; x64) AppleWebKit/537.36 (KHTML, like Gecko) Chrome/129.0.0.0 Safari/537.36"
223.109.255.0 - - [15/Dec/2025:02:18:51 +0100] "GET / HTTP/1.1" 301 229 "-" "Sogou web spider/4.0(+http://www.sogou.com/docs/help/webmasters.htm#07)"
2a01:238:43f8:5f00:: - - [15/Dec/2025:02:18:53 +0100] "POST /wp-cron.php?doing_wp_cron=1765761532.9295759201049804687500 HTTP/1.1" 200 - "-" "7GTddGtvHjET"
185.111.111.0 - - [15/Dec/2025:02:18:53 +0100] "GET /wp-content/themes/busiprof-pro/print.css HTTP/1.1" 404 2655 "-" "WordPress/6.8.3; https://www.gebaeudetechnik.nrw"
223.109.255.0 - - [15/Dec/2025:02:18:52 +0100] "GET / HTTP/1.1" 200 49448 "-" "Sogou web spider/4.0(+http://www.sogou.com/docs/help/webmasters.htm#07)"
91.201.113.0 - - [15/Dec/2025:02:21:02 +0100] "GET /reports/usage_202511.html HTTP/1.0" 200 94062 "https://vykup-auto-prm.ru/" "Mozilla/5.0 (Windows NT 10.0; Win64; x64) AppleWebKit/537.36 (KHTML, like Gecko) Chrome/129.0.0.0 Safari/537.36"
91.201.113.0 - - [15/Dec/2025:02:21:04 +0100] "GET /reports/usage_202511.html HTTP/1.0" 200 94062 "https://vykup-auto-prm.ru/" "Mozilla/5.0 (Windows NT 10.0; Win64; x64) AppleWebKit/537.36 (KHTML, like Gecko) Chrome/130.0.0.0 Safari/537.36"
91.201.113.0 - - [15/Dec/2025:02:21:06 +0100] "GET /reports/usage_202511.html HTTP/1.0" 200 94062 "https://vykup-auto-prm.ru/" "Mozilla/5.0 (Windows NT 10.0; Win64; x64) AppleWebKit/537.36 (KHTML, like Gecko) Chrome/130.0.0.0 Safari/537.36"
141.255.164.0 - - [15/Dec/2025:02:22:43 +0100] "POST /cgi-bin/.%2e/.%2e/.%2e/.%2e/.%2e/.%2e/.%2e/.%2e/.%2e/.%2e/bin/sh HTTP/1.1" 400 226 "-" "libredtail-http"
141.255.164.0 - - [15/Dec/2025:02:22:44 +0100] "POST /cgi-bin/%%32%65%%32%65/%%32%65%%32%65/%%32%65%%32%65/%%32%65%%32%65/%%32%65%%32%65/%%32%65%%32%65/%%32%65%%32%65/bin/sh HTTP/1.1" 400 226 "-" "libredtail-http"
141.255.164.0 - - [15/Dec/2025:02:22:45 +0100] "POST /hello.world?%ADd+allow_url_include%3d1+%ADd+auto_prepend_file%3dphp://input HTTP/1.1" 404 2681 "-" "libredtail-http"
141.255.164.0 - - [15/Dec/2025:02:22:46 +0100] "POST /?%ADd+allow_url_include%3d1+%ADd+auto_prepend_file%3dphp://input HTTP/1.1" 404 2659 "-" "libredtail-http"
141.255.164.0 - - [15/Dec/2025:02:22:47 +0100] "GET /vendor/phpunit/phpunit/src/Util/PHP/eval-stdin.php HTTP/1.1" 404 2631 "-" "libredtail-http"
141.255.164.0 - - [15/Dec/2025:02:22:48 +0100] "GET /vendor/phpunit/phpunit/Util/PHP/eval-stdin.php HTTP/1.1" 404 2623 "-" "libredtail-http"
141.255.164.0 - - [15/Dec/2025:02:22:49 +0100] "GET /vendor/phpunit/src/Util/PHP/eval-stdin.php HTTP/1.1" 404 2615 "-" "libredtail-http"
141.255.164.0 - - [15/Dec/2025:02:22:50 +0100] "GET /vendor/phpunit/Util/PHP/eval-stdin.php HTTP/1.1" 404 2607 "-" "libredtail-http"
141.255.164.0 - - [15/Dec/2025:02:22:51 +0100] "GET /vendor/phpunit/phpunit/LICENSE/eval-stdin.php HTTP/1.1" 404 2621 "-" "libredtail-http"
141.255.164.0 - - [15/Dec/2025:02:22:52 +0100] "GET /vendor/vendor/phpunit/phpunit/src/Util/PHP/eval-stdin.php HTTP/1.1" 404 2645 "-" "libredtail-http"
141.255.164.0 - - [15/Dec/2025:02:22:53 +0100] "GET /phpunit/phpunit/src/Util/PHP/eval-stdin.php HTTP/1.1" 404 2617 "-" "libredtail-http"
141.255.164.0 - - [15/Dec/2025:02:22:54 +0100] "GET /phpunit/phpunit/Util/PHP/eval-stdin.php HTTP/1.1" 404 2609 "-" "libredtail-http"
141.255.164.0 - - [15/Dec/2025:02:22:55 +0100] "GET /phpunit/src/Util/PHP/eval-stdin.php HTTP/1.1" 404 2601 "-" "libredtail-http"
141.255.164.0 - - [15/Dec/2025:02:22:56 +0100] "GET /phpunit/Util/PHP/eval-stdin.php HTTP/1.1" 404 2593 "-" "libredtail-http"
141.255.164.0 - - [15/Dec/2025:02:22:57 +0100] "GET /lib/phpunit/phpunit/src/Util/PHP/eval-stdin.php HTTP/1.1" 404 2625 "-" "libredtail-http"
141.255.164.0 - - [15/Dec/2025:02:22:58 +0100] "GET /lib/phpunit/phpunit/Util/PHP/eval-stdin.php HTTP/1.1" 404 2617 "-" "libredtail-http"
141.255.164.0 - - [15/Dec/2025:02:22:59 +0100] "GET /lib/phpunit/src/Util/PHP/eval-stdin.php HTTP/1.1" 404 2609 "-" "libredtail-http"
141.255.164.0 - - [15/Dec/2025:02:23:00 +0100] "GET /lib/phpunit/Util/PHP/eval-stdin.php HTTP/1.1" 404 2601 "-" "libredtail-http"
141.255.164.0 - - [15/Dec/2025:02:23:01 +0100] "GET /lib/vendor/phpunit/phpunit/src/Util/PHP/eval-stdin.php HTTP/1.1" 404 2639 "-" "libredtail-http"
141.255.164.0 - - [15/Dec/2025:02:23:02 +0100] "GET /laravel/vendor/phpunit/phpunit/src/Util/PHP/eval-stdin.php HTTP/1.1" 404 2647 "-" "libredtail-http"
141.255.164.0 - - [15/Dec/2025:02:23:03 +0100] "GET /www/vendor/phpunit/phpunit/src/Util/PHP/eval-stdin.php HTTP/1.1" 404 2639 "-" "libredtail-http"
141.255.164.0 - - [15/Dec/2025:02:23:04 +0100] "GET /ws/vendor/phpunit/phpunit/src/Util/PHP/eval-stdin.php HTTP/1.1" 404 2637 "-" "libredtail-http"
141.255.164.0 - - [15/Dec/2025:02:23:05 +0100] "GET /yii/vendor/phpunit/phpunit/src/Util/PHP/eval-stdin.php HTTP/1.1" 404 2639 "-" "libredtail-http"
141.255.164.0 - - [15/Dec/2025:02:23:06 +0100] "GET /zend/vendor/phpunit/phpunit/src/Util/PHP/eval-stdin.php HTTP/1.1" 404 2641 "-" "libredtail-http"
141.255.164.0 - - [15/Dec/2025:02:23:07 +0100] "GET /ws/ec/vendor/phpunit/phpunit/src/Util/PHP/eval-stdin.php HTTP/1.1" 404 2643 "-" "libredtail-http"
141.255.164.0 - - [15/Dec/2025:02:23:09 +0100] "GET /V2/vendor/phpunit/phpunit/src/Util/PHP/eval-stdin.php HTTP/1.1" 404 2637 "-" "libredtail-http"
141.255.164.0 - - [15/Dec/2025:02:23:10 +0100] "GET /tests/vendor/phpunit/phpunit/src/Util/PHP/eval-stdin.php HTTP/1.1" 404 2643 "-" "libredtail-http"
141.255.164.0 - - [15/Dec/2025:02:23:11 +0100] "GET /test/vendor/phpunit/phpunit/src/Util/PHP/eval-stdin.php HTTP/1.1" 404 2641 "-" "libredtail-http"
141.255.164.0 - - [15/Dec/2025:02:23:12 +0100] "GET /testing/vendor/phpunit/phpunit/src/Util/PHP/eval-stdin.php HTTP/1.1" 404 2647 "-" "libredtail-http"
141.255.164.0 - - [15/Dec/2025:02:23:13 +0100] "GET /api/vendor/phpunit/phpunit/src/Util/PHP/eval-stdin.php HTTP/1.1" 404 2639 "-" "libredtail-http"
141.255.164.0 - - [15/Dec/2025:02:23:14 +0100] "GET /demo/vendor/phpunit/phpunit/src/Util/PHP/eval-stdin.php HTTP/1.1" 404 2641 "-" "libredtail-http"
141.255.164.0 - - [15/Dec/2025:02:23:15 +0100] "GET /cms/vendor/phpunit/phpunit/src/Util/PHP/eval-stdin.php HTTP/1.1" 404 2639 "-" "libredtail-http"
141.255.164.0 - - [15/Dec/2025:02:23:16 +0100] "GET /crm/vendor/phpunit/phpunit/src/Util/PHP/eval-stdin.php HTTP/1.1" 404 2639 "-" "libredtail-http"
141.255.164.0 - - [15/Dec/2025:02:23:17 +0100] "GET /admin/vendor/phpunit/phpunit/src/Util/PHP/eval-stdin.php HTTP/1.1" 404 2643 "-" "libredtail-http"
141.255.164.0 - - [15/Dec/2025:02:23:18 +0100] "GET /backup/vendor/phpunit/phpunit/src/Util/PHP/eval-stdin.php HTTP/1.1" 404 2645 "-" "libredtail-http"
141.255.164.0 - - [15/Dec/2025:02:23:19 +0100] "GET /blog/vendor/phpunit/phpunit/src/Util/PHP/eval-stdin.php HTTP/1.1" 404 2641 "-" "libredtail-http"
141.255.164.0 - - [15/Dec/2025:02:23:20 +0100] "GET /workspace/drupal/vendor/phpunit/phpunit/src/Util/PHP/eval-stdin.php HTTP/1.1" 404 2665 "-" "libredtail-http"
141.255.164.0 - - [15/Dec/2025:02:23:21 +0100] "GET /panel/vendor/phpunit/phpunit/src/Util/PHP/eval-stdin.php HTTP/1.1" 404 2643 "-" "libredtail-http"
141.255.164.0 - - [15/Dec/2025:02:23:22 +0100] "GET /public/vendor/phpunit/phpunit/src/Util/PHP/eval-stdin.php HTTP/1.1" 404 2645 "-" "libredtail-http"
141.255.164.0 - - [15/Dec/2025:02:23:23 +0100] "GET /apps/vendor/phpunit/phpunit/src/Util/PHP/eval-stdin.php HTTP/1.1" 404 2641 "-" "libredtail-http"
141.255.164.0 - - [15/Dec/2025:02:23:24 +0100] "GET /app/vendor/phpunit/phpunit/src/Util/PHP/eval-stdin.php HTTP/1.1" 404 2639 "-" "libredtail-http"
141.255.164.0 - - [15/Dec/2025:02:23:25 +0100] "GET /index.php?s=/index/\\think\\app/invokefunction&function=call_user_func_array&vars[0]=md5&vars[1][]=Hello HTTP/1.1" 404 2759 "-" "libredtail-http"
141.255.164.0 - - [15/Dec/2025:02:23:26 +0100] "GET /public/index.php?s=/index/\\think\\app/invokefunction&function=call_user_func_array&vars[0]=md5&vars[1][]=Hello HTTP/1.1" 404 2773 "-" "libredtail-http"
141.255.164.0 - - [15/Dec/2025:02:23:27 +0100] "GET /index.php?lang=../../../../../../../../usr/local/lib/php/pearcmd&+config-create+/&/+/tmp/index1.php HTTP/1.1" 404 2805 "-" "libredtail-http"
141.255.164.0 - - [15/Dec/2025:02:23:28 +0100] "GET /index.php?lang=../../../../../../../../tmp/index1 HTTP/1.1" 404 2629 "-" "libredtail-http"
141.255.164.0 - - [15/Dec/2025:02:23:29 +0100] "GET /containers/json HTTP/1.1" 404 2561 "-" "libredtail-http"
195.211.197.0 - - [15/Dec/2025:02:23:37 +0100] "GET /wp-json/wp/v2/posts HTTP/1.1" 301 248 "-" "Mozilla/5.0 (Windows NT 10.0; Win64; x64) AppleWebKit/537.36 (KHTML, like Gecko) Chrome/120.0.0.0 Safari/537.36"
91.201.113.0 - - [15/Dec/2025:02:24:34 +0100] "GET /reports/usage_202511.html HTTP/1.0" 200 94062 "https://vykup-auto-prm.ru/" "Mozilla/5.0 (Windows NT 10.0; Win64; x64) AppleWebKit/537.36 (KHTML, like Gecko) Chrome/129.0.0.0 Safari/537.36"
91.201.113.0 - - [15/Dec/2025:02:24:36 +0100] "GET /reports/usage_202511.html HTTP/1.0" 200 94062 "https://vykup-auto-prm.ru/" "Mozilla/5.0 (Windows NT 10.0; Win64; x64) AppleWebKit/537.36 (KHTML, like Gecko) Chrome/131.0.0.0 Safari/537.36"
91.201.113.0 - - [15/Dec/2025:02:24:38 +0100] "GET /reports/usage_202511.html HTTP/1.0" 200 94062 "https://vykup-auto-prm.ru/" "Mozilla/5.0 (Windows NT 10.0; Win64; x64) AppleWebKit/537.36 (KHTML, like Gecko) Chrome/129.0.0.0 Safari/537.36"
207.180.196.0 - - [15/Dec/2025:02:24:58 +0100] "GET /admin/config.php HTTP/1.0" 404 2563 "-" "xfa1,nvdorz,nvd0rz"
47.82.11.0 - - [15/Dec/2025:02:25:51 +0100] "GET /contao/vendor/swiftmailer/swiftmailer/tests/bug HTTP/1.1" 301 277 "http://81.169.210.35/" "Mozilla/5.0 (Macintosh; Intel Mac OS X 10_15_7) AppleWebKit/537.36 (KHTML, like Gecko) Chrome/131.0.0.0 Safari/537.36"
47.82.11.0 - - [15/Dec/2025:02:25:51 +0100] "GET /contao/vendor/swiftmailer/swiftmailer/tests/bug/ HTTP/1.1" 200 422 "http://81.169.210.35/" "Mozilla/5.0 (Macintosh; Intel Mac OS X 10_15_7) AppleWebKit/537.36 (KHTML, like Gecko) Chrome/131.0.0.0 Safari/537.36"
91.201.113.0 - - [15/Dec/2025:02:28:08 +0100] "GET /reports/usage_202511.html HTTP/1.0" 200 94062 "https://vykup-auto-prm.ru/" "Mozilla/5.0 (Windows NT 10.0; Win64; x64) AppleWebKit/537.36 (KHTML, like Gecko) Chrome/131.0.0.0 Safari/537.36"
91.201.113.0 - - [15/Dec/2025:02:28:10 +0100] "GET /reports/usage_202511.html HTTP/1.0" 200 94062 "https://vykup-auto-prm.ru/" "Mozilla/5.0 (Windows NT 10.0; Win64; x64) AppleWebKit/537.36 (KHTML, like Gecko) Chrome/130.0.0.0 Safari/537.36 CCleaner/130.0.0.0"
91.201.113.0 - - [15/Dec/2025:02:28:12 +0100] "GET /reports/usage_202511.html HTTP/1.0" 200 94062 "https://vykup-auto-prm.ru/" "Mozilla/5.0 (Windows NT 10.0; Win64; x64) AppleWebKit/537.36 (KHTML, like Gecko) Chrome/130.0.0.0 Safari/537.36 CCleaner/130.0.0.0"
91.201.113.0 - - [15/Dec/2025:02:31:43 +0100] "GET /reports/usage_202511.html HTTP/1.0" 200 94062 "https://vykup-auto-prm.ru/" "Mozilla/5.0 (Windows NT 10.0; Win64; x64) AppleWebKit/537.36 (KHTML, like Gecko) Chrome/130.0.0.0 Safari/537.36 CCleaner/130.0.0.0"
91.201.113.0 - - [15/Dec/2025:02:31:45 +0100] "GET /reports/usage_202511.html HTTP/1.0" 200 94062 "https://vykup-auto-prm.ru/" "Mozilla/5.0 (Windows NT 10.0; Win64; x64) AppleWebKit/537.36 (KHTML, like Gecko) Chrome/130.0.0.0 Safari/537.36"
91.201.113.0 - - [15/Dec/2025:02:31:47 +0100] "GET /reports/usage_202511.html HTTP/1.0" 200 94062 "https://vykup-auto-prm.ru/" "Mozilla/5.0 (Windows NT 10.0; Win64; x64) AppleWebKit/537.36 (KHTML, like Gecko) Chrome/131.0.0.0 Safari/537.36"
193.142.147.0 - - [15/Dec/2025:02:32:19 +0100] "GET /index.asp HTTP/1.1" 404 2549 "-" "Hello World/1.0"
91.201.113.0 - - [15/Dec/2025:02:35:16 +0100] "GET /reports/usage_202511.html HTTP/1.0" 200 94062 "https://vykup-auto-prm.ru/" "Mozilla/5.0 (Windows NT 10.0; Win64; x64) AppleWebKit/537.36 (KHTML, like Gecko) Chrome/129.0.0.0 Safari/537.36"
91.201.113.0 - - [15/Dec/2025:02:35:18 +0100] "GET /reports/usage_202511.html HTTP/1.0" 200 94062 "https://vykup-auto-prm.ru/" "Mozilla/5.0 (Windows NT 10.0; Win64; x64) AppleWebKit/537.36 (KHTML, like Gecko) Chrome/130.0.0.0 Safari/537.36 CCleaner/130.0.0.0"
91.201.113.0 - - [15/Dec/2025:02:35:20 +0100] "GET /reports/usage_202511.html HTTP/1.0" 200 94062 "https://vykup-auto-prm.ru/" "Mozilla/5.0 (Windows NT 10.0; Win64; x64) AppleWebKit/537.36 (KHTML, like Gecko) Chrome/130.0.0.0 Safari/537.36 CCleaner/130.0.0.0"
101.251.219.0 - - [15/Dec/2025:02:37:55 +0100] "POST /wsman HTTP/1.1" 404 2541 "-" "Microsoft WinRM Client"
101.251.219.0 - - [15/Dec/2025:02:38:02 +0100] "POST /wsman HTTP/1.1" 404 2541 "-" "Microsoft WinRM Client"
101.251.219.0 - - [15/Dec/2025:02:38:03 +0100] "GET" 400 226 "-" "-"
101.251.219.0 - - [15/Dec/2025:02:38:05 +0100] "\x16\x03\x01\x02" 400 226 "-" "-"
101.251.219.0 - - [15/Dec/2025:02:38:10 +0100] "GET / HTTP/1.1" 301 229 "-" "Mozilla/5.0 (Windows NT 10.0; Win64; x64) AppleWebKit/537.36 (KHTML, like Gecko) Chrome/114.0.0.0 Safari/537.36"
101.251.219.0 - - [15/Dec/2025:02:38:13 +0100] "GET / HTTP/1.1" 301 229 "-" "-"
2a01:238:43f8:5f00:: - - [15/Dec/2025:02:38:25 +0100] "POST /wp-cron.php?doing_wp_cron=1765762705.1338920593261718750000 HTTP/1.1" 200 - "-" "OQwYSW4f7jYY"
185.111.111.0 - - [15/Dec/2025:02:38:25 +0100] "GET /wp-content/themes/busiprof-pro/print.css HTTP/1.1" 404 2655 "-" "WordPress/6.8.3; https://www.gebaeudetechnik.nrw"
101.251.219.0 - - [15/Dec/2025:02:38:24 +0100] "GET / HTTP/1.1" 200 259547 "-" "Mozilla/5.0 (Windows NT 10.0; Win64; x64) AppleWebKit/537.36 (KHTML, like Gecko) Chrome/114.0.0.0 Safari/537.36"
101.251.219.0 - - [15/Dec/2025:02:38:33 +0100] "GET /favicon.ico HTTP/1.1" 301 240 "-" "Mozilla/5.0 (Windows NT 10.0; Win64; x64) AppleWebKit/537.36 (KHTML, like Gecko) Chrome/114.0.0.0 Safari/537.36"
91.201.113.0 - - [15/Dec/2025:02:38:50 +0100] "GET /reports/usage_202511.html HTTP/1.0" 200 94062 "https://vykup-auto-prm.ru/" "Mozilla/5.0 (Windows NT 10.0; Win64; x64) AppleWebKit/537.36 (KHTML, like Gecko) Chrome/131.0.0.0 Safari/537.36 Avast/131.0.0.0"
91.201.113.0 - - [15/Dec/2025:02:38:52 +0100] "GET /reports/usage_202511.html HTTP/1.0" 200 94062 "https://vykup-auto-prm.ru/" "Mozilla/5.0 (Windows NT 10.0; Win64; x64) AppleWebKit/537.36 (KHTML, like Gecko) Chrome/130.0.0.0 Safari/537.36"
91.201.113.0 - - [15/Dec/2025:02:38:54 +0100] "GET /reports/usage_202511.html HTTP/1.0" 200 94062 "https://vykup-auto-prm.ru/" "Mozilla/5.0 (Windows NT 10.0; Win64; x64) AppleWebKit/537.36 (KHTML, like Gecko) Chrome/131.0.0.0 Safari/537.36"
216.244.66.0 - - [15/Dec/2025:02:39:08 +0100] "GET /robots.txt HTTP/1.1" 404 2551 "-" "Mozilla/5.0 (compatible; DotBot/1.2; +https://opensiteexplorer.org/dotbot; help@moz.com)"
62.60.130.0 - - [15/Dec/2025:02:40:42 +0100] "GET /wp-login.php HTTP/1.1" 301 - "-" "Mozilla/5.0 (X11; Ubuntu; Linux x86_64) AppleWebKit/537.36 (KHTML, like Gecko) Chrome/119.0.0.0 Safari/537.36"
2a01:238:43f8:5f00:: - - [15/Dec/2025:02:40:42 +0100] "POST /wp-cron.php?doing_wp_cron=1765762842.6882600784301757812500 HTTP/1.1" 200 - "-" "BmLmAEMqzXVt"
185.111.111.0 - - [15/Dec/2025:02:40:43 +0100] "GET /wp-content/themes/busiprof-pro/print.css HTTP/1.1" 404 2655 "-" "WordPress/6.8.3; https://www.gebaeudetechnik.nrw"
62.60.130.0 - - [15/Dec/2025:02:40:42 +0100] "GET /-/-/-/-/-/-/-/-/-/-/ HTTP/1.1" 200 43756 "-" "Mozilla/5.0 (X11; Ubuntu; Linux x86_64) AppleWebKit/537.36 (KHTML, like Gecko) Chrome/119.0.0.0 Safari/537.36"
62.60.130.0 - - [15/Dec/2025:02:40:43 +0100] "GET /wp-login.php HTTP/1.1" 301 248 "https://wordpress.org/" "Mozilla/5.0 (Macintosh; Intel Mac OS X 10_15_7) AppleWebKit/537.36 (KHTML, like Gecko) Chrome/118.0.0.0 Safari/537.36"
62.60.130.0 - - [15/Dec/2025:02:40:43 +0100] "GET /wp-login.php HTTP/1.1" 301 - "https://wordpress.org/" "Mozilla/5.0 (Macintosh; Intel Mac OS X 10_15_7) AppleWebKit/537.36 (KHTML, like Gecko) Chrome/118.0.0.0 Safari/537.36"
185.111.111.0 - - [15/Dec/2025:02:40:43 +0100] "GET /wp-content/themes/busiprof-pro/print.css HTTP/1.1" 404 2655 "-" "WordPress/6.8.3; https://www.gebaeudetechnik.nrw"
62.60.130.0 - - [15/Dec/2025:02:40:43 +0100] "GET /-/-/-/-/-/-/-/-/-/-/ HTTP/1.1" 200 43756 "https://wordpress.org/" "Mozilla/5.0 (Macintosh; Intel Mac OS X 10_15_7) AppleWebKit/537.36 (KHTML, like Gecko) Chrome/118.0.0.0 Safari/537.36"
62.60.130.0 - - [15/Dec/2025:02:40:44 +0100] "GET /wp-admin/ HTTP/1.1" 302 - "https://duckduckgo.com/" "Mozilla/5.0 (Macintosh; Intel Mac OS X 10_15_7; rv:118.0) Gecko/20100101 Firefox/118.0"
62.60.130.0 - - [15/Dec/2025:02:40:44 +0100] "GET /nicht-erlaubt/ HTTP/1.1" 200 - "https://duckduckgo.com/" "Mozilla/5.0 (Macintosh; Intel Mac OS X 10_15_7; rv:118.0) Gecko/20100101 Firefox/118.0"
185.111.111.0 - - [15/Dec/2025:02:40:45 +0100] "GET /wp-content/themes/busiprof-pro/print.css HTTP/1.1" 404 2655 "-" "WordPress/6.8.3; https://www.gebaeudetechnik.nrw"
62.60.130.0 - - [15/Dec/2025:02:40:44 +0100] "GET /kontaktformular/nicht-erlaubt/ HTTP/1.1" 200 44905 "https://duckduckgo.com/" "Mozilla/5.0 (Macintosh; Intel Mac OS X 10_15_7; rv:118.0) Gecko/20100101 Firefox/118.0"
62.60.130.0 - - [15/Dec/2025:02:40:45 +0100] "POST /wp-login.php HTTP/1.1" 404 43884 "https://gebaeudetechnik.nrw/wp-login.php" "Mozilla/5.0 (Macintosh; Intel Mac OS X 10_15_7) AppleWebKit/537.36 (KHTML, like Gecko) Chrome/120.0.0.0 Safari/537.36"
62.60.130.0 - - [15/Dec/2025:02:40:45 +0100] "GET /wp-admin/index.php HTTP/1.1" 302 - "https://gebaeudetechnik.nrw/wp-login.php" "Mozilla/5.0 (Macintosh; Intel Mac OS X 13_6_1) AppleWebKit/605.1.15 (KHTML, like Gecko) Version/17.0 Safari/605.1.15"
62.60.130.0 - - [15/Dec/2025:02:40:45 +0100] "GET /nicht-erlaubt/ HTTP/1.1" 200 - "https://gebaeudetechnik.nrw/wp-login.php" "Mozilla/5.0 (Macintosh; Intel Mac OS X 13_6_1) AppleWebKit/605.1.15 (KHTML, like Gecko) Version/17.0 Safari/605.1.15"
62.60.130.0 - - [15/Dec/2025:02:40:45 +0100] "GET /kontaktformular/nicht-erlaubt/ HTTP/1.1" 200 44908 "https://gebaeudetechnik.nrw/wp-login.php" "Mozilla/5.0 (Macintosh; Intel Mac OS X 13_6_1) AppleWebKit/605.1.15 (KHTML, like Gecko) Version/17.0 Safari/605.1.15"
62.60.130.0 - - [15/Dec/2025:02:40:46 +0100] "GET /wp-admin/profile.php HTTP/1.1" 302 - "https://gebaeudetechnik.nrw/wp-login.php" "Mozilla/5.0 (Macintosh; Intel Mac OS X 13_6_1) AppleWebKit/605.1.15 (KHTML, like Gecko) Version/17.0 Safari/605.1.15"
62.60.130.0 - - [15/Dec/2025:02:40:46 +0100] "GET /nicht-erlaubt/ HTTP/1.1" 200 - "https://gebaeudetechnik.nrw/wp-login.php" "Mozilla/5.0 (Macintosh; Intel Mac OS X 13_6_1) AppleWebKit/605.1.15 (KHTML, like Gecko) Version/17.0 Safari/605.1.15"
62.60.130.0 - - [15/Dec/2025:02:40:46 +0100] "GET /kontaktformular/nicht-erlaubt/ HTTP/1.1" 200 44908 "https://gebaeudetechnik.nrw/wp-login.php" "Mozilla/5.0 (Macintosh; Intel Mac OS X 13_6_1) AppleWebKit/605.1.15 (KHTML, like Gecko) Version/17.0 Safari/605.1.15"
62.60.130.0 - - [15/Dec/2025:02:40:46 +0100] "GET /wp-admin/edit.php HTTP/1.1" 302 - "https://gebaeudetechnik.nrw/wp-login.php" "Mozilla/5.0 (Macintosh; Intel Mac OS X 13_6_1) AppleWebKit/605.1.15 (KHTML, like Gecko) Version/17.0 Safari/605.1.15"
62.60.130.0 - - [15/Dec/2025:02:40:46 +0100] "GET /nicht-erlaubt/ HTTP/1.1" 200 - "https://gebaeudetechnik.nrw/wp-login.php" "Mozilla/5.0 (Macintosh; Intel Mac OS X 13_6_1) AppleWebKit/605.1.15 (KHTML, like Gecko) Version/17.0 Safari/605.1.15"
62.60.130.0 - - [15/Dec/2025:02:40:46 +0100] "GET /kontaktformular/nicht-erlaubt/ HTTP/1.1" 200 44908 "https://gebaeudetechnik.nrw/wp-login.php" "Mozilla/5.0 (Macintosh; Intel Mac OS X 13_6_1) AppleWebKit/605.1.15 (KHTML, like Gecko) Version/17.0 Safari/605.1.15"
62.60.130.0 - - [15/Dec/2025:02:40:46 +0100] "GET /wp-admin/plugins.php HTTP/1.1" 302 - "https://gebaeudetechnik.nrw/wp-login.php" "Mozilla/5.0 (Macintosh; Intel Mac OS X 13_6_1) AppleWebKit/605.1.15 (KHTML, like Gecko) Version/17.0 Safari/605.1.15"
62.60.130.0 - - [15/Dec/2025:02:40:46 +0100] "GET /nicht-erlaubt/ HTTP/1.1" 200 - "https://gebaeudetechnik.nrw/wp-login.php" "Mozilla/5.0 (Macintosh; Intel Mac OS X 13_6_1) AppleWebKit/605.1.15 (KHTML, like Gecko) Version/17.0 Safari/605.1.15"
62.60.130.0 - - [15/Dec/2025:02:40:47 +0100] "GET /kontaktformular/nicht-erlaubt/ HTTP/1.1" 200 44908 "https://gebaeudetechnik.nrw/wp-login.php" "Mozilla/5.0 (Macintosh; Intel Mac OS X 13_6_1) AppleWebKit/605.1.15 (KHTML, like Gecko) Version/17.0 Safari/605.1.15"
62.60.130.0 - - [15/Dec/2025:02:40:47 +0100] "POST /wp-login.php HTTP/1.1" 404 43884 "https://gebaeudetechnik.nrw/wp-login.php" "Mozilla/5.0 (Macintosh; Intel Mac OS X 10_15_7) AppleWebKit/605.1.15 (KHTML, like Gecko) Version/17.1 Safari/605.1.15"
62.60.130.0 - - [15/Dec/2025:02:40:47 +0100] "GET /wp-admin/index.php HTTP/1.1" 302 - "https://gebaeudetechnik.nrw/wp-login.php" "Mozilla/5.0 (Macintosh; Intel Mac OS X 10_15_7) AppleWebKit/537.36 (KHTML, like Gecko) Chrome/120.0.0.0 Safari/537.36"
62.60.130.0 - - [15/Dec/2025:02:40:47 +0100] "GET /nicht-erlaubt/ HTTP/1.1" 200 - "https://gebaeudetechnik.nrw/wp-login.php" "Mozilla/5.0 (Macintosh; Intel Mac OS X 10_15_7) AppleWebKit/537.36 (KHTML, like Gecko) Chrome/120.0.0.0 Safari/537.36"
62.60.130.0 - - [15/Dec/2025:02:40:47 +0100] "GET /kontaktformular/nicht-erlaubt/ HTTP/1.1" 200 44908 "https://gebaeudetechnik.nrw/wp-login.php" "Mozilla/5.0 (Macintosh; Intel Mac OS X 10_15_7) AppleWebKit/537.36 (KHTML, like Gecko) Chrome/120.0.0.0 Safari/537.36"
62.60.130.0 - - [15/Dec/2025:02:40:47 +0100] "GET /wp-admin/profile.php HTTP/1.1" 302 - "https://gebaeudetechnik.nrw/wp-login.php" "Mozilla/5.0 (Macintosh; Intel Mac OS X 10_15_7) AppleWebKit/537.36 (KHTML, like Gecko) Chrome/120.0.0.0 Safari/537.36"
62.60.130.0 - - [15/Dec/2025:02:40:47 +0100] "GET /nicht-erlaubt/ HTTP/1.1" 200 - "https://gebaeudetechnik.nrw/wp-login.php" "Mozilla/5.0 (Macintosh; Intel Mac OS X 10_15_7) AppleWebKit/537.36 (KHTML, like Gecko) Chrome/120.0.0.0 Safari/537.36"
62.60.130.0 - - [15/Dec/2025:02:40:48 +0100] "GET /kontaktformular/nicht-erlaubt/ HTTP/1.1" 200 44908 "https://gebaeudetechnik.nrw/wp-login.php" "Mozilla/5.0 (Macintosh; Intel Mac OS X 10_15_7) AppleWebKit/537.36 (KHTML, like Gecko) Chrome/120.0.0.0 Safari/537.36"
62.60.130.0 - - [15/Dec/2025:02:40:48 +0100] "GET /wp-admin/edit.php HTTP/1.1" 302 - "https://gebaeudetechnik.nrw/wp-login.php" "Mozilla/5.0 (Macintosh; Intel Mac OS X 10_15_7) AppleWebKit/537.36 (KHTML, like Gecko) Chrome/120.0.0.0 Safari/537.36"
