4.197.248.0 - - [15/Dec/2025:08:03:01 +0100] "GET /wp-content/plugins/pwnd/pwnd.php HTTP/1.1" 301 268 "https://www.google.co.uk/" "Mozilla/5.0 (Linux; Android 11; CPH2251) AppleWebKit/537.36 (KHTML, like Gecko) Chrome/116.0.0.0 Mobile Safari/537.36"
4.197.248.0 - - [15/Dec/2025:08:03:02 +0100] "GET /wp-content/plugins/pwnd/pwnd.php HTTP/1.1" 200 - "https://www.google.co.uk/" "Mozilla/5.0 (Linux; Android 11; CPH2251) AppleWebKit/537.36 (KHTML, like Gecko) Chrome/116.0.0.0 Mobile Safari/537.36"
185.111.111.0 - - [15/Dec/2025:08:03:02 +0100] "GET /wp-content/themes/busiprof-pro/print.css HTTP/1.1" 404 2655 "-" "WordPress/6.8.3; https://www.gebaeudetechnik.nrw"
4.197.248.0 - - [15/Dec/2025:08:03:02 +0100] "GET /wp-content/plugins/pwnd/pwnd.php HTTP/1.1" 200 237751 "https://www.google.co.uk/" "Mozilla/5.0 (Linux; Android 11; CPH2251) AppleWebKit/537.36 (KHTML, like Gecko) Chrome/116.0.0.0 Mobile Safari/537.36"
4.197.248.0 - - [15/Dec/2025:08:03:03 +0100] "GET /wp-content/themes/ HTTP/1.1" 200 - "https://www.google.co.uk/" "Mozilla/5.0 (Linux; Android 12; SM-A525F) AppleWebKit/537.36 (KHTML, like Gecko) Chrome/117.0.0.0 Mobile Safari/537.36"
4.197.248.0 - - [15/Dec/2025:08:03:03 +0100] "GET /wp-content/themes/admin.php HTTP/1.1" 404 2786 "https://duckduckgo.com/" "Mozilla/5.0 (Linux; Android 12; V2134) AppleWebKit/537.36 (KHTML, like Gecko) Chrome/116.0.0.0 Mobile Safari/537.36"
4.197.248.0 - - [15/Dec/2025:08:03:04 +0100] "GET /wp-content/upgrade/index.php HTTP/1.1" 301 264 "https://duckduckgo.com/" "Mozilla/5.0 (Linux; Android 14; Pixel 8 Pro) AppleWebKit/537.36 (KHTML, like Gecko) Chrome/119.0.0.0 Mobile Safari/537.36"
4.197.248.0 - - [15/Dec/2025:08:03:04 +0100] "GET /wp-content/upgrade/index.php HTTP/1.1" 200 - "https://duckduckgo.com/" "Mozilla/5.0 (Linux; Android 14; Pixel 8 Pro) AppleWebKit/537.36 (KHTML, like Gecko) Chrome/119.0.0.0 Mobile Safari/537.36"
4.197.248.0 - - [15/Dec/2025:08:03:04 +0100] "GET /wp-content/upgrade/ HTTP/1.1" 403 2608 "https://duckduckgo.com/" "Mozilla/5.0 (Linux; Android 14; Pixel 8 Pro) AppleWebKit/537.36 (KHTML, like Gecko) Chrome/119.0.0.0 Mobile Safari/537.36"
4.197.248.0 - - [15/Dec/2025:08:03:05 +0100] "GET /wp-admin/css/colors/blue/atomlib.php HTTP/1.1" 301 272 "https://www.google.fr/" "Mozilla/5.0 (iPad; CPU OS 16_7_2 like Mac OS X) AppleWebKit/605.1.15 (KHTML, like Gecko) Version/16.6 Mobile/15E148 Safari/604.1"
4.197.248.0 - - [15/Dec/2025:08:03:05 +0100] "GET /wp-admin/css/colors/blue/atomlib.php HTTP/1.1" 200 - "https://www.google.fr/" "Mozilla/5.0 (iPad; CPU OS 16_7_2 like Mac OS X) AppleWebKit/605.1.15 (KHTML, like Gecko) Version/16.6 Mobile/15E148 Safari/604.1"
185.111.111.0 - - [15/Dec/2025:08:03:05 +0100] "GET /wp-content/themes/busiprof-pro/print.css HTTP/1.1" 404 2655 "-" "WordPress/6.8.3; https://www.gebaeudetechnik.nrw"
4.197.248.0 - - [15/Dec/2025:08:03:05 +0100] "GET /wp-admin/css/colors/blue/atomlib.php HTTP/1.1" 200 237751 "https://www.google.fr/" "Mozilla/5.0 (iPad; CPU OS 16_7_2 like Mac OS X) AppleWebKit/605.1.15 (KHTML, like Gecko) Version/16.6 Mobile/15E148 Safari/604.1"
4.197.248.0 - - [15/Dec/2025:08:03:07 +0100] "GET /wp-content/uploads/ HTTP/1.1" 403 2596 "https://www.yahoo.com/" "Mozilla/5.0 (iPhone; CPU iPhone OS 15_7_9 like Mac OS X) AppleWebKit/605.1.15 (KHTML, like Gecko) Version/15.6.5 Mobile/15E148 Safari/604.1"
4.197.248.0 - - [15/Dec/2025:08:03:07 +0100] "GET /wp-content/uploads/2025/ HTTP/1.1" 403 2596 "https://www.yahoo.com/" "Mozilla/5.0 (iPhone; CPU iPhone OS 17_0_3 like Mac OS X) AppleWebKit/605.1.15 (KHTML, like Gecko) Version/17.0.1 Mobile/15E148 Safari/604.1"
4.197.248.0 - - [15/Dec/2025:08:03:07 +0100] "GET /wp-content/uploads/index.php HTTP/1.1" 404 2792 "https://www.google.co.uk/" "Mozilla/5.0 (iPhone; CPU iPhone OS 15_7_9 like Mac OS X) AppleWebKit/605.1.15 (KHTML, like Gecko) Version/15.6.5 Mobile/15E148 Safari/604.1"
4.197.248.0 - - [15/Dec/2025:08:03:08 +0100] "GET /wp-good.php HTTP/1.1" 301 247 "https://www.google.fr/" "Mozilla/5.0 (Linux; Android 13; M2101K6G) AppleWebKit/537.36 (KHTML, like Gecko) Chrome/116.0.0.0 Mobile Safari/537.36"
4.197.248.0 - - [15/Dec/2025:08:03:08 +0100] "GET /wp-good.php HTTP/1.1" 200 - "https://www.google.fr/" "Mozilla/5.0 (Linux; Android 13; M2101K6G) AppleWebKit/537.36 (KHTML, like Gecko) Chrome/116.0.0.0 Mobile Safari/537.36"
216.244.66.0 - - [15/Dec/2025:08:03:08 +0100] "GET /contao/vendor/symfony/polyfill-php80/Resources/stubs/?C=D;O=A HTTP/1.1" 200 1694 "-" "Mozilla/5.0 (compatible; DotBot/1.2; +https://opensiteexplorer.org/dotbot; help@moz.com)"
185.111.111.0 - - [15/Dec/2025:08:03:08 +0100] "GET /wp-content/themes/busiprof-pro/print.css HTTP/1.1" 404 2655 "-" "WordPress/6.8.3; https://www.gebaeudetechnik.nrw"
4.197.248.0 - - [15/Dec/2025:08:03:08 +0100] "GET /wp-good.php HTTP/1.1" 200 237751 "https://www.google.fr/" "Mozilla/5.0 (Linux; Android 13; M2101K6G) AppleWebKit/537.36 (KHTML, like Gecko) Chrome/116.0.0.0 Mobile Safari/537.36"
4.197.248.0 - - [15/Dec/2025:08:03:10 +0100] "GET /wp-includes/ID3/ HTTP/1.1" 301 252 "https://www.google.fr/" "Mozilla/5.0 (iPhone; CPU iPhone OS 15_7_9 like Mac OS X) AppleWebKit/605.1.15 (KHTML, like Gecko) Version/15.6.5 Mobile/15E148 Safari/604.1"
4.197.248.0 - - [15/Dec/2025:08:03:10 +0100] "GET /wp-includes/ID3/ HTTP/1.1" 403 2598 "https://www.google.fr/" "Mozilla/5.0 (iPhone; CPU iPhone OS 15_7_9 like Mac OS X) AppleWebKit/605.1.15 (KHTML, like Gecko) Version/15.6.5 Mobile/15E148 Safari/604.1"
4.197.248.0 - - [15/Dec/2025:08:03:10 +0100] "GET /wp-includes/ID3/simi.php HTTP/1.1" 301 260 "https://www.yahoo.com/" "Mozilla/5.0 (iPhone; CPU iPhone OS 17_1 like Mac OS X) AppleWebKit/605.1.15 (KHTML, like Gecko) CriOS/119.0.6045.109 Mobile/15E148 Safari/604.1"
4.197.248.0 - - [15/Dec/2025:08:03:11 +0100] "GET /wp-includes/ID3/simi.php HTTP/1.1" 200 - "https://www.yahoo.com/" "Mozilla/5.0 (iPhone; CPU iPhone OS 17_1 like Mac OS X) AppleWebKit/605.1.15 (KHTML, like Gecko) CriOS/119.0.6045.109 Mobile/15E148 Safari/604.1"
185.111.111.0 - - [15/Dec/2025:08:03:11 +0100] "GET /wp-content/themes/busiprof-pro/print.css HTTP/1.1" 404 2655 "-" "WordPress/6.8.3; https://www.gebaeudetechnik.nrw"
4.197.248.0 - - [15/Dec/2025:08:03:11 +0100] "GET /wp-includes/ID3/simi.php HTTP/1.1" 200 237751 "https://www.yahoo.com/" "Mozilla/5.0 (iPhone; CPU iPhone OS 17_1 like Mac OS X) AppleWebKit/605.1.15 (KHTML, like Gecko) CriOS/119.0.6045.109 Mobile/15E148 Safari/604.1"
4.197.248.0 - - [15/Dec/2025:08:03:12 +0100] "GET /wp-includes/IXR/ HTTP/1.1" 301 252 "https://www.google.fr/" "Mozilla/5.0 (iPhone; CPU iPhone OS 17_0_3 like Mac OS X) AppleWebKit/605.1.15 (KHTML, like Gecko) Version/17.0.1 Mobile/15E148 Safari/604.1"
4.197.248.0 - - [15/Dec/2025:08:03:13 +0100] "GET /wp-includes/IXR/ HTTP/1.1" 403 2598 "https://www.google.fr/" "Mozilla/5.0 (iPhone; CPU iPhone OS 17_0_3 like Mac OS X) AppleWebKit/605.1.15 (KHTML, like Gecko) Version/17.0.1 Mobile/15E148 Safari/604.1"
4.197.248.0 - - [15/Dec/2025:08:03:13 +0100] "GET /wp-includes/PHPMailer/index.php HTTP/1.1" 301 267 "https://www.google.co.uk/" "Mozilla/5.0 (Linux; Android 11; 21081111RG) AppleWebKit/537.36 (KHTML, like Gecko) Chrome/116.0.0.0 Mobile Safari/537.36"
216.244.66.0 - - [15/Dec/2025:08:03:13 +0100] "GET /logs/error-ssl.log.48.gz HTTP/1.1" 200 170658 "-" "Mozilla/5.0 (compatible; DotBot/1.2; +https://opensiteexplorer.org/dotbot; help@moz.com)"
4.197.248.0 - - [15/Dec/2025:08:03:13 +0100] "GET /wp-includes/PHPMailer/index.php HTTP/1.1" 200 - "https://www.google.co.uk/" "Mozilla/5.0 (Linux; Android 11; 21081111RG) AppleWebKit/537.36 (KHTML, like Gecko) Chrome/116.0.0.0 Mobile Safari/537.36"
4.197.248.0 - - [15/Dec/2025:08:03:13 +0100] "GET /wp-includes/PHPMailer/ HTTP/1.1" 403 2612 "https://www.google.co.uk/" "Mozilla/5.0 (Linux; Android 11; 21081111RG) AppleWebKit/537.36 (KHTML, like Gecko) Chrome/116.0.0.0 Mobile Safari/537.36"
4.197.248.0 - - [15/Dec/2025:08:03:14 +0100] "GET /wp-includes/Requests/index.php HTTP/1.1" 301 266 "https://duckduckgo.com/" "Mozilla/5.0 (iPad; CPU OS 16_7_2 like Mac OS X) AppleWebKit/605.1.15 (KHTML, like Gecko) Version/16.6 Mobile/15E148 Safari/604.1"
4.197.248.0 - - [15/Dec/2025:08:03:14 +0100] "GET /wp-includes/Requests/index.php HTTP/1.1" 200 - "https://duckduckgo.com/" "Mozilla/5.0 (iPad; CPU OS 16_7_2 like Mac OS X) AppleWebKit/605.1.15 (KHTML, like Gecko) Version/16.6 Mobile/15E148 Safari/604.1"
4.197.248.0 - - [15/Dec/2025:08:03:14 +0100] "GET /wp-includes/Requests/ HTTP/1.1" 403 2608 "https://duckduckgo.com/" "Mozilla/5.0 (iPad; CPU OS 16_7_2 like Mac OS X) AppleWebKit/605.1.15 (KHTML, like Gecko) Version/16.6 Mobile/15E148 Safari/604.1"
4.197.248.0 - - [15/Dec/2025:08:03:15 +0100] "GET /wp-includes/SimplePie/index.php HTTP/1.1" 301 267 "https://www.yahoo.com/" "Mozilla/5.0 (iPad; CPU OS 17_0_3 like Mac OS X) AppleWebKit/605.1.15 (KHTML, like Gecko) Version/17.0.1 Mobile/15E148 Safari/604.1"
4.197.248.0 - - [15/Dec/2025:08:03:15 +0100] "GET /wp-includes/SimplePie/index.php HTTP/1.1" 200 - "https://www.yahoo.com/" "Mozilla/5.0 (iPad; CPU OS 17_0_3 like Mac OS X) AppleWebKit/605.1.15 (KHTML, like Gecko) Version/17.0.1 Mobile/15E148 Safari/604.1"
4.197.248.0 - - [15/Dec/2025:08:03:15 +0100] "GET /wp-includes/SimplePie/ HTTP/1.1" 403 2606 "https://www.yahoo.com/" "Mozilla/5.0 (iPad; CPU OS 17_0_3 like Mac OS X) AppleWebKit/605.1.15 (KHTML, like Gecko) Version/17.0.1 Mobile/15E148 Safari/604.1"
4.197.248.0 - - [15/Dec/2025:08:03:16 +0100] "GET /wp-includes/Text/ HTTP/1.1" 301 253 "https://www.google.fr/" "Mozilla/5.g (Linux; Android 13; Pixel 7) AppleWebKit/537.36 (KHTML, like Gecko) Chrome/116.0.0.0 Mobile Safari/537.36"
4.197.248.0 - - [15/Dec/2025:08:03:16 +0100] "GET /wp-includes/Text/ HTTP/1.1" 403 2598 "https://www.google.fr/" "Mozilla/5.g (Linux; Android 13; Pixel 7) AppleWebKit/537.36 (KHTML, like Gecko) Chrome/116.0.0.0 Mobile Safari/537.36"
4.197.248.0 - - [15/Dec/2025:08:03:16 +0100] "GET /wp-includes/Text/Diff/Engine/ HTTP/1.1" 301 265 "https://duckduckgo.com/" "Mozilla/5.0 (Linux; Android 11; 21081111RG) AppleWebKit/537.36 (KHTML, like Gecko) Chrome/116.0.0.0 Mobile Safari/537.36"
4.197.248.0 - - [15/Dec/2025:08:03:16 +0100] "GET /wp-includes/Text/Diff/Engine/ HTTP/1.1" 403 2600 "https://duckduckgo.com/" "Mozilla/5.0 (Linux; Android 11; 21081111RG) AppleWebKit/537.36 (KHTML, like Gecko) Chrome/116.0.0.0 Mobile Safari/537.36"
4.197.248.0 - - [15/Dec/2025:08:03:17 +0100] "GET /wp-includes/Text/Diff/Renderer/index.php HTTP/1.1" 301 276 "https://www.yahoo.com/" "Mozilla/5.0 (Linux; Android 10; LM-Q720) AppleWebKit/537.36 (KHTML, like Gecko) Chrome/116.0.0.0 Mobile Safari/537.36"
4.197.248.0 - - [15/Dec/2025:08:03:17 +0100] "GET /wp-includes/Text/Diff/Renderer/index.php HTTP/1.1" 200 - "https://www.yahoo.com/" "Mozilla/5.0 (Linux; Android 10; LM-Q720) AppleWebKit/537.36 (KHTML, like Gecko) Chrome/116.0.0.0 Mobile Safari/537.36"
4.197.248.0 - - [15/Dec/2025:08:03:17 +0100] "GET /wp-includes/Text/Diff/Renderer/ HTTP/1.1" 403 2606 "https://www.yahoo.com/" "Mozilla/5.0 (Linux; Android 10; LM-Q720) AppleWebKit/537.36 (KHTML, like Gecko) Chrome/116.0.0.0 Mobile Safari/537.36"
4.197.248.0 - - [15/Dec/2025:08:03:18 +0100] "GET /wp-includes/assets/autoload_classmap.php HTTP/1.1" 301 276 "https://duckduckgo.com/" "Mozilla/5.0 (Linux; Android 10; K) AppleWebKit/537.36 (KHTML, like Gecko) Chrome/117.0.0.0 Mobile Safari/537.36"
4.197.248.0 - - [15/Dec/2025:08:03:18 +0100] "GET /wp-includes/assets/autoload_classmap.php HTTP/1.1" 200 - "https://duckduckgo.com/" "Mozilla/5.0 (Linux; Android 10; K) AppleWebKit/537.36 (KHTML, like Gecko) Chrome/117.0.0.0 Mobile Safari/537.36"
185.111.111.0 - - [15/Dec/2025:08:03:18 +0100] "GET /wp-content/themes/busiprof-pro/print.css HTTP/1.1" 404 2655 "-" "WordPress/6.8.3; https://www.gebaeudetechnik.nrw"
4.197.248.0 - - [15/Dec/2025:08:03:18 +0100] "GET /wp-includes/assets/autoload_classmap.php HTTP/1.1" 200 237751 "https://duckduckgo.com/" "Mozilla/5.0 (Linux; Android 10; K) AppleWebKit/537.36 (KHTML, like Gecko) Chrome/117.0.0.0 Mobile Safari/537.36"
4.197.248.0 - - [15/Dec/2025:08:03:20 +0100] "GET /wp-includes/bk/index.php HTTP/1.1" 301 260 "https://www.yahoo.com/" "Mozilla/5.0 (iPhone; CPU iPhone OS 15_7_9 like Mac OS X) AppleWebKit/605.1.15 (KHTML, like Gecko) Version/15.6.5 Mobile/15E148 Safari/604.1"
2a01:238:43f8:5f00:: - - [15/Dec/2025:08:03:20 +0100] "POST /wp-cron.php?doing_wp_cron=1765782200.6148300170898437500000 HTTP/1.1" 200 - "-" "C5IdEiWuePoU"
4.197.248.0 - - [15/Dec/2025:08:03:20 +0100] "GET /wp-includes/bk/index.php HTTP/1.1" 200 - "https://www.yahoo.com/" "Mozilla/5.0 (iPhone; CPU iPhone OS 15_7_9 like Mac OS X) AppleWebKit/605.1.15 (KHTML, like Gecko) Version/15.6.5 Mobile/15E148 Safari/604.1"
185.111.111.0 - - [15/Dec/2025:08:03:21 +0100] "GET /wp-content/themes/busiprof-pro/print.css HTTP/1.1" 404 2655 "-" "WordPress/6.8.3; https://www.gebaeudetechnik.nrw"
4.197.248.0 - - [15/Dec/2025:08:03:21 +0100] "GET /wp-includes/bk/ HTTP/1.1" 200 237751 "https://www.yahoo.com/" "Mozilla/5.0 (iPhone; CPU iPhone OS 15_7_9 like Mac OS X) AppleWebKit/605.1.15 (KHTML, like Gecko) Version/15.6.5 Mobile/15E148 Safari/604.1"
4.197.248.0 - - [15/Dec/2025:08:03:22 +0100] "GET /wp-includes/block-bindings/ HTTP/1.1" 301 263 "https://www.google.com/" "Mozilla/5.0 (Linux; Android 12; SM-A525F) AppleWebKit/537.36 (KHTML, like Gecko) Chrome/117.0.0.0 Mobile Safari/537.36"
4.197.248.0 - - [15/Dec/2025:08:03:22 +0100] "GET /wp-includes/block-bindings/ HTTP/1.1" 403 2600 "https://www.google.com/" "Mozilla/5.0 (Linux; Android 12; SM-A525F) AppleWebKit/537.36 (KHTML, like Gecko) Chrome/117.0.0.0 Mobile Safari/537.36"
4.197.248.0 - - [15/Dec/2025:08:03:22 +0100] "GET /wp-includes/block-supports/ HTTP/1.1" 301 263 "https://www.google.fr/" "Mozilla/5.0 (iPhone; CPU iPhone OS 17_1_1 like Mac OS X) AppleWebKit/605.1.15 (KHTML, like Gecko) Version/17.1 Mobile/15E148 Safari/604.1"
4.197.248.0 - - [15/Dec/2025:08:03:23 +0100] "GET /wp-includes/block-supports/ HTTP/1.1" 403 2598 "https://www.google.fr/" "Mozilla/5.0 (iPhone; CPU iPhone OS 17_1_1 like Mac OS X) AppleWebKit/605.1.15 (KHTML, like Gecko) Version/17.1 Mobile/15E148 Safari/604.1"
4.197.248.0 - - [15/Dec/2025:08:03:23 +0100] "GET /wp-includes/blocks/code/ HTTP/1.1" 301 260 "https://www.google.co.uk/" "Mozilla/5.0 (iPhone; CPU iPhone OS 17_1_1 like Mac OS X) AppleWebKit/605.1.15 (KHTML, like Gecko) Version/17.1 Mobile/15E148 Safari/604.1"
4.197.248.0 - - [15/Dec/2025:08:03:23 +0100] "GET /wp-includes/blocks/code/ HTTP/1.1" 403 2604 "https://www.google.co.uk/" "Mozilla/5.0 (iPhone; CPU iPhone OS 17_1_1 like Mac OS X) AppleWebKit/605.1.15 (KHTML, like Gecko) Version/17.1 Mobile/15E148 Safari/604.1"
4.197.248.0 - - [15/Dec/2025:08:03:23 +0100] "GET /wp-includes/certificates/ HTTP/1.1" 301 261 "https://www.google.co.uk/" "Mozilla/5.0 (Linux; Android 12; 2201116SG) AppleWebKit/537.36 (KHTML, like Gecko) Chrome/116.0.0.0 Mobile Safari/537.36"
4.197.248.0 - - [15/Dec/2025:08:03:24 +0100] "GET /wp-includes/certificates/ HTTP/1.1" 403 2604 "https://www.google.co.uk/" "Mozilla/5.0 (Linux; Android 12; 2201116SG) AppleWebKit/537.36 (KHTML, like Gecko) Chrome/116.0.0.0 Mobile Safari/537.36"
4.197.248.0 - - [15/Dec/2025:08:03:24 +0100] "GET /wp-includes/css/autoload_classmap.php HTTP/1.1" 301 273 "https://www.yahoo.com/" "Mozilla/5.0 (Linux; Android 12; 2201116SG) AppleWebKit/537.36 (KHTML, like Gecko) Chrome/116.0.0.0 Mobile Safari/537.36"
4.197.248.0 - - [15/Dec/2025:08:03:24 +0100] "GET /wp-includes/css/autoload_classmap.php HTTP/1.1" 200 - "https://www.yahoo.com/" "Mozilla/5.0 (Linux; Android 12; 2201116SG) AppleWebKit/537.36 (KHTML, like Gecko) Chrome/116.0.0.0 Mobile Safari/537.36"
185.111.111.0 - - [15/Dec/2025:08:03:25 +0100] "GET /wp-content/themes/busiprof-pro/print.css HTTP/1.1" 404 2655 "-" "WordPress/6.8.3; https://www.gebaeudetechnik.nrw"
4.197.248.0 - - [15/Dec/2025:08:03:25 +0100] "GET /wp-includes/css/autoload_classmap.php HTTP/1.1" 200 237751 "https://www.yahoo.com/" "Mozilla/5.0 (Linux; Android 12; 2201116SG) AppleWebKit/537.36 (KHTML, like Gecko) Chrome/116.0.0.0 Mobile Safari/537.36"
4.197.248.0 - - [15/Dec/2025:08:03:26 +0100] "GET /wp-includes/customize/chosen.php HTTP/1.1" 301 268 "https://www.bing.com/" "Mozilla/5.0 (iPhone; CPU iPhone OS 17_0_3 like Mac OS X) AppleWebKit/605.1.15 (KHTML, like Gecko) Version/17.0.1 Mobile/15E148 Safari/604.1"
4.197.248.0 - - [15/Dec/2025:08:03:26 +0100] "GET /wp-includes/customize/chosen.php HTTP/1.1" 200 - "https://www.bing.com/" "Mozilla/5.0 (iPhone; CPU iPhone OS 17_0_3 like Mac OS X) AppleWebKit/605.1.15 (KHTML, like Gecko) Version/17.0.1 Mobile/15E148 Safari/604.1"
185.111.111.0 - - [15/Dec/2025:08:03:27 +0100] "GET /wp-content/themes/busiprof-pro/print.css HTTP/1.1" 404 2655 "-" "WordPress/6.8.3; https://www.gebaeudetechnik.nrw"
4.197.248.0 - - [15/Dec/2025:08:03:27 +0100] "GET /wp-includes/customize/chosen.php HTTP/1.1" 200 237751 "https://www.bing.com/" "Mozilla/5.0 (iPhone; CPU iPhone OS 17_0_3 like Mac OS X) AppleWebKit/605.1.15 (KHTML, like Gecko) Version/17.0.1 Mobile/15E148 Safari/604.1"
4.197.248.0 - - [15/Dec/2025:08:03:28 +0100] "GET /wp-includes/html-api/index.php HTTP/1.1" 301 266 "https://duckduckgo.com/" "Mozilla/5.0 (Linux; Android 12; V2134) AppleWebKit/537.36 (KHTML, like Gecko) Chrome/116.0.0.0 Mobile Safari/537.36"
4.197.248.0 - - [15/Dec/2025:08:03:28 +0100] "GET /wp-includes/html-api/index.php HTTP/1.1" 200 - "https://duckduckgo.com/" "Mozilla/5.0 (Linux; Android 12; V2134) AppleWebKit/537.36 (KHTML, like Gecko) Chrome/116.0.0.0 Mobile Safari/537.36"
4.197.248.0 - - [15/Dec/2025:08:03:28 +0100] "GET /wp-includes/html-api/ HTTP/1.1" 403 2608 "https://duckduckgo.com/" "Mozilla/5.0 (Linux; Android 12; V2134) AppleWebKit/537.36 (KHTML, like Gecko) Chrome/116.0.0.0 Mobile Safari/537.36"
4.197.248.0 - - [15/Dec/2025:08:03:29 +0100] "GET /wp-includes/images/ HTTP/1.1" 301 255 "https://www.bing.com/" "Mozilla/5.0 (iPhone; CPU iPhone OS 17_0_3 like Mac OS X) AppleWebKit/605.1.15 (KHTML, like Gecko) Version/17.0.1 Mobile/15E148 Safari/604.1"
4.197.248.0 - - [15/Dec/2025:08:03:29 +0100] "GET /wp-includes/images/ HTTP/1.1" 403 2596 "https://www.bing.com/" "Mozilla/5.0 (iPhone; CPU iPhone OS 17_0_3 like Mac OS X) AppleWebKit/605.1.15 (KHTML, like Gecko) Version/17.0.1 Mobile/15E148 Safari/604.1"
4.197.248.0 - - [15/Dec/2025:08:03:29 +0100] "GET /wp-includes/index.php HTTP/1.1" 301 257 "https://www.yahoo.com/" "Mozilla/5.0 (Linux; Android 14; Pixel 8 Pro) AppleWebKit/537.36 (KHTML, like Gecko) Chrome/119.0.0.0 Mobile Safari/537.36"
4.197.248.0 - - [15/Dec/2025:08:03:30 +0100] "GET /wp-includes/index.php HTTP/1.1" 403 2598 "https://www.yahoo.com/" "Mozilla/5.0 (Linux; Android 14; Pixel 8 Pro) AppleWebKit/537.36 (KHTML, like Gecko) Chrome/119.0.0.0 Mobile Safari/537.36"
4.197.248.0 - - [15/Dec/2025:08:03:30 +0100] "GET /wp-includes/js/codemirror/index.php HTTP/1.1" 301 271 "https://www.google.co.uk/" "Mozilla/5.0 (iPhone; CPU iPhone OS 16_6_1 like Mac OS X) AppleWebKit/605.1.15 (KHTML, like Gecko) Version/16.6 Mobile/15E148 Safari/604.1"
4.197.248.0 - - [15/Dec/2025:08:03:30 +0100] "GET /wp-includes/js/codemirror/index.php HTTP/1.1" 200 - "https://www.google.co.uk/" "Mozilla/5.0 (iPhone; CPU iPhone OS 16_6_1 like Mac OS X) AppleWebKit/605.1.15 (KHTML, like Gecko) Version/16.6 Mobile/15E148 Safari/604.1"
4.197.248.0 - - [15/Dec/2025:08:03:30 +0100] "GET /wp-includes/js/codemirror/ HTTP/1.1" 403 2612 "https://www.google.co.uk/" "Mozilla/5.0 (iPhone; CPU iPhone OS 16_6_1 like Mac OS X) AppleWebKit/605.1.15 (KHTML, like Gecko) Version/16.6 Mobile/15E148 Safari/604.1"
4.197.248.0 - - [15/Dec/2025:08:03:31 +0100] "GET /wp-includes/js/crop/ HTTP/1.1" 301 256 "https://www.google.de/" "Mozilla/5.0 (iPhone; CPU iPhone OS 17_1_1 like Mac OS X) AppleWebKit/605.1.15 (KHTML, like Gecko) Version/17.1 Mobile/15E148 Safari/604.1"
4.197.248.0 - - [15/Dec/2025:08:03:31 +0100] "GET /wp-includes/js/crop/ HTTP/1.1" 403 2598 "https://www.google.de/" "Mozilla/5.0 (iPhone; CPU iPhone OS 17_1_1 like Mac OS X) AppleWebKit/605.1.15 (KHTML, like Gecko) Version/17.1 Mobile/15E148 Safari/604.1"
4.197.248.0 - - [15/Dec/2025:08:03:31 +0100] "GET /wp-includes/js/dist/ HTTP/1.1" 301 256 "https://www.google.co.uk/" "Mozilla/5.g (Linux; Android 13; Pixel 7) AppleWebKit/537.36 (KHTML, like Gecko) Chrome/116.0.0.0 Mobile Safari/537.36"
4.197.248.0 - - [15/Dec/2025:08:03:32 +0100] "GET /wp-includes/js/dist/ HTTP/1.1" 403 2604 "https://www.google.co.uk/" "Mozilla/5.g (Linux; Android 13; Pixel 7) AppleWebKit/537.36 (KHTML, like Gecko) Chrome/116.0.0.0 Mobile Safari/537.36"
4.197.248.0 - - [15/Dec/2025:08:03:32 +0100] "GET /wp-includes/js/dist/development/ HTTP/1.1" 301 268 "https://www.google.com/" "Mozilla/5.0 (iPhone; CPU iPhone OS 16_0 like Mac OS X) AppleWebKit/605.1.15 (KHTML, like Gecko) FxiOS/118.0 Mobile/15E148 Safari/605.1.15"
4.197.248.0 - - [15/Dec/2025:08:03:32 +0100] "GET /wp-includes/js/dist/development/ HTTP/1.1" 403 2600 "https://www.google.com/" "Mozilla/5.0 (iPhone; CPU iPhone OS 16_0 like Mac OS X) AppleWebKit/605.1.15 (KHTML, like Gecko) FxiOS/118.0 Mobile/15E148 Safari/605.1.15"
4.197.248.0 - - [15/Dec/2025:08:03:33 +0100] "GET /wp-includes/js/jquery/jquery.php HTTP/1.1" 301 268 "https://www.google.fr/" "Mozilla/5.0 (Linux; Android 13; SM-G991U) AppleWebKit/537.36 (KHTML, like Gecko) Chrome/117.0.0.0 Mobile Safari/537.36"
4.197.248.0 - - [15/Dec/2025:08:03:33 +0100] "GET /wp-includes/js/jquery/jquery.php HTTP/1.1" 200 - "https://www.google.fr/" "Mozilla/5.0 (Linux; Android 13; SM-G991U) AppleWebKit/537.36 (KHTML, like Gecko) Chrome/117.0.0.0 Mobile Safari/537.36"
185.111.111.0 - - [15/Dec/2025:08:03:33 +0100] "GET /wp-content/themes/busiprof-pro/print.css HTTP/1.1" 404 2655 "-" "WordPress/6.8.3; https://www.gebaeudetechnik.nrw"
4.197.248.0 - - [15/Dec/2025:08:03:33 +0100] "GET /wp-includes/js/jquery/jquery.php HTTP/1.1" 200 237751 "https://www.google.fr/" "Mozilla/5.0 (Linux; Android 13; SM-G991U) AppleWebKit/537.36 (KHTML, like Gecko) Chrome/117.0.0.0 Mobile Safari/537.36"
4.197.248.0 - - [15/Dec/2025:08:03:35 +0100] "GET /wp-includes/pomo/index.php HTTP/1.1" 301 262 "https://www.yahoo.com/" "Mozilla/5.0 (Linux; Android 13; SM-S908E) AppleWebKit/537.36 (KHTML, like Gecko) Chrome/116.0.0.0 Mobile Safari/537.36"
2a01:238:43f8:5f00:: - - [15/Dec/2025:08:03:35 +0100] "POST /wp-cron.php?doing_wp_cron=1765782215.5659999847412109375000 HTTP/1.1" 200 - "-" "EYHQ4yF3Ecsp"
4.197.248.0 - - [15/Dec/2025:08:03:35 +0100] "GET /wp-includes/pomo/index.php HTTP/1.1" 200 - "https://www.yahoo.com/" "Mozilla/5.0 (Linux; Android 13; SM-S908E) AppleWebKit/537.36 (KHTML, like Gecko) Chrome/116.0.0.0 Mobile Safari/537.36"
4.197.248.0 - - [15/Dec/2025:08:03:36 +0100] "GET /wp-includes/pomo/ HTTP/1.1" 403 2606 "https://www.yahoo.com/" "Mozilla/5.0 (Linux; Android 13; SM-S908E) AppleWebKit/537.36 (KHTML, like Gecko) Chrome/116.0.0.0 Mobile Safari/537.36"
4.197.248.0 - - [15/Dec/2025:08:03:36 +0100] "GET /wp-includes/random_compat/index.php HTTP/1.1" 301 271 "https://duckduckgo.com/" "Mozilla/5.0 (iPhone; CPU iPhone OS 17_0_3 like Mac OS X) AppleWebKit/605.1.15 (KHTML, like Gecko) Version/17.0.1 Mobile/15E148 Safari/604.1"
4.197.248.0 - - [15/Dec/2025:08:03:36 +0100] "GET /wp-includes/random_compat/index.php HTTP/1.1" 200 - "https://duckduckgo.com/" "Mozilla/5.0 (iPhone; CPU iPhone OS 17_0_3 like Mac OS X) AppleWebKit/605.1.15 (KHTML, like Gecko) Version/17.0.1 Mobile/15E148 Safari/604.1"
185.111.111.0 - - [15/Dec/2025:08:03:37 +0100] "GET /wp-content/themes/busiprof-pro/print.css HTTP/1.1" 404 2655 "-" "WordPress/6.8.3; https://www.gebaeudetechnik.nrw"
4.197.248.0 - - [15/Dec/2025:08:03:36 +0100] "GET /wp-includes/random_compat/ HTTP/1.1" 200 237751 "https://duckduckgo.com/" "Mozilla/5.0 (iPhone; CPU iPhone OS 17_0_3 like Mac OS X) AppleWebKit/605.1.15 (KHTML, like Gecko) Version/17.0.1 Mobile/15E148 Safari/604.1"
4.197.248.0 - - [15/Dec/2025:08:03:38 +0100] "GET /wp-includes/rest-api/fields/ HTTP/1.1" 301 264 "https://www.google.de/" "Mozilla/5.0 (Linux; Android 13; M2101K6G) AppleWebKit/537.36 (KHTML, like Gecko) Chrome/116.0.0.0 Mobile Safari/537.36"
4.197.248.0 - - [15/Dec/2025:08:03:38 +0100] "GET /wp-includes/rest-api/fields/ HTTP/1.1" 403 2598 "https://www.google.de/" "Mozilla/5.0 (Linux; Android 13; M2101K6G) AppleWebKit/537.36 (KHTML, like Gecko) Chrome/116.0.0.0 Mobile Safari/537.36"
4.197.248.0 - - [15/Dec/2025:08:03:39 +0100] "GET /wp-includes/rest-api/index.php HTTP/1.1" 301 266 "https://www.google.de/" "Mozilla/5.0 (Linux; Android 13; M2101K6G) AppleWebKit/537.36 (KHTML, like Gecko) Chrome/116.0.0.0 Mobile Safari/537.36"
4.197.248.0 - - [15/Dec/2025:08:03:39 +0100] "GET /wp-includes/rest-api/index.php HTTP/1.1" 200 - "https://www.google.de/" "Mozilla/5.0 (Linux; Android 13; M2101K6G) AppleWebKit/537.36 (KHTML, like Gecko) Chrome/116.0.0.0 Mobile Safari/537.36"
4.197.248.0 - - [15/Dec/2025:08:03:39 +0100] "GET /wp-includes/rest-api/ HTTP/1.1" 403 2606 "https://www.google.de/" "Mozilla/5.0 (Linux; Android 13; M2101K6G) AppleWebKit/537.36 (KHTML, like Gecko) Chrome/116.0.0.0 Mobile Safari/537.36"
4.197.248.0 - - [15/Dec/2025:08:03:39 +0100] "GET /wp-includes/sitemaps/providers/index.php HTTP/1.1" 301 276 "https://duckduckgo.com/" "Mozilla/5.0 (Linux; Android 14; Pixel 8 Pro) AppleWebKit/537.36 (KHTML, like Gecko) Chrome/119.0.0.0 Mobile Safari/537.36"
4.197.248.0 - - [15/Dec/2025:08:03:40 +0100] "GET /wp-includes/sitemaps/providers/index.php HTTP/1.1" 200 - "https://duckduckgo.com/" "Mozilla/5.0 (Linux; Android 14; Pixel 8 Pro) AppleWebKit/537.36 (KHTML, like Gecko) Chrome/119.0.0.0 Mobile Safari/537.36"
4.197.248.0 - - [15/Dec/2025:08:03:40 +0100] "GET /wp-includes/sitemaps/providers/ HTTP/1.1" 403 2608 "https://duckduckgo.com/" "Mozilla/5.0 (Linux; Android 14; Pixel 8 Pro) AppleWebKit/537.36 (KHTML, like Gecko) Chrome/119.0.0.0 Mobile Safari/537.36"
4.197.248.0 - - [15/Dec/2025:08:03:40 +0100] "GET /wp-includes/style-engine/autoload_classmap.php HTTP/1.1" 301 282 "https://duckduckgo.com/" "Mozilla/5.g (Linux; Android 13; Pixel 7) AppleWebKit/537.36 (KHTML, like Gecko) Chrome/116.0.0.0 Mobile Safari/537.36"
4.197.248.0 - - [15/Dec/2025:08:03:41 +0100] "GET /wp-includes/style-engine/autoload_classmap.php HTTP/1.1" 200 - "https://duckduckgo.com/" "Mozilla/5.g (Linux; Android 13; Pixel 7) AppleWebKit/537.36 (KHTML, like Gecko) Chrome/116.0.0.0 Mobile Safari/537.36"
185.111.111.0 - - [15/Dec/2025:08:03:41 +0100] "GET /wp-content/themes/busiprof-pro/print.css HTTP/1.1" 404 2655 "-" "WordPress/6.8.3; https://www.gebaeudetechnik.nrw"
4.197.248.0 - - [15/Dec/2025:08:03:41 +0100] "GET /wp-includes/style-engine/autoload_classmap.php HTTP/1.1" 200 237751 "https://duckduckgo.com/" "Mozilla/5.g (Linux; Android 13; Pixel 7) AppleWebKit/537.36 (KHTML, like Gecko) Chrome/116.0.0.0 Mobile Safari/537.36"
4.197.248.0 - - [15/Dec/2025:08:03:43 +0100] "GET /wp-includes/style-engine/wp-conflg.php HTTP/1.1" 301 274 "https://www.google.co.uk/" "Mozilla/5.0 (iPad; CPU OS 16_7_2 like Mac OS X) AppleWebKit/605.1.15 (KHTML, like Gecko) Version/16.6 Mobile/15E148 Safari/604.1"
4.197.248.0 - - [15/Dec/2025:08:03:43 +0100] "GET /wp-includes/style-engine/wp-conflg.php HTTP/1.1" 200 - "https://www.google.co.uk/" "Mozilla/5.0 (iPad; CPU OS 16_7_2 like Mac OS X) AppleWebKit/605.1.15 (KHTML, like Gecko) Version/16.6 Mobile/15E148 Safari/604.1"
185.111.111.0 - - [15/Dec/2025:08:03:43 +0100] "GET /wp-content/themes/busiprof-pro/print.css HTTP/1.1" 404 2655 "-" "WordPress/6.8.3; https://www.gebaeudetechnik.nrw"
4.197.248.0 - - [15/Dec/2025:08:03:43 +0100] "GET /wp-includes/style-engine/wp-conflg.php HTTP/1.1" 200 237751 "https://www.google.co.uk/" "Mozilla/5.0 (iPad; CPU OS 16_7_2 like Mac OS X) AppleWebKit/605.1.15 (KHTML, like Gecko) Version/16.6 Mobile/15E148 Safari/604.1"
4.197.248.0 - - [15/Dec/2025:08:03:44 +0100] "GET /wp-includes/theme-compat/ HTTP/1.1" 301 261 "https://duckduckgo.com/" "Mozilla/5.0 (Linux; Android 10; LM-Q720) AppleWebKit/537.36 (KHTML, like Gecko) Chrome/116.0.0.0 Mobile Safari/537.36"
4.197.248.0 - - [15/Dec/2025:08:03:44 +0100] "GET /wp-includes/theme-compat/ HTTP/1.1" 403 2600 "https://duckduckgo.com/" "Mozilla/5.0 (Linux; Android 10; LM-Q720) AppleWebKit/537.36 (KHTML, like Gecko) Chrome/116.0.0.0 Mobile Safari/537.36"
4.197.248.0 - - [15/Dec/2025:08:03:45 +0100] "GET /wp-login.php HTTP/1.1" 301 248 "https://www.google.fr/" "Mozilla/5.0 (iPhone; CPU iPhone OS 15_7_9 like Mac OS X) AppleWebKit/605.1.15 (KHTML, like Gecko) Version/15.6.5 Mobile/15E148 Safari/604.1"
4.197.248.0 - - [15/Dec/2025:08:03:45 +0100] "GET /wp-login.php HTTP/1.1" 301 - "https://www.google.fr/" "Mozilla/5.0 (iPhone; CPU iPhone OS 15_7_9 like Mac OS X) AppleWebKit/605.1.15 (KHTML, like Gecko) Version/15.6.5 Mobile/15E148 Safari/604.1"
185.111.111.0 - - [15/Dec/2025:08:03:46 +0100] "GET /wp-content/themes/busiprof-pro/print.css HTTP/1.1" 404 2655 "-" "WordPress/6.8.3; https://www.gebaeudetechnik.nrw"
4.197.248.0 - - [15/Dec/2025:08:03:45 +0100] "GET /-/-/-/-/-/-/-/-/-/-/ HTTP/1.1" 200 237751 "https://www.google.fr/" "Mozilla/5.0 (iPhone; CPU iPhone OS 15_7_9 like Mac OS X) AppleWebKit/605.1.15 (KHTML, like Gecko) Version/15.6.5 Mobile/15E148 Safari/604.1"
4.197.248.0 - - [15/Dec/2025:08:03:46 +0100] "GET /wp-signin.php HTTP/1.1" 301 249 "https://www.google.de/" "Mozilla/5.0 (iPad; CPU OS 17_0_3 like Mac OS X) AppleWebKit/605.1.15 (KHTML, like Gecko) Version/17.0.1 Mobile/15E148 Safari/604.1"
4.197.248.0 - - [15/Dec/2025:08:03:47 +0100] "GET /wp-signin.php HTTP/1.1" 200 - "https://www.google.de/" "Mozilla/5.0 (iPad; CPU OS 17_0_3 like Mac OS X) AppleWebKit/605.1.15 (KHTML, like Gecko) Version/17.0.1 Mobile/15E148 Safari/604.1"
185.111.111.0 - - [15/Dec/2025:08:03:47 +0100] "GET /wp-content/themes/busiprof-pro/print.css HTTP/1.1" 404 2655 "-" "WordPress/6.8.3; https://www.gebaeudetechnik.nrw"
4.197.248.0 - - [15/Dec/2025:08:03:47 +0100] "GET /wp-signin.php HTTP/1.1" 200 237751 "https://www.google.de/" "Mozilla/5.0 (iPad; CPU OS 17_0_3 like Mac OS X) AppleWebKit/605.1.15 (KHTML, like Gecko) Version/17.0.1 Mobile/15E148 Safari/604.1"
4.197.248.0 - - [15/Dec/2025:08:03:48 +0100] "GET /wp-user.php HTTP/1.1" 301 247 "https://www.google.co.uk/" "Mozilla/5.0 (Linux; Android 12; V2134) AppleWebKit/537.36 (KHTML, like Gecko) Chrome/116.0.0.0 Mobile Safari/537.36"
4.197.248.0 - - [15/Dec/2025:08:03:48 +0100] "GET /wp-user.php HTTP/1.1" 200 - "https://www.google.co.uk/" "Mozilla/5.0 (Linux; Android 12; V2134) AppleWebKit/537.36 (KHTML, like Gecko) Chrome/116.0.0.0 Mobile Safari/537.36"
185.111.111.0 - - [15/Dec/2025:08:03:49 +0100] "GET /wp-content/themes/busiprof-pro/print.css HTTP/1.1" 404 2655 "-" "WordPress/6.8.3; https://www.gebaeudetechnik.nrw"
4.197.248.0 - - [15/Dec/2025:08:03:49 +0100] "GET /wp-user.php HTTP/1.1" 200 237751 "https://www.google.co.uk/" "Mozilla/5.0 (Linux; Android 12; V2134) AppleWebKit/537.36 (KHTML, like Gecko) Chrome/116.0.0.0 Mobile Safari/537.36"
4.197.248.0 - - [15/Dec/2025:08:03:50 +0100] "GET /wp.php HTTP/1.1" 301 242 "https://www.google.fr/" "Mozilla/5.0 (iPhone; CPU iPhone OS 15_7_9 like Mac OS X) AppleWebKit/605.1.15 (KHTML, like Gecko) Version/15.6.5 Mobile/15E148 Safari/604.1"
4.197.248.0 - - [15/Dec/2025:08:03:50 +0100] "GET /wp.php HTTP/1.1" 200 - "https://www.google.fr/" "Mozilla/5.0 (iPhone; CPU iPhone OS 15_7_9 like Mac OS X) AppleWebKit/605.1.15 (KHTML, like Gecko) Version/15.6.5 Mobile/15E148 Safari/604.1"
185.111.111.0 - - [15/Dec/2025:08:03:50 +0100] "GET /wp-content/themes/busiprof-pro/print.css HTTP/1.1" 404 2655 "-" "WordPress/6.8.3; https://www.gebaeudetechnik.nrw"
4.197.248.0 - - [15/Dec/2025:08:03:50 +0100] "GET /wp.php HTTP/1.1" 200 237751 "https://www.google.fr/" "Mozilla/5.0 (iPhone; CPU iPhone OS 15_7_9 like Mac OS X) AppleWebKit/605.1.15 (KHTML, like Gecko) Version/15.6.5 Mobile/15E148 Safari/604.1"
4.197.248.0 - - [15/Dec/2025:08:03:51 +0100] "GET /xmlrpc.php HTTP/1.1" 403 2602 "https://www.google.co.uk/" "Mozilla/5.0 (Linux; Android 12; V2134) AppleWebKit/537.36 (KHTML, like Gecko) Chrome/116.0.0.0 Mobile Safari/537.36"
4.197.248.0 - - [15/Dec/2025:08:03:52 +0100] "GET /xmrlpc.php HTTP/1.1" 301 246 "https://www.bing.com/" "Mozilla/5.0 (Linux; Android 13; SM-G991U) AppleWebKit/537.36 (KHTML, like Gecko) Chrome/117.0.0.0 Mobile Safari/537.36"
4.197.248.0 - - [15/Dec/2025:08:03:52 +0100] "GET /xmrlpc.php HTTP/1.1" 200 - "https://www.bing.com/" "Mozilla/5.0 (Linux; Android 13; SM-G991U) AppleWebKit/537.36 (KHTML, like Gecko) Chrome/117.0.0.0 Mobile Safari/537.36"
185.111.111.0 - - [15/Dec/2025:08:03:52 +0100] "GET /wp-content/themes/busiprof-pro/print.css HTTP/1.1" 404 2655 "-" "WordPress/6.8.3; https://www.gebaeudetechnik.nrw"
4.197.248.0 - - [15/Dec/2025:08:03:52 +0100] "GET /xmrlpc.php HTTP/1.1" 200 237751 "https://www.bing.com/" "Mozilla/5.0 (Linux; Android 13; SM-G991U) AppleWebKit/537.36 (KHTML, like Gecko) Chrome/117.0.0.0 Mobile Safari/537.36"
212.102.46.0 - - [15/Dec/2025:08:04:43 +0100] "GET /wp-content/uploads/vogelabwehr-ecke280x158.webp HTTP/1.1" 200 4392 "-" "Mozilla/5.0 AppleWebKit/537.36 (KHTML, like Gecko; compatible; bingbot/2.0; +http://www.bing.com/bingbot.htm) Chrome/116.0.1938.76 Safari/537.36"
216.244.66.0 - - [15/Dec/2025:08:04:52 +0100] "GET /contao/vendor/symfony/cache/Simple/PhpArrayCache.php HTTP/1.1" 500 - "-" "Mozilla/5.0 (compatible; DotBot/1.2; +https://opensiteexplorer.org/dotbot; help@moz.com)"
216.244.66.0 - - [15/Dec/2025:08:05:24 +0100] "GET /contao/vendor/contao/manager-plugin/src/Composer/ HTTP/1.1" 200 1480 "-" "Mozilla/5.0 (compatible; DotBot/1.2; +https://opensiteexplorer.org/dotbot; help@moz.com)"
91.201.113.0 - - [15/Dec/2025:08:06:05 +0100] "GET /reports/usage_202511.html HTTP/1.0" 200 94062 "https://vykup-auto-prm.ru/" "Mozilla/5.0 (Windows NT 10.0; Win64; x64) AppleWebKit/537.36 (KHTML, like Gecko) Chrome/131.0.0.0 Safari/537.36 Avast/131.0.0.0"
91.201.113.0 - - [15/Dec/2025:08:06:07 +0100] "GET /reports/usage_202511.html HTTP/1.0" 200 94062 "https://vykup-auto-prm.ru/" "Mozilla/5.0 (Windows NT 10.0; Win64; x64) AppleWebKit/537.36 (KHTML, like Gecko) Chrome/131.0.0.0 Safari/537.36 Avast/131.0.0.0"
91.201.113.0 - - [15/Dec/2025:08:06:10 +0100] "GET /reports/usage_202511.html HTTP/1.0" 200 94062 "https://vykup-auto-prm.ru/" "Mozilla/5.0 (Windows NT 10.0; Win64; x64) AppleWebKit/537.36 (KHTML, like Gecko) Chrome/130.0.0.0 Safari/537.36 CCleaner/130.0.0.0"
216.244.66.0 - - [15/Dec/2025:08:06:11 +0100] "GET /contao/vendor/psr/simple-cache/src/?C=S;O=D HTTP/1.1" 200 1441 "-" "Mozilla/5.0 (compatible; DotBot/1.2; +https://opensiteexplorer.org/dotbot; help@moz.com)"
216.73.216.0 - - [15/Dec/2025:08:06:16 +0100] "GET /robots.txt HTTP/1.1" 404 2599 "-" "Mozilla/5.0 AppleWebKit/537.36 (KHTML, like Gecko; compatible; ClaudeBot/1.0; +claudebot@anthropic.com)"
216.244.66.0 - - [15/Dec/2025:08:06:17 +0100] "GET /contao/vendor/symfony/cache/Adapter/AbstractAdapter.php HTTP/1.1" 500 - "-" "Mozilla/5.0 (compatible; DotBot/1.2; +https://opensiteexplorer.org/dotbot; help@moz.com)"
216.73.216.0 - - [15/Dec/2025:08:06:17 +0100] "GET /contao/vendor/ausi/slug-generator/src HTTP/1.1" 301 279 "-" "Mozilla/5.0 AppleWebKit/537.36 (KHTML, like Gecko; compatible; ClaudeBot/1.0; +claudebot@anthropic.com)"
216.73.216.0 - - [15/Dec/2025:08:06:17 +0100] "GET /contao/vendor/ausi/slug-generator/src/ HTTP/1.1" 200 514 "http://h2369383.stratoserver.net/contao/vendor/ausi/slug-generator/src" "Mozilla/5.0 AppleWebKit/537.36 (KHTML, like Gecko; compatible; ClaudeBot/1.0; +claudebot@anthropic.com)"
216.244.66.0 - - [15/Dec/2025:08:06:27 +0100] "GET /contao/vendor/symfony/var-dumper/Dumper/CliDumper.php HTTP/1.1" 500 - "-" "Mozilla/5.0 (compatible; DotBot/1.2; +https://opensiteexplorer.org/dotbot; help@moz.com)"
71.6.232.0 - - [15/Dec/2025:08:06:46 +0100] "GET / HTTP/1.1" 200 729 "-" "Mozilla/5.0 (Windows NT 10.0; Win64; x64) AppleWebKit/537.36 (KHTML, like Gecko) Chrome/134.0.0.0 Safari/537.36"
216.244.66.0 - - [15/Dec/2025:08:08:01 +0100] "GET /contao/assets/tinymce4/js/plugins/charmap/?C=M;O=A HTTP/1.1" 200 996 "-" "Mozilla/5.0 (compatible; DotBot/1.2; +https://opensiteexplorer.org/dotbot; help@moz.com)"
216.244.66.0 - - [15/Dec/2025:08:08:20 +0100] "GET /contao/vendor/imagine/imagine/src/Draw/?C=S;O=A HTTP/1.1" 200 996 "-" "Mozilla/5.0 (compatible; DotBot/1.2; +https://opensiteexplorer.org/dotbot; help@moz.com)"
91.201.113.0 - - [15/Dec/2025:08:09:37 +0100] "GET /reports/usage_202511.html HTTP/1.0" 200 94062 "https://vykup-auto-prm.ru/" "Mozilla/5.0 (Windows NT 10.0; Win64; x64) AppleWebKit/537.36 (KHTML, like Gecko) Chrome/130.0.0.0 Safari/537.36"
91.201.113.0 - - [15/Dec/2025:08:09:39 +0100] "GET /reports/usage_202511.html HTTP/1.0" 200 94062 "https://vykup-auto-prm.ru/" "Mozilla/5.0 (Windows NT 10.0; Win64; x64) AppleWebKit/537.36 (KHTML, like Gecko) Chrome/130.0.0.0 Safari/537.36 CCleaner/130.0.0.0"
91.201.113.0 - - [15/Dec/2025:08:09:41 +0100] "GET /reports/usage_202511.html HTTP/1.0" 200 94062 "https://vykup-auto-prm.ru/" "Mozilla/5.0 (Windows NT 10.0; Win64; x64) AppleWebKit/537.36 (KHTML, like Gecko) Chrome/130.0.0.0 Safari/537.36 CCleaner/130.0.0.0"
52.1.157.0 - - [15/Dec/2025:08:10:52 +0100] "GET /contao/vendor/nelmio/security-bundle/ContentSecurityPolicy/Violation/Log/?C=M;O%3DD HTTP/1.1" 200 496 "-" "Mozilla/5.0 AppleWebKit/537.36 (KHTML, like Gecko; compatible; Amazonbot/0.1; +https://developer.amazon.com/support/amazonbot) Chrome/119.0.6045.214 Safari/537.36"
54.83.56.0 - - [15/Dec/2025:08:10:56 +0100] "GET /contao/vendor/contao/core-bundle/src/EventListener/Menu/?C=S;O%3DD HTTP/1.1" 200 486 "-" "Mozilla/5.0 AppleWebKit/537.36 (KHTML, like Gecko; compatible; Amazonbot/0.1; +https://developer.amazon.com/support/amazonbot) Chrome/119.0.6045.214 Safari/537.36"
18.205.127.0 - - [15/Dec/2025:08:11:00 +0100] "GET /contao/var/cache/prod/ContainerKFBHRrE/getSecurity_Access_AuthenticatedVoterService.php HTTP/1.1" 500 - "-" "Mozilla/5.0 AppleWebKit/537.36 (KHTML, like Gecko; compatible; Amazonbot/0.1; +https://developer.amazon.com/support/amazonbot) Chrome/119.0.6045.214 Safari/537.36"
100.29.164.0 - - [15/Dec/2025:08:11:04 +0100] "GET /contao/vendor/knplabs/knp-menu/src/Knp/Menu/Loader/LoaderInterface.php HTTP/1.1" 200 - "-" "Mozilla/5.0 AppleWebKit/537.36 (KHTML, like Gecko; compatible; Amazonbot/0.1; +https://developer.amazon.com/support/amazonbot) Chrome/119.0.6045.214 Safari/537.36"
18.232.11.0 - - [15/Dec/2025:08:11:09 +0100] "GET /contao/var/cache/prod/ContainerKFBHRrE/getKnpMenu_Renderer_TwigService.php HTTP/1.1" 500 - "-" "Mozilla/5.0 AppleWebKit/537.36 (KHTML, like Gecko; compatible; Amazonbot/0.1; +https://developer.amazon.com/support/amazonbot) Chrome/119.0.6045.214 Safari/537.36"
23.21.175.0 - - [15/Dec/2025:08:11:12 +0100] "GET /contao/var/cache/prod/ContainerKFBHRrE/getRedirectControllerService.php HTTP/1.1" 500 - "-" "Mozilla/5.0 AppleWebKit/537.36 (KHTML, like Gecko; compatible; Amazonbot/0.1; +https://developer.amazon.com/support/amazonbot) Chrome/119.0.6045.214 Safari/537.36"
3.229.2.0 - - [15/Dec/2025:08:11:16 +0100] "GET /contao/var/cache/prod/ContainerKFBHRrE/getConsole_Command_ContainerLintService.php HTTP/1.1" 500 - "-" "Mozilla/5.0 AppleWebKit/537.36 (KHTML, like Gecko; compatible; Amazonbot/0.1; +https://developer.amazon.com/support/amazonbot) Chrome/119.0.6045.214 Safari/537.36"
54.85.109.0 - - [15/Dec/2025:08:11:21 +0100] "GET /contao/vendor/doctrine/dbal/lib/Doctrine/DBAL/Schema/Table.php HTTP/1.1" 500 - "-" "Mozilla/5.0 AppleWebKit/537.36 (KHTML, like Gecko; compatible; Amazonbot/0.1; +https://developer.amazon.com/support/amazonbot) Chrome/119.0.6045.214 Safari/537.36"
44.205.180.0 - - [15/Dec/2025:08:11:25 +0100] "GET /contao/var/cache/prod/ContainerKFBHRrE/getDoctrine_MappingImportCommandService.php HTTP/1.1" 500 - "-" "Mozilla/5.0 AppleWebKit/537.36 (KHTML, like Gecko; compatible; Amazonbot/0.1; +https://developer.amazon.com/support/amazonbot) Chrome/119.0.6045.214 Safari/537.36"
34.224.9.0 - - [15/Dec/2025:08:11:29 +0100] "GET /contao/var/cache/prod/ContainerKFBHRrE/getCache_SystemClearerService.php HTTP/1.1" 500 - "-" "Mozilla/5.0 AppleWebKit/537.36 (KHTML, like Gecko; compatible; Amazonbot/0.1; +https://developer.amazon.com/support/amazonbot) Chrome/119.0.6045.214 Safari/537.36"
44.223.232.0 - - [15/Dec/2025:08:11:32 +0100] "GET /contao/vendor/monolog/monolog/src/Monolog/Formatter/?C=D;O%3DD HTTP/1.1" 200 681 "-" "Mozilla/5.0 AppleWebKit/537.36 (KHTML, like Gecko; compatible; Amazonbot/0.1; +https://developer.amazon.com/support/amazonbot) Chrome/119.0.6045.214 Safari/537.36"
54.159.98.0 - - [15/Dec/2025:08:11:37 +0100] "GET /contao/var/cache/prod/ContainerKFBHRrE/getConsole_Command_PublicAlias_Contao_Command_UnlockService.php HTTP/1.1" 500 - "-" "Mozilla/5.0 AppleWebKit/537.36 (KHTML, like Gecko; compatible; Amazonbot/0.1; +https://developer.amazon.com/support/amazonbot) Chrome/119.0.6045.214 Safari/537.36"
23.23.212.0 - - [15/Dec/2025:08:11:42 +0100] "GET /contao/vendor/doctrine/orm/lib/Doctrine/ORM/Persisters/PersisterException.php HTTP/1.1" 500 - "-" "Mozilla/5.0 AppleWebKit/537.36 (KHTML, like Gecko; compatible; Amazonbot/0.1; +https://developer.amazon.com/support/amazonbot) Chrome/119.0.6045.214 Safari/537.36"
52.71.216.0 - - [15/Dec/2025:08:11:44 +0100] "GET /contao/vendor/monolog/monolog/src/Monolog/Handler/FingersCrossed/?C=D;O%3DA HTTP/1.1" 200 504 "-" "Mozilla/5.0 AppleWebKit/537.36 (KHTML, like Gecko; compatible; Amazonbot/0.1; +https://developer.amazon.com/support/amazonbot) Chrome/119.0.6045.214 Safari/537.36"
107.20.181.0 - - [15/Dec/2025:08:11:48 +0100] "GET /contao/vendor/scheb/two-factor-bundle/Security/TwoFactor/Provider/Google/GoogleAuthenticatorInterface.php HTTP/1.1" 200 - "-" "Mozilla/5.0 AppleWebKit/537.36 (KHTML, like Gecko; compatible; Amazonbot/0.1; +https://developer.amazon.com/support/amazonbot) Chrome/119.0.6045.214 Safari/537.36"
54.209.100.0 - - [15/Dec/2025:08:11:54 +0100] "GET /contao/var/cache/prod/ContainerKFBHRrE/getContao_Routing_UrlGeneratorService.php HTTP/1.1" 500 - "-" "Mozilla/5.0 AppleWebKit/537.36 (KHTML, like Gecko; compatible; Amazonbot/0.1; +https://developer.amazon.com/support/amazonbot) Chrome/119.0.6045.214 Safari/537.36"
3.218.35.0 - - [15/Dec/2025:08:11:56 +0100] "GET /contao/vendor/doctrine/reflection/lib/Doctrine/Common/Reflection/StaticReflectionParser.php HTTP/1.1" 500 - "-" "Mozilla/5.0 AppleWebKit/537.36 (KHTML, like Gecko; compatible; Amazonbot/0.1; +https://developer.amazon.com/support/amazonbot) Chrome/119.0.6045.214 Safari/537.36"
18.214.186.0 - - [15/Dec/2025:08:12:00 +0100] "GET /contao/vendor/doctrine/persistence/lib/Doctrine/Common/Persistence/Event/ HTTP/1.1" 200 529 "-" "Mozilla/5.0 AppleWebKit/537.36 (KHTML, like Gecko; compatible; Amazonbot/0.1; +https://developer.amazon.com/support/amazonbot) Chrome/119.0.6045.214 Safari/537.36"
50.16.216.0 - - [15/Dec/2025:08:12:05 +0100] "GET /contao/vendor/doctrine/persistence/lib/Doctrine/Persistence/Mapping/ReflectionService.php HTTP/1.1" 200 - "-" "Mozilla/5.0 AppleWebKit/537.36 (KHTML, like Gecko; compatible; Amazonbot/0.1; +https://developer.amazon.com/support/amazonbot) Chrome/119.0.6045.214 Safari/537.36"
18.211.39.0 - - [15/Dec/2025:08:12:10 +0100] "GET /contao/vendor/contao/core-bundle/src/Resources/contao/modules/ModuleSearch.php HTTP/1.1" 500 - "-" "Mozilla/5.0 AppleWebKit/537.36 (KHTML, like Gecko; compatible; Amazonbot/0.1; +https://developer.amazon.com/support/amazonbot) Chrome/119.0.6045.214 Safari/537.36"
18.211.39.0 - - [15/Dec/2025:08:12:13 +0100] "GET /contao/var/cache/prod/ContainerKFBHRrE/getSecurity_Logout_Handler_CsrfTokenClearingService.php HTTP/1.1" 500 - "-" "Mozilla/5.0 AppleWebKit/537.36 (KHTML, like Gecko; compatible; Amazonbot/0.1; +https://developer.amazon.com/support/amazonbot) Chrome/119.0.6045.214 Safari/537.36"
54.85.126.0 - - [15/Dec/2025:08:12:17 +0100] "GET /contao/vendor/doctrine/dbal/ci/github/phpunit/?C=M;O%3DD HTTP/1.1" 200 577 "-" "Mozilla/5.0 AppleWebKit/537.36 (KHTML, like Gecko; compatible; Amazonbot/0.1; +https://developer.amazon.com/support/amazonbot) Chrome/119.0.6045.214 Safari/537.36"
44.207.207.0 - - [15/Dec/2025:08:12:20 +0100] "GET /contao/system/modules/pct_theme_installer/PCT/ThemeInstaller/Contao4/InstallationController.php HTTP/1.1" 500 - "-" "Mozilla/5.0 AppleWebKit/537.36 (KHTML, like Gecko; compatible; Amazonbot/0.1; +https://developer.amazon.com/support/amazonbot) Chrome/119.0.6045.214 Safari/537.36"
54.166.126.0 - - [15/Dec/2025:08:12:25 +0100] "GET /contao/vendor/ocramius/proxy-manager/src/ProxyManager/ProxyGenerator/LazyLoadingGhost/PropertyGenerator/ HTTP/1.1" 200 540 "-" "Mozilla/5.0 AppleWebKit/537.36 (KHTML, like Gecko; compatible; Amazonbot/0.1; +https://developer.amazon.com/support/amazonbot) Chrome/119.0.6045.214 Safari/537.36"
52.45.194.0 - - [15/Dec/2025:08:12:28 +0100] "GET /contao/vendor/contao/core-bundle/src/Resources/contao/classes/FrontendTemplate.php HTTP/1.1" 500 - "-" "Mozilla/5.0 AppleWebKit/537.36 (KHTML, like Gecko; compatible; Amazonbot/0.1; +https://developer.amazon.com/support/amazonbot) Chrome/119.0.6045.214 Safari/537.36"
44.221.180.0 - - [15/Dec/2025:08:12:32 +0100] "GET /contao/vendor/contao/core-bundle/src/Resources/contao/controllers/BackendIndex.php HTTP/1.1" 500 - "-" "Mozilla/5.0 AppleWebKit/537.36 (KHTML, like Gecko; compatible; Amazonbot/0.1; +https://developer.amazon.com/support/amazonbot) Chrome/119.0.6045.214 Safari/537.36"
50.16.216.0 - - [15/Dec/2025:08:12:37 +0100] "GET /contao/vendor/contao/core-bundle/src/Resources/contao/dca/tl_form.php HTTP/1.1" 500 - "-" "Mozilla/5.0 AppleWebKit/537.36 (KHTML, like Gecko; compatible; Amazonbot/0.1; +https://developer.amazon.com/support/amazonbot) Chrome/119.0.6045.214 Safari/537.36"
34.239.197.0 - - [15/Dec/2025:08:12:40 +0100] "GET /contao/vendor/doctrine/dbal/lib/Doctrine/DBAL/Types/BinaryType.php HTTP/1.1" 500 - "-" "Mozilla/5.0 AppleWebKit/537.36 (KHTML, like Gecko; compatible; Amazonbot/0.1; +https://developer.amazon.com/support/amazonbot) Chrome/119.0.6045.214 Safari/537.36"
100.29.63.0 - - [15/Dec/2025:08:12:45 +0100] "GET /contao/vendor/doctrine/dbal/lib/Doctrine/DBAL/Platforms/PostgreSQL92Platform.php HTTP/1.1" 500 - "-" "Mozilla/5.0 AppleWebKit/537.36 (KHTML, like Gecko; compatible; Amazonbot/0.1; +https://developer.amazon.com/support/amazonbot) Chrome/119.0.6045.214 Safari/537.36"
44.223.116.0 - - [15/Dec/2025:08:12:49 +0100] "GET /contao/vendor/contao/core-bundle/src/HttpKernel/Header/?C=M;O%3DD HTTP/1.1" 200 491 "-" "Mozilla/5.0 AppleWebKit/537.36 (KHTML, like Gecko; compatible; Amazonbot/0.1; +https://developer.amazon.com/support/amazonbot) Chrome/119.0.6045.214 Safari/537.36"
3.208.156.0 - - [15/Dec/2025:08:12:54 +0100] "GET /contao/vendor/contao/core-bundle/src/Resources/contao/modules/ModuleMaintenance.php HTTP/1.1" 500 - "-" "Mozilla/5.0 AppleWebKit/537.36 (KHTML, like Gecko; compatible; Amazonbot/0.1; +https://developer.amazon.com/support/amazonbot) Chrome/119.0.6045.214 Safari/537.36"
18.232.11.0 - - [15/Dec/2025:08:12:57 +0100] "GET /contao/vendor/contao/core-bundle/src/Resources/contao/dca/tl_member_group.php HTTP/1.1" 500 - "-" "Mozilla/5.0 AppleWebKit/537.36 (KHTML, like Gecko; compatible; Amazonbot/0.1; +https://developer.amazon.com/support/amazonbot) Chrome/119.0.6045.214 Safari/537.36"
44.221.180.0 - - [15/Dec/2025:08:13:00 +0100] "GET /contao/vendor/scssphp/scssphp/src/Compiler/?C=M;O%3DD HTTP/1.1" 200 429 "-" "Mozilla/5.0 AppleWebKit/537.36 (KHTML, like Gecko; compatible; Amazonbot/0.1; +https://developer.amazon.com/support/amazonbot) Chrome/119.0.6045.214 Safari/537.36"
18.235.158.0 - - [15/Dec/2025:08:13:04 +0100] "GET /contao/vendor/contao/newsletter-bundle/src/Resources/contao/dca/tl_user.php HTTP/1.1" 500 - "-" "Mozilla/5.0 AppleWebKit/537.36 (KHTML, like Gecko; compatible; Amazonbot/0.1; +https://developer.amazon.com/support/amazonbot) Chrome/119.0.6045.214 Safari/537.36"
44.215.231.0 - - [15/Dec/2025:08:13:08 +0100] "GET /contao/vendor/twig/twig/lib/Twig/Cache/?C=D;O%3DD HTTP/1.1" 200 454 "-" "Mozilla/5.0 AppleWebKit/537.36 (KHTML, like Gecko; compatible; Amazonbot/0.1; +https://developer.amazon.com/support/amazonbot) Chrome/119.0.6045.214 Safari/537.36"
91.201.113.0 - - [15/Dec/2025:08:13:10 +0100] "GET /reports/usage_202511.html HTTP/1.0" 200 94062 "https://vykup-auto-prm.ru/" "Mozilla/5.0 (Windows NT 10.0; Win64; x64) AppleWebKit/537.36 (KHTML, like Gecko) Chrome/131.0.0.0 Safari/537.36"
91.201.113.0 - - [15/Dec/2025:08:13:12 +0100] "GET /reports/usage_202511.html HTTP/1.0" 200 94062 "https://vykup-auto-prm.ru/" "Mozilla/5.0 (Windows NT 10.0; Win64; x64) AppleWebKit/537.36 (KHTML, like Gecko) Chrome/130.0.0.0 Safari/537.36 CCleaner/130.0.0.0"
52.0.41.0 - - [15/Dec/2025:08:13:12 +0100] "GET /contao/vendor/scheb/two-factor-bundle/Security/TwoFactor/Event/?C=M;O%3DD HTTP/1.1" 200 524 "-" "Mozilla/5.0 AppleWebKit/537.36 (KHTML, like Gecko; compatible; Amazonbot/0.1; +https://developer.amazon.com/support/amazonbot) Chrome/119.0.6045.214 Safari/537.36"
91.201.113.0 - - [15/Dec/2025:08:13:14 +0100] "GET /reports/usage_202511.html HTTP/1.0" 200 94062 "https://vykup-auto-prm.ru/" "Mozilla/5.0 (Windows NT 10.0; Win64; x64) AppleWebKit/537.36 (KHTML, like Gecko) Chrome/131.0.0.0 Safari/537.36"
34.227.156.0 - - [15/Dec/2025:08:13:16 +0100] "GET /contao/vendor/terminal42/escargot/tests/Fixtures/scenario8/robots.txt HTTP/1.1" 200 60 "-" "Mozilla/5.0 AppleWebKit/537.36 (KHTML, like Gecko; compatible; Amazonbot/0.1; +https://developer.amazon.com/support/amazonbot) Chrome/119.0.6045.214 Safari/537.36"
54.84.250.0 - - [15/Dec/2025:08:13:20 +0100] "GET /contao/vendor/doctrine/common/lib/Doctrine/Common/Util/?C=S;O%3DA HTTP/1.1" 200 481 "-" "Mozilla/5.0 AppleWebKit/537.36 (KHTML, like Gecko; compatible; Amazonbot/0.1; +https://developer.amazon.com/support/amazonbot) Chrome/119.0.6045.214 Safari/537.36"
